CRAN Package Check Results for Package hzar

Last updated on 2014-12-22 21:47:17.

Flavor Version Tinstall Tcheck Ttotal Status Flags
r-devel-linux-x86_64-debian-clang 0.2-5 1.59 54.05 55.64 NOTE
r-devel-linux-x86_64-debian-gcc 0.2-5 1.54 55.48 57.02 NOTE
r-devel-linux-x86_64-fedora-clang 0.2-5 114.55 NOTE
r-devel-linux-x86_64-fedora-gcc 0.2-5 110.78 NOTE
r-devel-osx-x86_64-clang 0.2-5 98.08 NOTE
r-devel-windows-ix86+x86_64 0.2-5 8.00 77.00 85.00 NOTE
r-patched-linux-x86_64 0.2-5 1.60 59.13 60.73 NOTE
r-patched-solaris-sparc 0.2-5 727.30 NOTE
r-patched-solaris-x86 0.2-5 133.60 NOTE
r-release-linux-ix86 0.2-5 2.03 70.48 72.51 NOTE
r-release-linux-x86_64 0.2-5 1.58 58.98 60.56 NOTE
r-release-osx-x86_64-mavericks 0.2-5 NOTE
r-release-osx-x86_64-snowleopard 0.2-5 OK
r-release-windows-ix86+x86_64 0.2-5 9.00 88.00 97.00 NOTE
r-oldrel-windows-ix86+x86_64 0.2-5 8.00 80.00 88.00 NOTE

Check Details

Version: 0.2-5
Check: dependencies in R code
Result: NOTE
    Packages in Depends field not imported from:
     ‘MCMCpack’ ‘coda’ ‘foreach’
     These packages need to be imported from (in the NAMESPACE file)
     for when this namespace is loaded but not attached.
    See the information on DESCRIPTION files in the chapter ‘Creating R
    packages’ of the ‘Writing R Extensions’ manual.
Flavors: r-devel-linux-x86_64-debian-clang, r-devel-linux-x86_64-debian-gcc, r-devel-linux-x86_64-fedora-clang, r-devel-linux-x86_64-fedora-gcc, r-devel-osx-x86_64-clang, r-devel-windows-ix86+x86_64, r-patched-linux-x86_64, r-patched-solaris-sparc, r-patched-solaris-x86, r-release-linux-ix86, r-release-linux-x86_64, r-release-osx-x86_64-mavericks, r-release-windows-ix86+x86_64, r-oldrel-windows-ix86+x86_64

Version: 0.2-5
Check: R code for possible problems
Result: NOTE
    fitter.gen.rParam.uniform: no visible global function definition for
     ‘%do%’
    fitter.gen.rParam.uniform: no visible global function definition for
     ‘foreach’
    hzar.chain.doSeq: no visible global function definition for ‘mcmc’
    hzar.chain.doSeq: no visible global function definition for ‘thin’
    hzar.dataGroup.null: no visible global function definition for ‘mcmc’
    hzar.doChain.multi: no visible global function definition for ‘%dopar%’
    hzar.doChain.multi: no visible global function definition for ‘foreach’
    hzar.doChain.multi: no visible global function definition for ‘%do%’
    hzar.doFit: no visible global function definition for ‘MCMCmetrop1R’
    hzar.doFit.multi: no visible global function definition for ‘%dopar%’
    hzar.doFit.multi: no visible global function definition for ‘foreach’
    hzar.doFit.multi: no visible global function definition for ‘%do%’
    hzar.eval.clineLL: no visible global function definition for ‘%dopar%’
    hzar.eval.clineLL: no visible global function definition for ‘foreach’
    hzar.eval.clineLL: no visible global function definition for ‘%do%’
    hzar.fit2DataGroup: no visible global function definition for ‘mcmc’
    hzar.mcmc.bindLL: no visible global function definition for ‘mcmc’
    hzar.mcmc.bindLL: no visible global function definition for ‘as.mcmc’
    hzar.mcmc.bindLL: no visible global function definition for ‘thin’
    hzar.profile.dataGroup: no visible global function definition for
     ‘equal.count’
    hzar.profile.dataGroup: no visible global function definition for
     ‘foreach’
    hzar.profile.dataGroup: no visible global function definition for
     ‘%dopar%’
    hzar.profile.dataGroup: no visible global function definition for
     ‘%do%’
    optimizeTrace: no visible global function definition for ‘as.mcmc’
Flavors: r-devel-linux-x86_64-debian-clang, r-devel-linux-x86_64-debian-gcc, r-devel-linux-x86_64-fedora-clang, r-devel-linux-x86_64-fedora-gcc, r-devel-osx-x86_64-clang, r-devel-windows-ix86+x86_64, r-patched-linux-x86_64, r-patched-solaris-sparc, r-patched-solaris-x86, r-release-linux-ix86, r-release-linux-x86_64, r-release-windows-ix86+x86_64