CRAN Package Check Results for Package hzar

Last updated on 2014-04-24 17:49:45.

Flavor Version Tinstall Tcheck Ttotal Status Flags
r-devel-linux-x86_64-debian-clang 0.2-5 1.67 61.05 62.72 NOTE
r-devel-linux-x86_64-debian-gcc 0.2-5 1.80 61.72 63.52 NOTE
r-devel-linux-x86_64-fedora-clang 0.2-5 128.54 NOTE
r-devel-linux-x86_64-fedora-gcc 0.2-5 124.89 NOTE
r-devel-osx-x86_64-clang 0.2-5 92.26 NOTE
r-devel-osx-x86_64-gcc 0.2-5 NOTE
r-devel-windows-ix86+x86_64 0.2-5 6.00 88.00 94.00 NOTE
r-patched-linux-x86_64 0.2-5 1.65 61.91 63.56 NOTE
r-patched-solaris-sparc 0.2-5 708.30 NOTE
r-patched-solaris-x86 0.2-5 132.40 NOTE
r-release-linux-ix86 0.2-5 3.00 99.00 102.00 NOTE
r-release-linux-x86_64 0.2-5 1.65 62.86 64.51 NOTE
r-release-osx-x86_64-mavericks 0.2-5 NOTE
r-release-osx-x86_64-snowleopard 0.2-5 OK
r-release-windows-ix86+x86_64 0.2-5 6.00 86.00 92.00 NOTE
r-oldrel-windows-ix86+x86_64 0.2-5 7.00 74.00 81.00 NOTE

Check Details

Version: 0.2-5
Check: dependencies in R code
Result: NOTE
    Packages in Depends field not imported from:
     ‘MCMCpack’ ‘coda’ ‘foreach’
     These packages need to be imported from (in the NAMESPACE file)
     for when this namespace is loaded but not attached.
    See the information on DESCRIPTION files in the chapter ‘Creating R
    packages’ of the ‘Writing R Extensions’ manual.
Flavors: r-devel-linux-x86_64-debian-clang, r-devel-linux-x86_64-debian-gcc, r-devel-linux-x86_64-fedora-clang, r-devel-linux-x86_64-fedora-gcc, r-devel-osx-x86_64-clang, r-devel-osx-x86_64-gcc, r-devel-windows-ix86+x86_64, r-patched-linux-x86_64, r-patched-solaris-sparc, r-patched-solaris-x86, r-release-linux-ix86, r-release-linux-x86_64, r-release-osx-x86_64-mavericks, r-release-windows-ix86+x86_64, r-oldrel-windows-ix86+x86_64