CRAN Package Check Results for Package hzar

Last updated on 2014-07-24 22:48:38.

Flavor Version Tinstall Tcheck Ttotal Status Flags
r-devel-linux-x86_64-debian-clang 0.2-5 1.60 57.41 59.00 NOTE
r-devel-linux-x86_64-debian-gcc 0.2-5 1.56 59.87 61.43 NOTE
r-devel-linux-x86_64-fedora-clang 0.2-5 125.70 NOTE
r-devel-linux-x86_64-fedora-gcc 0.2-5 122.89 NOTE
r-devel-osx-x86_64-clang 0.2-5 98.18 NOTE
r-devel-windows-ix86+x86_64 0.2-5 6.00 86.00 92.00 NOTE
r-patched-linux-x86_64 0.2-5 1.65 58.68 60.32 NOTE
r-patched-solaris-sparc 0.2-5 708.30 NOTE
r-patched-solaris-x86 0.2-5 131.50 NOTE
r-release-linux-ix86 0.2-5 2.11 72.95 75.06 NOTE
r-release-linux-x86_64 0.2-5 1.58 60.63 62.21 NOTE
r-release-osx-x86_64-mavericks 0.2-5 NOTE
r-release-osx-x86_64-snowleopard 0.2-5 OK
r-release-windows-ix86+x86_64 0.2-5 5.00 91.00 96.00 NOTE
r-oldrel-windows-ix86+x86_64 0.2-5 6.00 76.00 82.00 NOTE

Check Details

Version: 0.2-5
Check: dependencies in R code
Result: NOTE
    Packages in Depends field not imported from:
     ‘MCMCpack’ ‘coda’ ‘foreach’
     These packages need to be imported from (in the NAMESPACE file)
     for when this namespace is loaded but not attached.
    See the information on DESCRIPTION files in the chapter ‘Creating R
    packages’ of the ‘Writing R Extensions’ manual.
Flavors: r-devel-linux-x86_64-debian-clang, r-devel-linux-x86_64-debian-gcc, r-devel-linux-x86_64-fedora-clang, r-devel-linux-x86_64-fedora-gcc, r-devel-osx-x86_64-clang, r-devel-windows-ix86+x86_64, r-patched-linux-x86_64, r-patched-solaris-sparc, r-patched-solaris-x86, r-release-linux-ix86, r-release-linux-x86_64, r-release-osx-x86_64-mavericks, r-release-windows-ix86+x86_64, r-oldrel-windows-ix86+x86_64