CRAN Package Check Results for Package hzar

Last updated on 2014-10-25 19:47:38.

Flavor Version Tinstall Tcheck Ttotal Status Flags
r-devel-linux-x86_64-debian-clang 0.2-5 1.71 55.15 56.86 NOTE
r-devel-linux-x86_64-debian-gcc 0.2-5 1.65 54.40 56.05 NOTE
r-devel-linux-x86_64-fedora-clang 0.2-5 118.17 NOTE
r-devel-linux-x86_64-fedora-gcc 0.2-5 110.04 NOTE
r-devel-osx-x86_64-clang 0.2-5 100.12 NOTE
r-devel-windows-ix86+x86_64 0.2-5 6.00 72.00 78.00 NOTE
r-patched-linux-x86_64 0.2-5 1.72 60.17 61.89 NOTE
r-patched-solaris-sparc 0.2-5 708.10 NOTE
r-patched-solaris-x86 0.2-5 132.90 NOTE
r-release-linux-ix86 0.2-5 2.08 72.42 74.50 NOTE
r-release-linux-x86_64 0.2-5 1.60 61.74 63.34 NOTE
r-release-osx-x86_64-mavericks 0.2-5 NOTE
r-release-osx-x86_64-snowleopard 0.2-5 OK
r-release-windows-ix86+x86_64 0.2-5 6.00 87.00 93.00 NOTE
r-oldrel-windows-ix86+x86_64 0.2-5 6.00 75.00 81.00 NOTE

Check Details

Version: 0.2-5
Check: dependencies in R code
Result: NOTE
    Packages in Depends field not imported from:
     ‘MCMCpack’ ‘coda’ ‘foreach’
     These packages need to be imported from (in the NAMESPACE file)
     for when this namespace is loaded but not attached.
    See the information on DESCRIPTION files in the chapter ‘Creating R
    packages’ of the ‘Writing R Extensions’ manual.
Flavors: r-devel-linux-x86_64-debian-clang, r-devel-linux-x86_64-debian-gcc, r-devel-linux-x86_64-fedora-clang, r-devel-linux-x86_64-fedora-gcc, r-devel-osx-x86_64-clang, r-devel-windows-ix86+x86_64, r-patched-linux-x86_64, r-patched-solaris-sparc, r-patched-solaris-x86, r-release-linux-ix86, r-release-linux-x86_64, r-release-osx-x86_64-mavericks, r-release-windows-ix86+x86_64, r-oldrel-windows-ix86+x86_64

Version: 0.2-5
Check: R code for possible problems
Result: NOTE
    fitter.gen.rParam.uniform: no visible global function definition for
     ‘%do%’
    fitter.gen.rParam.uniform: no visible global function definition for
     ‘foreach’
    hzar.chain.doSeq: no visible global function definition for ‘mcmc’
    hzar.chain.doSeq: no visible global function definition for ‘thin’
    hzar.dataGroup.null: no visible global function definition for ‘mcmc’
    hzar.doChain.multi: no visible global function definition for ‘%dopar%’
    hzar.doChain.multi: no visible global function definition for ‘foreach’
    hzar.doChain.multi: no visible global function definition for ‘%do%’
    hzar.doFit: no visible global function definition for ‘MCMCmetrop1R’
    hzar.doFit.multi: no visible global function definition for ‘%dopar%’
    hzar.doFit.multi: no visible global function definition for ‘foreach’
    hzar.doFit.multi: no visible global function definition for ‘%do%’
    hzar.eval.clineLL: no visible global function definition for ‘%dopar%’
    hzar.eval.clineLL: no visible global function definition for ‘foreach’
    hzar.eval.clineLL: no visible global function definition for ‘%do%’
    hzar.fit2DataGroup: no visible global function definition for ‘mcmc’
    hzar.mcmc.bindLL: no visible global function definition for ‘mcmc’
    hzar.mcmc.bindLL: no visible global function definition for ‘as.mcmc’
    hzar.mcmc.bindLL: no visible global function definition for ‘thin’
    hzar.profile.dataGroup: no visible global function definition for
     ‘equal.count’
    hzar.profile.dataGroup: no visible global function definition for
     ‘foreach’
    hzar.profile.dataGroup: no visible global function definition for
     ‘%dopar%’
    hzar.profile.dataGroup: no visible global function definition for
     ‘%do%’
    optimizeTrace: no visible global function definition for ‘as.mcmc’
Flavors: r-devel-linux-x86_64-debian-clang, r-devel-linux-x86_64-debian-gcc, r-devel-linux-x86_64-fedora-clang, r-devel-linux-x86_64-fedora-gcc, r-devel-osx-x86_64-clang, r-devel-windows-ix86+x86_64, r-patched-linux-x86_64, r-patched-solaris-sparc, r-patched-solaris-x86