CRAN Package Check Results for Package i2extras

Last updated on 2021-04-17 00:48:12 CEST.

Flavor Version Tinstall Tcheck Ttotal Status Flags
r-devel-linux-x86_64-debian-clang 0.1.0 5.61 76.34 81.95 OK
r-devel-linux-x86_64-debian-gcc 0.1.0 4.12 54.39 58.51 OK
r-devel-linux-x86_64-fedora-clang 0.1.0 103.41 OK
r-devel-linux-x86_64-fedora-gcc 0.1.0 90.97 OK
r-devel-windows-ix86+x86_64 0.1.0 14.00 89.00 103.00 OK
r-devel-windows-x86_64-gcc10-UCRT 0.1.0 OK
r-patched-linux-x86_64 0.1.0 5.06 68.79 73.85 OK
r-patched-solaris-x86 0.1.0 123.50 OK
r-release-linux-x86_64 0.1.0 4.78 69.14 73.92 OK
r-release-macos-x86_64 0.1.0 ERROR
r-release-windows-ix86+x86_64 0.1.0 14.00 94.00 108.00 OK
r-oldrel-macos-x86_64 0.1.0 ERROR
r-oldrel-windows-ix86+x86_64 0.1.0 7.00 90.00 97.00 NOTE

Check Details

Version: 0.1.0
Check: package dependencies
Result: ERROR
    Package required and available but unsuitable version: ‘incidence2’
    
    See section ‘The DESCRIPTION file’ in the ‘Writing R Extensions’
    manual.
Flavor: r-release-macos-x86_64

Version: 0.1.0
Check: package dependencies
Result: ERROR
    Package required but not available: ‘incidence2’
    
    See section ‘The DESCRIPTION file’ in the ‘Writing R Extensions’
    manual.
Flavor: r-oldrel-macos-x86_64

Version: 0.1.0
Check: R code for possible problems
Result: NOTE
    plot.incidence2_fit: no visible global function definition for 'plot'
    plot.incidence2_rolling: no visible global function definition for
     'plot'
    Undefined global functions or variables:
     plot
    Consider adding
     importFrom("graphics", "plot")
    to your NAMESPACE file.
Flavor: r-oldrel-windows-ix86+x86_64