CRAN Package Check Results for Package iBATCGH

Last updated on 2017-10-20 12:51:36.

Flavor Version Tinstall Tcheck Ttotal Status Flags
r-devel-linux-x86_64-debian-clang 1.3 146.89 34.88 181.77 NOTE
r-devel-linux-x86_64-debian-gcc 1.3 153.99 36.12 190.11 NOTE
r-devel-linux-x86_64-fedora-clang 1.3 403.27 NOTE
r-devel-linux-x86_64-fedora-gcc 1.3 387.27 NOTE
r-devel-windows-ix86+x86_64 1.3 571.00 89.00 660.00 NOTE
r-patched-linux-x86_64 1.3 159.04 35.83 194.87 NOTE
r-patched-solaris-x86 1.3 388.00 OK
r-release-linux-x86_64 1.3 158.96 35.89 194.85 NOTE
r-release-windows-ix86+x86_64 1.3 575.00 94.00 669.00 NOTE
r-release-osx-x86_64 1.3 NOTE
r-oldrel-windows-ix86+x86_64 1.3 408.00 111.00 519.00 NOTE
r-oldrel-osx-x86_64 1.3 NOTE

Check Details

Version: 1.3
Check: compiled code
Result: NOTE
    File ‘iBATCGH/libs/iBATCGH.so’:
     Found no calls to: ‘R_registerRoutines’, ‘R_useDynamicSymbols’
    
    It is good practice to register native routines and to disable symbol
    search.
    
    See ‘Writing portable packages’ in the ‘Writing R Extensions’ manual.
Flavors: r-devel-linux-x86_64-debian-clang, r-devel-linux-x86_64-debian-gcc, r-devel-linux-x86_64-fedora-clang, r-devel-linux-x86_64-fedora-gcc, r-patched-linux-x86_64, r-release-linux-x86_64

Version: 1.3
Check: installed package size
Result: NOTE
     installed size is 8.1Mb
     sub-directories of 1Mb or more:
     data 3.0Mb
     libs 4.9Mb
Flavors: r-devel-linux-x86_64-fedora-clang, r-devel-linux-x86_64-fedora-gcc, r-devel-windows-ix86+x86_64, r-release-windows-ix86+x86_64, r-release-osx-x86_64, r-oldrel-windows-ix86+x86_64, r-oldrel-osx-x86_64