CRAN Package Check Results for Package iBATCGH

Last updated on 2018-02-25 10:47:12 CET.

Flavor Version Tinstall Tcheck Ttotal Status Flags
r-devel-linux-x86_64-debian-clang 1.3 206.21 55.14 261.35 NOTE
r-devel-linux-x86_64-debian-gcc 1.3 167.46 43.65 211.11 NOTE
r-devel-linux-x86_64-fedora-clang 1.3 409.99 NOTE
r-devel-linux-x86_64-fedora-gcc 1.3 364.49 NOTE
r-devel-windows-ix86+x86_64 1.3 594.00 128.00 722.00 NOTE
r-patched-linux-x86_64 1.3 214.44 56.75 271.19 NOTE
r-patched-solaris-x86 1.3 380.70 OK
r-release-linux-x86_64 1.3 221.99 55.42 277.41 NOTE
r-release-windows-ix86+x86_64 1.3 631.00 127.00 758.00 NOTE
r-release-osx-x86_64 1.3 NOTE
r-oldrel-windows-ix86+x86_64 1.3 454.00 123.00 577.00 NOTE
r-oldrel-osx-x86_64 1.3 NOTE

Check Details

Version: 1.3
Check: compiled code
Result: NOTE
    File ‘iBATCGH/libs/iBATCGH.so’:
     Found no calls to: ‘R_registerRoutines’, ‘R_useDynamicSymbols’
    
    It is good practice to register native routines and to disable symbol
    search.
    
    See ‘Writing portable packages’ in the ‘Writing R Extensions’ manual.
Flavors: r-devel-linux-x86_64-debian-clang, r-devel-linux-x86_64-debian-gcc, r-devel-linux-x86_64-fedora-clang, r-devel-linux-x86_64-fedora-gcc, r-patched-linux-x86_64, r-release-linux-x86_64

Version: 1.3
Check: installed package size
Result: NOTE
     installed size is 8.3Mb
     sub-directories of 1Mb or more:
     data 3.0Mb
     libs 5.1Mb
Flavors: r-devel-linux-x86_64-fedora-clang, r-devel-linux-x86_64-fedora-gcc, r-devel-windows-ix86+x86_64, r-release-windows-ix86+x86_64, r-release-osx-x86_64, r-oldrel-windows-ix86+x86_64, r-oldrel-osx-x86_64