CRAN Package Check Results for Package iBATCGH

Last updated on 2017-12-12 20:47:54 CET.

Flavor Version Tinstall Tcheck Ttotal Status Flags
r-devel-linux-x86_64-debian-clang 1.3 197.81 50.78 248.59 NOTE
r-devel-linux-x86_64-debian-gcc 1.3 173.90 40.36 214.26 NOTE
r-devel-linux-x86_64-fedora-clang 1.3 399.27 NOTE
r-devel-windows-ix86+x86_64 1.3 597.00 102.00 699.00 NOTE
r-patched-linux-x86_64 1.3 208.04 55.78 263.82 NOTE
r-patched-solaris-x86 1.3 380.60 OK
r-release-linux-x86_64 1.3 212.09 55.75 267.84 NOTE
r-release-windows-ix86+x86_64 1.3 457.00 125.00 582.00 NOTE
r-release-osx-x86_64 1.3 NOTE
r-oldrel-windows-ix86+x86_64 1.3 566.00 86.00 652.00 NOTE
r-oldrel-osx-x86_64 1.3 NOTE

Check Details

Version: 1.3
Check: compiled code
Result: NOTE
    File ‘iBATCGH/libs/iBATCGH.so’:
     Found no calls to: ‘R_registerRoutines’, ‘R_useDynamicSymbols’
    
    It is good practice to register native routines and to disable symbol
    search.
    
    See ‘Writing portable packages’ in the ‘Writing R Extensions’ manual.
Flavors: r-devel-linux-x86_64-debian-clang, r-devel-linux-x86_64-debian-gcc, r-devel-linux-x86_64-fedora-clang, r-patched-linux-x86_64, r-release-linux-x86_64

Version: 1.3
Check: installed package size
Result: NOTE
     installed size is 8.2Mb
     sub-directories of 1Mb or more:
     data 3.0Mb
     libs 5.1Mb
Flavors: r-devel-linux-x86_64-fedora-clang, r-devel-windows-ix86+x86_64, r-release-windows-ix86+x86_64, r-release-osx-x86_64, r-oldrel-windows-ix86+x86_64, r-oldrel-osx-x86_64