CRAN Package Check Results for Package iBUGS

Last updated on 2014-07-24 11:53:24.

Flavor Version Tinstall Tcheck Ttotal Status Flags
r-devel-linux-x86_64-debian-clang 0.1.4 3.64 42.90 46.55 NOTE
r-devel-linux-x86_64-debian-gcc 0.1.4 3.27 42.92 46.19 NOTE
r-devel-linux-x86_64-fedora-clang 0.1.4 115.17 NOTE
r-devel-linux-x86_64-fedora-gcc 0.1.4 109.08 NOTE
r-devel-osx-x86_64-clang 0.1.4 95.07 NOTE
r-devel-windows-ix86+x86_64 0.1.4 11.00 68.00 79.00 NOTE
r-patched-linux-x86_64 0.1.4 3.25 42.81 46.06 NOTE
r-patched-solaris-sparc 0.1.4 596.80 NOTE
r-patched-solaris-x86 0.1.4 150.90 NOTE
r-release-linux-ix86 0.1.4 4.40 57.48 61.88 NOTE
r-release-linux-x86_64 0.1.4 3.50 46.01 49.50 NOTE
r-release-osx-x86_64-mavericks 0.1.4 ERROR
r-release-osx-x86_64-snowleopard 0.1.4 NOTE
r-release-windows-ix86+x86_64 0.1.4 13.00 74.00 87.00 NOTE
r-oldrel-windows-ix86+x86_64 0.1.4 16.00 77.00 93.00 NOTE

Check Details

Version: 0.1.4
Check: dependencies in R code
Result: NOTE
    Packages in Depends field not imported from:
     ‘R2WinBUGS’ ‘gWidgetsRGtk2’
     These packages need to be imported from (in the NAMESPACE file)
     for when this namespace is loaded but not attached.
    See the information on DESCRIPTION files in the chapter ‘Creating R
    packages’ of the ‘Writing R Extensions’ manual.
Flavors: r-devel-linux-x86_64-debian-clang, r-devel-linux-x86_64-debian-gcc, r-devel-linux-x86_64-fedora-clang, r-devel-linux-x86_64-fedora-gcc, r-devel-osx-x86_64-clang, r-devel-windows-ix86+x86_64, r-patched-linux-x86_64, r-patched-solaris-sparc, r-patched-solaris-x86, r-release-linux-ix86, r-release-linux-x86_64, r-release-windows-ix86+x86_64, r-oldrel-windows-ix86+x86_64

Version: 0.1.4
Check: package dependencies
Result: ERROR
    Package required but not available: ‘gWidgetsRGtk2’
    
    Package suggested but not available for checking: ‘R2jags’
    
    See the information on DESCRIPTION files in the chapter ‘Creating R
    packages’ of the ‘Writing R Extensions’ manual.
Flavor: r-release-osx-x86_64-mavericks

Version: 0.1.4
Check: re-building of vignette outputs
Result: NOTE
    Error in re-building vignettes:
     ...
    
    
     |
     |.................................................................| 100%
     ordinary text without R code
    
    
    output file: iBUGS.tex
    
    Error in texi2dvi(file = file, pdf = TRUE, clean = clean, quiet = quiet, :
     Running 'texi2dvi' on 'iBUGS.tex' failed.
    LaTeX errors:
    ! LaTeX Error: File `breakurl.sty' not found.
    
    Type X to quit or <RETURN> to proceed,
    or enter new name. (Default extension: sty)
    
    iBUGS.Rcheck/vign_test/iBUGS/vignettes/iBUGS.tex:74: ==> Fatal error occurred,
     no output PDF file produced!
    Calls: knit2pdf -> <Anonymous> -> texi2dvi
    Execution halted
    make: *** [iBUGS.pdf] Error 1
    Error in buildVignettes(dir = "/Volumes/XT3/Builds/R-dev-web/QA/Simon/packages/snowleopard-x86_64/results/3.1/iBUGS.Rcheck/vign_test/iBUGS") :
     running 'make' failed
    Execution halted
Flavor: r-release-osx-x86_64-snowleopard