CRAN Package Check Results for Package iBUGS

Last updated on 2016-12-05 12:51:33.

Flavor Version Tinstall Tcheck Ttotal Status Flags
r-devel-linux-x86_64-debian-clang 0.1.4 2.53 32.09 34.62 NOTE
r-devel-linux-x86_64-debian-gcc 0.1.4 2.51 31.74 34.26 NOTE
r-devel-linux-x86_64-fedora-clang 0.1.4 68.69 NOTE --no-stop-on-test-error
r-devel-linux-x86_64-fedora-gcc 0.1.4 67.35 NOTE --no-stop-on-test-error
r-devel-macos-x86_64-clang 0.1.4 53.85 NOTE
r-devel-windows-ix86+x86_64 0.1.4 8.00 99.00 107.00 NOTE
r-patched-linux-x86_64 0.1.4 2.39 29.57 31.96 NOTE
r-patched-solaris-sparc 0.1.4 326.20 NOTE
r-patched-solaris-x86 0.1.4 79.90 NOTE
r-release-linux-x86_64 0.1.4 2.47 29.23 31.70 NOTE
r-release-osx-x86_64-mavericks 0.1.4 ERROR
r-release-windows-ix86+x86_64 0.1.4 12.00 66.00 78.00 NOTE
r-oldrel-windows-ix86+x86_64 0.1.4 13.00 65.00 78.00 NOTE

Check Details

Version: 0.1.4
Check: dependencies in R code
Result: NOTE
    'library' or 'require' call to ‘R2jags’ in package code.
     Please use :: or requireNamespace() instead.
     See section 'Suggested packages' in the 'Writing R Extensions' manual.
    Packages in Depends field not imported from:
     ‘R2WinBUGS’ ‘gWidgetsRGtk2’
     These packages need to be imported from (in the NAMESPACE file)
     for when this namespace is loaded but not attached.
Flavors: r-devel-linux-x86_64-debian-clang, r-devel-linux-x86_64-debian-gcc, r-devel-macos-x86_64-clang, r-devel-windows-ix86+x86_64, r-patched-linux-x86_64, r-patched-solaris-sparc, r-patched-solaris-x86, r-release-linux-x86_64, r-release-windows-ix86+x86_64, r-oldrel-windows-ix86+x86_64

Version: 0.1.4
Check: R code for possible problems
Result: NOTE
    bugs.options: no visible global function definition for ‘gmessage’
    iBUGS: no visible global function definition for ‘ggroup’
    iBUGS: no visible global function definition for ‘gwindow’
    iBUGS: no visible global function definition for ‘gframe’
    iBUGS: no visible global function definition for ‘gradio’
    iBUGS: no visible global function definition for ‘svalue’
    iBUGS: no visible global function definition for ‘addHandlerClicked’
    iBUGS : <anonymous>: no visible global function definition for ‘svalue’
    iBUGS: no visible global function definition for ‘gtext’
    iBUGS: no visible global function definition for ‘gbutton’
    iBUGS : <anonymous>: no visible global function definition for ‘gfile’
    iBUGS : <anonymous>: no visible global function definition for
     ‘svalue<-’
    iBUGS : <anonymous>: no visible global function definition for ‘tag<-’
    iBUGS : <anonymous>: no visible global function definition for
     ‘tooltip<-’
    iBUGS : <anonymous>: no visible global function definition for ‘focus’
    iBUGS : <anonymous>: no visible global function definition for ‘tag’
    iBUGS : <anonymous>: no visible global function definition for ‘galert’
    iBUGS : <anonymous>: no visible global function definition for ‘ggroup’
    iBUGS : <anonymous>: no visible global function definition for
     ‘gwindow’
    iBUGS : <anonymous>: no visible global function definition for
     ‘glayout’
    iBUGS : <anonymous>: no visible global function definition for ‘gframe’
    iBUGS : <anonymous>: no visible global function definition for ‘gradio’
    iBUGS : <anonymous>: no visible global function definition for
     ‘addHandlerClicked’
    iBUGS : <anonymous> : <anonymous>: no visible global function
     definition for ‘svalue’
    iBUGS : <anonymous>: no visible global function definition for ‘gtable’
    iBUGS : <anonymous>: no visible global function definition for
     ‘addHandlerMouseMotion’
    iBUGS : <anonymous> : <anonymous>: no visible global function
     definition for ‘focus’
    iBUGS : <anonymous>: no visible global function definition for
     ‘addhandlerdoubleclick’
    iBUGS : <anonymous> : <anonymous>: no visible global function
     definition for ‘ginput’
    iBUGS : <anonymous>: no visible global function definition for ‘gedit’
    iBUGS : <anonymous>: no visible global function definition for ‘id<-’
    iBUGS : <anonymous>: no visible global function definition for
     ‘addhandlerblur’
    iBUGS : <anonymous> : <anonymous>: no visible global function
     definition for ‘id’
    iBUGS : <anonymous>: no visible global function definition for
     ‘gbutton’
    iBUGS : <anonymous> : <anonymous>: no visible global function
     definition for ‘dispose’
    iBUGS : <anonymous> : <anonymous>: no visible global function
     definition for ‘gwindow’
    iBUGS : <anonymous> : <anonymous>: no visible global function
     definition for ‘size<-’
    iBUGS : <anonymous> : <anonymous>: no visible global function
     definition for ‘ggroup’
    iBUGS : <anonymous> : <anonymous>: no visible global function
     definition for ‘ghelp’
    iBUGS : <anonymous> : <anonymous>: no visible global function
     definition for ‘visible<-’
    iBUGS : <anonymous> : <anonymous>: no visible global function
     definition for ‘add’
    iBUGS : <anonymous> : <anonymous>: no visible global function
     definition for ‘gbutton’
    iBUGS : <anonymous> : <anonymous> : <anonymous>: no visible global
     function definition for ‘dispose’
    iBUGS : <anonymous>: no visible global function definition for ‘size<-’
    iBUGS : <anonymous>: no visible global function definition for
     ‘autojags’
    iBUGS : <anonymous>: no visible global function definition for ‘plot’
    iBUGS : <anonymous>: no visible global function definition for
     ‘gconfirm’
    iBUGS : <anonymous>: no visible global function definition for ‘rnorm’
    iBUGS : <anonymous>: no visible global function definition for
     ‘dispose’
    Undefined global functions or variables:
     add addHandlerClicked addHandlerMouseMotion addhandlerblur
     addhandlerdoubleclick autojags dispose focus galert gbutton gconfirm
     gedit gfile gframe ggroup ghelp ginput glayout gmessage gradio gtable
     gtext gwindow id id<- plot rnorm size<- svalue svalue<- tag tag<-
     tooltip<- visible<-
    Consider adding
     importFrom("graphics", "plot")
     importFrom("stats", "rnorm")
    to your NAMESPACE file.
Flavors: r-devel-linux-x86_64-debian-clang, r-devel-linux-x86_64-debian-gcc, r-devel-macos-x86_64-clang, r-devel-windows-ix86+x86_64, r-patched-linux-x86_64, r-patched-solaris-sparc, r-patched-solaris-x86, r-release-linux-x86_64, r-release-windows-ix86+x86_64

Version: 0.1.4
Check: files in ‘vignettes’
Result: NOTE
    The following directory looks like a leftover from 'knitr':
     ‘figure’
    Please remove from your package.
Flavors: r-devel-linux-x86_64-debian-clang, r-devel-linux-x86_64-debian-gcc, r-devel-macos-x86_64-clang, r-devel-windows-ix86+x86_64, r-patched-linux-x86_64, r-patched-solaris-sparc, r-patched-solaris-x86, r-release-linux-x86_64, r-release-windows-ix86+x86_64, r-oldrel-windows-ix86+x86_64

Version: 0.1.4
Flags: --no-stop-on-test-error
Check: dependencies in R code
Result: NOTE
    'library' or 'require' call to ‘R2jags’ in package code.
     Please use :: or requireNamespace() instead.
     See section 'Suggested packages' in the 'Writing R Extensions' manual.
    Packages in Depends field not imported from:
     ‘R2WinBUGS’ ‘gWidgetsRGtk2’
     These packages need to be imported from (in the NAMESPACE file)
     for when this namespace is loaded but not attached.
Flavors: r-devel-linux-x86_64-fedora-clang, r-devel-linux-x86_64-fedora-gcc

Version: 0.1.4
Flags: --no-stop-on-test-error
Check: R code for possible problems
Result: NOTE
    bugs.options: no visible global function definition for ‘gmessage’
    iBUGS: no visible global function definition for ‘ggroup’
    iBUGS: no visible global function definition for ‘gwindow’
    iBUGS: no visible global function definition for ‘gframe’
    iBUGS: no visible global function definition for ‘gradio’
    iBUGS: no visible global function definition for ‘svalue’
    iBUGS: no visible global function definition for ‘addHandlerClicked’
    iBUGS : <anonymous>: no visible global function definition for ‘svalue’
    iBUGS: no visible global function definition for ‘gtext’
    iBUGS: no visible global function definition for ‘gbutton’
    iBUGS : <anonymous>: no visible global function definition for ‘gfile’
    iBUGS : <anonymous>: no visible global function definition for
     ‘svalue<-’
    iBUGS : <anonymous>: no visible global function definition for ‘tag<-’
    iBUGS : <anonymous>: no visible global function definition for
     ‘tooltip<-’
    iBUGS : <anonymous>: no visible global function definition for ‘focus’
    iBUGS : <anonymous>: no visible global function definition for ‘tag’
    iBUGS : <anonymous>: no visible global function definition for ‘galert’
    iBUGS : <anonymous>: no visible global function definition for ‘ggroup’
    iBUGS : <anonymous>: no visible global function definition for
     ‘gwindow’
    iBUGS : <anonymous>: no visible global function definition for
     ‘glayout’
    iBUGS : <anonymous>: no visible global function definition for ‘gframe’
    iBUGS : <anonymous>: no visible global function definition for ‘gradio’
    iBUGS : <anonymous>: no visible global function definition for
     ‘addHandlerClicked’
    iBUGS : <anonymous> : <anonymous>: no visible global function
     definition for ‘svalue’
    iBUGS : <anonymous>: no visible global function definition for ‘gtable’
    iBUGS : <anonymous>: no visible global function definition for
     ‘addHandlerMouseMotion’
    iBUGS : <anonymous> : <anonymous>: no visible global function
     definition for ‘focus’
    iBUGS : <anonymous>: no visible global function definition for
     ‘addhandlerdoubleclick’
    iBUGS : <anonymous> : <anonymous>: no visible global function
     definition for ‘ginput’
    iBUGS : <anonymous>: no visible global function definition for ‘gedit’
    iBUGS : <anonymous>: no visible global function definition for ‘id<-’
    iBUGS : <anonymous>: no visible global function definition for
     ‘addhandlerblur’
    iBUGS : <anonymous> : <anonymous>: no visible global function
     definition for ‘id’
    iBUGS : <anonymous>: no visible global function definition for
     ‘gbutton’
    iBUGS : <anonymous> : <anonymous>: no visible global function
     definition for ‘dispose’
    iBUGS : <anonymous> : <anonymous>: no visible global function
     definition for ‘gwindow’
    iBUGS : <anonymous> : <anonymous>: no visible global function
     definition for ‘size<-’
    iBUGS : <anonymous> : <anonymous>: no visible global function
     definition for ‘ggroup’
    iBUGS : <anonymous> : <anonymous>: no visible global function
     definition for ‘ghelp’
    iBUGS : <anonymous> : <anonymous>: no visible global function
     definition for ‘visible<-’
    iBUGS : <anonymous> : <anonymous>: no visible global function
     definition for ‘add’
    iBUGS : <anonymous> : <anonymous>: no visible global function
     definition for ‘gbutton’
    iBUGS : <anonymous> : <anonymous> : <anonymous>: no visible global
     function definition for ‘dispose’
    iBUGS : <anonymous>: no visible global function definition for ‘size<-’
    iBUGS : <anonymous>: no visible global function definition for
     ‘autojags’
    iBUGS : <anonymous>: no visible global function definition for ‘plot’
    iBUGS : <anonymous>: no visible global function definition for
     ‘gconfirm’
    iBUGS : <anonymous>: no visible global function definition for ‘rnorm’
    iBUGS : <anonymous>: no visible global function definition for
     ‘dispose’
    Undefined global functions or variables:
     add addHandlerClicked addHandlerMouseMotion addhandlerblur
     addhandlerdoubleclick autojags dispose focus galert gbutton gconfirm
     gedit gfile gframe ggroup ghelp ginput glayout gmessage gradio gtable
     gtext gwindow id id<- plot rnorm size<- svalue svalue<- tag tag<-
     tooltip<- visible<-
    Consider adding
     importFrom("graphics", "plot")
     importFrom("stats", "rnorm")
    to your NAMESPACE file.
Flavors: r-devel-linux-x86_64-fedora-clang, r-devel-linux-x86_64-fedora-gcc

Version: 0.1.4
Flags: --no-stop-on-test-error
Check: files in ‘vignettes’
Result: NOTE
    The following directory looks like a leftover from 'knitr':
     ‘figure’
    Please remove from your package.
Flavors: r-devel-linux-x86_64-fedora-clang, r-devel-linux-x86_64-fedora-gcc

Version: 0.1.4
Check: whether package can be installed
Result: ERROR
    Installation failed.
Flavor: r-release-osx-x86_64-mavericks

Version: 0.1.4
Check: R code for possible problems
Result: NOTE
    bugs.options: no visible global function definition for 'gmessage'
    iBUGS: no visible global function definition for 'ggroup'
    iBUGS: no visible global function definition for 'gwindow'
    iBUGS: no visible global function definition for 'gframe'
    iBUGS: no visible global function definition for 'gradio'
    iBUGS: no visible global function definition for 'svalue'
    iBUGS: no visible global function definition for 'addHandlerClicked'
    iBUGS : <anonymous>: no visible global function definition for 'svalue'
    iBUGS: no visible global function definition for 'gtext'
    iBUGS: no visible global function definition for 'gbutton'
    iBUGS : <anonymous>: no visible global function definition for 'gfile'
    iBUGS : <anonymous>: no visible global function definition for
     'svalue<-'
    iBUGS : <anonymous>: no visible global function definition for 'tag<-'
    iBUGS : <anonymous>: no visible global function definition for
     'tooltip<-'
    iBUGS : <anonymous>: no visible global function definition for 'focus'
    iBUGS : <anonymous>: no visible global function definition for 'tag'
    iBUGS : <anonymous>: no visible global function definition for 'galert'
    iBUGS : <anonymous>: no visible global function definition for 'ggroup'
    iBUGS : <anonymous>: no visible global function definition for
     'gwindow'
    iBUGS : <anonymous>: no visible global function definition for
     'glayout'
    iBUGS : <anonymous>: no visible global function definition for 'gframe'
    iBUGS : <anonymous>: no visible global function definition for 'gradio'
    iBUGS : <anonymous>: no visible global function definition for
     'addHandlerClicked'
    iBUGS : <anonymous> : <anonymous>: no visible global function
     definition for 'svalue'
    iBUGS : <anonymous>: no visible global function definition for 'gtable'
    iBUGS : <anonymous>: no visible global function definition for
     'addHandlerMouseMotion'
    iBUGS : <anonymous> : <anonymous>: no visible global function
     definition for 'focus'
    iBUGS : <anonymous>: no visible global function definition for
     'addhandlerdoubleclick'
    iBUGS : <anonymous> : <anonymous>: no visible global function
     definition for 'ginput'
    iBUGS : <anonymous>: no visible global function definition for 'gedit'
    iBUGS : <anonymous>: no visible global function definition for 'id<-'
    iBUGS : <anonymous>: no visible global function definition for
     'addhandlerblur'
    iBUGS : <anonymous> : <anonymous>: no visible global function
     definition for 'id'
    iBUGS : <anonymous>: no visible global function definition for
     'gbutton'
    iBUGS : <anonymous> : <anonymous>: no visible global function
     definition for 'dispose'
    iBUGS : <anonymous> : <anonymous>: no visible global function
     definition for 'gwindow'
    iBUGS : <anonymous> : <anonymous>: no visible global function
     definition for 'size<-'
    iBUGS : <anonymous> : <anonymous>: no visible global function
     definition for 'ggroup'
    iBUGS : <anonymous> : <anonymous>: no visible global function
     definition for 'ghelp'
    iBUGS : <anonymous> : <anonymous>: no visible global function
     definition for 'visible<-'
    iBUGS : <anonymous> : <anonymous>: no visible global function
     definition for 'add'
    iBUGS : <anonymous> : <anonymous>: no visible global function
     definition for 'gbutton'
    iBUGS : <anonymous> : <anonymous> : <anonymous>: no visible global
     function definition for 'dispose'
    iBUGS : <anonymous>: no visible global function definition for 'size<-'
    iBUGS : <anonymous>: no visible global function definition for
     'autojags'
    iBUGS : <anonymous>: no visible global function definition for
     'gconfirm'
    iBUGS : <anonymous>: no visible global function definition for
     'dispose'
Flavor: r-oldrel-windows-ix86+x86_64