CRAN Package Check Results for Package iBUGS

Last updated on 2018-03-23 09:50:04 CET.

Flavor Version Tinstall Tcheck Ttotal Status Flags
r-release-osx-x86_64 0.1.4 ERROR
r-oldrel-osx-x86_64 0.1.4 ERROR

Check Details

Version: 0.1.4
Check: package dependencies
Result: ERROR
    Package required but not available: ‘gWidgetsRGtk2’
    See section ‘The DESCRIPTION file’ in the ‘Writing R Extensions’
Flavor: r-release-osx-x86_64

Version: 0.1.4
Check: whether package can be installed
Result: ERROR
    Installation failed.
Flavor: r-oldrel-osx-x86_64