CRAN Package Check Results for Package iBUGS

Last updated on 2014-12-20 17:51:08.

Flavor Version Tinstall Tcheck Ttotal Status Flags
r-devel-linux-x86_64-debian-clang 0.1.4 3.19 42.07 45.26 NOTE
r-devel-linux-x86_64-debian-gcc 0.1.4 3.26 41.29 44.55 NOTE
r-devel-linux-x86_64-fedora-clang 0.1.4 103.35 NOTE
r-devel-linux-x86_64-fedora-gcc 0.1.4 95.01 NOTE
r-devel-osx-x86_64-clang 0.1.4 93.19 NOTE
r-devel-windows-ix86+x86_64 0.1.4 15.00 72.00 87.00 NOTE
r-patched-linux-x86_64 0.1.4 3.42 43.40 46.81 NOTE
r-patched-solaris-sparc 0.1.4 527.90 NOTE
r-patched-solaris-x86 0.1.4 144.90 NOTE
r-release-linux-ix86 0.1.4 4.03 52.61 56.64 NOTE
r-release-linux-x86_64 0.1.4 3.39 42.85 46.24 NOTE
r-release-osx-x86_64-mavericks 0.1.4 ERROR
r-release-osx-x86_64-snowleopard 0.1.4 NOTE
r-release-windows-ix86+x86_64 0.1.4 17.00 72.00 89.00 NOTE
r-oldrel-windows-ix86+x86_64 0.1.4 17.00 76.00 93.00 NOTE

Check Details

Version: 0.1.4
Check: dependencies in R code
Result: NOTE
    Packages in Depends field not imported from:
     ‘R2WinBUGS’ ‘gWidgetsRGtk2’
     These packages need to be imported from (in the NAMESPACE file)
     for when this namespace is loaded but not attached.
    See the information on DESCRIPTION files in the chapter ‘Creating R
    packages’ of the ‘Writing R Extensions’ manual.
Flavors: r-devel-linux-x86_64-debian-clang, r-devel-linux-x86_64-debian-gcc, r-devel-linux-x86_64-fedora-clang, r-devel-linux-x86_64-fedora-gcc, r-devel-osx-x86_64-clang, r-devel-windows-ix86+x86_64, r-patched-linux-x86_64, r-patched-solaris-sparc, r-patched-solaris-x86, r-release-linux-ix86, r-release-linux-x86_64, r-release-windows-ix86+x86_64, r-oldrel-windows-ix86+x86_64

Version: 0.1.4
Check: R code for possible problems
Result: NOTE
    bugs.options: no visible global function definition for ‘gmessage’
    iBUGS: no visible global function definition for ‘ggroup’
    iBUGS: no visible global function definition for ‘gwindow’
    iBUGS: no visible global function definition for ‘gframe’
    iBUGS: no visible global function definition for ‘gradio’
    iBUGS: no visible global function definition for ‘svalue’
    iBUGS: no visible global function definition for ‘addHandlerClicked’
    iBUGS : <anonymous>: no visible global function definition for ‘svalue’
    iBUGS: no visible global function definition for ‘gtext’
    iBUGS: no visible global function definition for ‘gbutton’
    iBUGS : <anonymous>: no visible global function definition for ‘gfile’
    iBUGS : <anonymous>: no visible global function definition for
     ‘svalue<-’
    iBUGS : <anonymous>: no visible global function definition for ‘tag<-’
    iBUGS : <anonymous>: no visible global function definition for
     ‘tooltip<-’
    iBUGS : <anonymous>: no visible global function definition for ‘focus’
    iBUGS : <anonymous>: no visible global function definition for ‘tag’
    iBUGS : <anonymous>: no visible global function definition for ‘galert’
    iBUGS : <anonymous>: no visible global function definition for ‘ggroup’
    iBUGS : <anonymous>: no visible global function definition for
     ‘gwindow’
    iBUGS : <anonymous>: no visible global function definition for
     ‘glayout’
    iBUGS : <anonymous>: no visible global function definition for ‘gframe’
    iBUGS : <anonymous>: no visible global function definition for ‘gradio’
    iBUGS : <anonymous>: no visible global function definition for
     ‘addHandlerClicked’
    iBUGS : <anonymous> : <anonymous>: no visible global function
     definition for ‘svalue’
    iBUGS : <anonymous>: no visible global function definition for ‘gtable’
    iBUGS : <anonymous>: no visible global function definition for
     ‘addHandlerMouseMotion’
    iBUGS : <anonymous> : <anonymous>: no visible global function
     definition for ‘focus’
    iBUGS : <anonymous>: no visible global function definition for
     ‘addhandlerdoubleclick’
    iBUGS : <anonymous> : <anonymous>: no visible global function
     definition for ‘ginput’
    iBUGS : <anonymous>: no visible global function definition for ‘gedit’
    iBUGS : <anonymous>: no visible global function definition for ‘id<-’
    iBUGS : <anonymous>: no visible global function definition for
     ‘addhandlerblur’
    iBUGS : <anonymous> : <anonymous>: no visible global function
     definition for ‘id’
    iBUGS : <anonymous>: no visible global function definition for
     ‘gbutton’
    iBUGS : <anonymous> : <anonymous>: no visible global function
     definition for ‘dispose’
    iBUGS : <anonymous> : <anonymous>: no visible global function
     definition for ‘gwindow’
    iBUGS : <anonymous> : <anonymous>: no visible global function
     definition for ‘size<-’
    iBUGS : <anonymous> : <anonymous>: no visible global function
     definition for ‘ggroup’
    iBUGS : <anonymous> : <anonymous>: no visible global function
     definition for ‘ghelp’
    iBUGS : <anonymous> : <anonymous>: no visible global function
     definition for ‘visible<-’
    iBUGS : <anonymous> : <anonymous>: no visible global function
     definition for ‘add’
    iBUGS : <anonymous> : <anonymous>: no visible global function
     definition for ‘gbutton’
    iBUGS : <anonymous> : <anonymous> : <anonymous>: no visible global
     function definition for ‘dispose’
    iBUGS : <anonymous>: no visible global function definition for ‘size<-’
    iBUGS : <anonymous>: no visible global function definition for
     ‘autojags’
    iBUGS : <anonymous>: no visible global function definition for
     ‘gconfirm’
    iBUGS : <anonymous>: no visible global function definition for
     ‘dispose’
Flavors: r-devel-linux-x86_64-debian-clang, r-devel-linux-x86_64-debian-gcc, r-devel-linux-x86_64-fedora-clang, r-devel-linux-x86_64-fedora-gcc, r-devel-osx-x86_64-clang, r-devel-windows-ix86+x86_64, r-patched-linux-x86_64, r-patched-solaris-sparc, r-patched-solaris-x86, r-release-linux-ix86, r-release-linux-x86_64, r-release-windows-ix86+x86_64

Version: 0.1.4
Check: package dependencies
Result: ERROR
    Package required but not available: ‘gWidgetsRGtk2’
    
    See the information on DESCRIPTION files in the chapter ‘Creating R
    packages’ of the ‘Writing R Extensions’ manual.
Flavor: r-release-osx-x86_64-mavericks

Version: 0.1.4
Check: re-building of vignette outputs
Result: NOTE
    Error in re-building vignettes:
     ...
    
    
     |
     |.................................................................| 100%
     ordinary text without R code
    
    
    output file: iBUGS.tex
    
    Error in texi2dvi(file = file, pdf = TRUE, clean = clean, quiet = quiet, :
     Running 'texi2dvi' on 'iBUGS.tex' failed.
    LaTeX errors:
    ! LaTeX Error: File `breakurl.sty' not found.
    
    Type X to quit or <RETURN> to proceed,
    or enter new name. (Default extension: sty)
    
    iBUGS.Rcheck/vign_test/iBUGS/vignettes/iBUGS.tex:74: ==> Fatal error occurred,
     no output PDF file produced!
    Calls: knit2pdf -> <Anonymous> -> texi2dvi
    Execution halted
    make: *** [iBUGS.pdf] Error 1
    Error in buildVignettes(dir = "/Volumes/XT3/Builds/R-dev-web/QA/Simon/packages/snowleopard-x86_64/results/3.1/iBUGS.Rcheck/vign_test/iBUGS") :
     running 'make' failed
    Execution halted
Flavor: r-release-osx-x86_64-snowleopard