CRAN Package Check Results for Package iBreakDown

Last updated on 2020-01-17 19:47:36 CET.

Flavor Version Tinstall Tcheck Ttotal Status Flags
r-devel-linux-x86_64-debian-clang 0.9.9 4.78 409.70 414.48 OK
r-devel-linux-x86_64-debian-gcc 0.9.9 4.51 322.70 327.21 OK
r-devel-linux-x86_64-fedora-clang 0.9.9 514.53 OK
r-devel-linux-x86_64-fedora-gcc 0.9.9 497.75 OK
r-devel-windows-ix86+x86_64 0.9.9 15.00 526.00 541.00 OK
r-devel-windows-ix86+x86_64-gcc8 0.9.9 12.00 633.00 645.00 OK
r-patched-linux-x86_64 0.9.9 4.53 365.34 369.87 OK
r-patched-solaris-x86 0.9.9 655.30 WARN
r-release-linux-x86_64 0.9.9 3.84 364.94 368.78 OK
r-release-windows-ix86+x86_64 0.9.9 16.00 582.00 598.00 OK
r-release-osx-x86_64 0.9.9 WARN
r-oldrel-windows-ix86+x86_64 0.9.9 12.00 549.00 561.00 OK
r-oldrel-osx-x86_64 0.9.9 WARN

Check Details

Version: 0.9.9
Check: re-building of vignette outputs
Result: WARN
    Error(s) in re-building vignettes:
     ...
    --- re-building ‘vignette_iBreakDown_classification.Rmd’ using rmarkdown
    Warning in engine$weave(file, quiet = quiet, encoding = enc) :
     Pandoc (>= 1.12.3) and/or pandoc-citeproc not available. Falling back to R Markdown v1.
    Welcome to DALEX (version: 0.4.9).
    Find examples and detailed introduction at: https://pbiecek.github.io/PM_VEE/
    Additional features will be available after installation of: ingredients, ALEPlot, breakDown, pdp, factorMerger, ggpubr.
    Use 'install_dependencies()' to get all suggested dependencies
    randomForest 4.6-14
    Type rfNews() to see new features/changes/bug fixes.
    Quitting from lines 98-112 (vignette_iBreakDown_classification.Rmd)
    Error: processing vignette 'vignette_iBreakDown_classification.Rmd' failed with diagnostics:
    there is no package called 'webshot'
    --- failed re-building ‘vignette_iBreakDown_classification.Rmd’
    
    --- re-building ‘vignette_iBreakDown_description.Rmd’ using rmarkdown
    Warning in engine$weave(file, quiet = quiet, encoding = enc) :
     Pandoc (>= 1.12.3) and/or pandoc-citeproc not available. Falling back to R Markdown v1.
    Welcome to DALEX (version: 0.4.9).
    Find examples and detailed introduction at: https://pbiecek.github.io/PM_VEE/
    Additional features will be available after installation of: ingredients, ALEPlot, breakDown, pdp, factorMerger, ggpubr.
    Use 'install_dependencies()' to get all suggested dependencies
    randomForest 4.6-14
    Type rfNews() to see new features/changes/bug fixes.
    Warning in randomForest.default(m, y, ...) :
     The response has five or fewer unique values. Are you sure you want to do regression?
    --- finished re-building ‘vignette_iBreakDown_description.Rmd’
    
    --- re-building ‘vignette_iBreakDown_regression.Rmd’ using rmarkdown
    Warning in engine$weave(file, quiet = quiet, encoding = enc) :
     Pandoc (>= 1.12.3) and/or pandoc-citeproc not available. Falling back to R Markdown v1.
    Welcome to DALEX (version: 0.4.9).
    Find examples and detailed introduction at: https://pbiecek.github.io/PM_VEE/
    Additional features will be available after installation of: ingredients, ALEPlot, breakDown, pdp, factorMerger, ggpubr.
    Use 'install_dependencies()' to get all suggested dependencies
    randomForest 4.6-14
    Type rfNews() to see new features/changes/bug fixes.
    Loading required package: lattice
    Loading required package: ggplot2
    
    Attaching package: 'ggplot2'
    
    The following object is masked from 'package:randomForest':
    
     margin
    
    --- finished re-building ‘vignette_iBreakDown_regression.Rmd’
    
    --- re-building ‘vignette_iBreakDown_titanic.Rmd’ using rmarkdown
    Warning in engine$weave(file, quiet = quiet, encoding = enc) :
     Pandoc (>= 1.12.3) and/or pandoc-citeproc not available. Falling back to R Markdown v1.
    Welcome to DALEX (version: 0.4.9).
    Find examples and detailed introduction at: https://pbiecek.github.io/PM_VEE/
    Additional features will be available after installation of: ingredients, ALEPlot, breakDown, pdp, factorMerger, ggpubr.
    Use 'install_dependencies()' to get all suggested dependencies
    randomForest 4.6-14
    Type rfNews() to see new features/changes/bug fixes.
    Warning in randomForest.default(m, y, ...) :
     The response has five or fewer unique values. Are you sure you want to do regression?
    Quitting from lines 91-92 (vignette_iBreakDown_titanic.Rmd)
    Error: processing vignette 'vignette_iBreakDown_titanic.Rmd' failed with diagnostics:
    there is no package called 'webshot'
    --- failed re-building ‘vignette_iBreakDown_titanic.Rmd’
    
    SUMMARY: processing the following files failed:
     ‘vignette_iBreakDown_classification.Rmd’
     ‘vignette_iBreakDown_titanic.Rmd’
    
    Error: Vignette re-building failed.
    Execution halted
Flavor: r-patched-solaris-x86

Version: 0.9.9
Check: re-building of vignette outputs
Result: WARN
    Error(s) in re-building vignettes:
    --- re-building ‘vignette_iBreakDown_classification.Rmd’ using rmarkdown
    Warning in engine$weave(file, quiet = quiet, encoding = enc) :
     Pandoc (>= 1.12.3) and/or pandoc-citeproc not available. Falling back to R Markdown v1.
    Welcome to DALEX (version: 0.4.7).
    Find examples and detailed introduction at: https://pbiecek.github.io/PM_VEE/
    
    randomForest 4.6-14
    Type rfNews() to see new features/changes/bug fixes.
    PhantomJS not found. You can install it with webshot::install_phantomjs(). If it is installed, please make sure the phantomjs executable can be found via the PATH variable.
    Warning in normalizePath(f2) :
     path[1]="webshotaca3438cf5b4.png": No such file or directory
    Warning in file(con, "rb") :
     cannot open file 'webshotaca3438cf5b4.png': No such file or directory
    Quitting from lines 98-112 (vignette_iBreakDown_classification.Rmd)
    Error: processing vignette 'vignette_iBreakDown_classification.Rmd' failed with diagnostics:
    cannot open the connection
    --- failed re-building ‘vignette_iBreakDown_classification.Rmd’
    
    --- re-building ‘vignette_iBreakDown_description.Rmd’ using rmarkdown
    Warning in engine$weave(file, quiet = quiet, encoding = enc) :
     Pandoc (>= 1.12.3) and/or pandoc-citeproc not available. Falling back to R Markdown v1.
    Welcome to DALEX (version: 0.4.7).
    Find examples and detailed introduction at: https://pbiecek.github.io/PM_VEE/
    
    randomForest 4.6-14
    Type rfNews() to see new features/changes/bug fixes.
    Warning in randomForest.default(m, y, ...) :
     The response has five or fewer unique values. Are you sure you want to do regression?
    --- finished re-building ‘vignette_iBreakDown_description.Rmd’
    
    --- re-building ‘vignette_iBreakDown_regression.Rmd’ using rmarkdown
    Warning in engine$weave(file, quiet = quiet, encoding = enc) :
     Pandoc (>= 1.12.3) and/or pandoc-citeproc not available. Falling back to R Markdown v1.
    Welcome to DALEX (version: 0.4.7).
    Find examples and detailed introduction at: https://pbiecek.github.io/PM_VEE/
    
    randomForest 4.6-14
    Type rfNews() to see new features/changes/bug fixes.
    Loading required package: lattice
    Loading required package: ggplot2
    
    Attaching package: 'ggplot2'
    
    The following object is masked from 'package:randomForest':
    
     margin
    
    --- finished re-building ‘vignette_iBreakDown_regression.Rmd’
    
    --- re-building ‘vignette_iBreakDown_titanic.Rmd’ using rmarkdown
    Warning in engine$weave(file, quiet = quiet, encoding = enc) :
     Pandoc (>= 1.12.3) and/or pandoc-citeproc not available. Falling back to R Markdown v1.
    Welcome to DALEX (version: 0.4.7).
    Find examples and detailed introduction at: https://pbiecek.github.io/PM_VEE/
    
    randomForest 4.6-14
    Type rfNews() to see new features/changes/bug fixes.
    Warning in randomForest.default(m, y, ...) :
     The response has five or fewer unique values. Are you sure you want to do regression?
    PhantomJS not found. You can install it with webshot::install_phantomjs(). If it is installed, please make sure the phantomjs executable can be found via the PATH variable.
    Warning in normalizePath(f2) :
     path[1]="webshotacc953aea85e.png": No such file or directory
    Warning in file(con, "rb") :
     cannot open file 'webshotacc953aea85e.png': No such file or directory
    Quitting from lines 91-92 (vignette_iBreakDown_titanic.Rmd)
    Error: processing vignette 'vignette_iBreakDown_titanic.Rmd' failed with diagnostics:
    cannot open the connection
    --- failed re-building ‘vignette_iBreakDown_titanic.Rmd’
    
    SUMMARY: processing the following files failed:
     ‘vignette_iBreakDown_classification.Rmd’
     ‘vignette_iBreakDown_titanic.Rmd’
    
    Error: Vignette re-building failed.
    Execution halted
Flavor: r-release-osx-x86_64

Version: 0.9.9
Check: re-building of vignette outputs
Result: WARN
    Error in re-building vignettes:
     ...
    Warning in engine$weave(file, quiet = quiet, encoding = enc) :
     Pandoc (>= 1.12.3) and/or pandoc-citeproc not available. Falling back to R Markdown v1.
    Welcome to DALEX (version: 0.4.7).
    Find examples and detailed introduction at: https://pbiecek.github.io/PM_VEE/
    
    randomForest 4.6-14
    Type rfNews() to see new features/changes/bug fixes.
    PhantomJS not found. You can install it with webshot::install_phantomjs(). If it is installed, please make sure the phantomjs executable can be found via the PATH variable.
    Warning in normalizePath(f2) :
     path[1]="webshot6a1c55d94b8c.png": No such file or directory
    Warning in file(con, "rb") :
     cannot open file 'webshot6a1c55d94b8c.png': No such file or directory
    Quitting from lines 98-112 (vignette_iBreakDown_classification.Rmd)
    Error: processing vignette 'vignette_iBreakDown_classification.Rmd' failed with diagnostics:
    cannot open the connection
    Execution halted
Flavor: r-oldrel-osx-x86_64