CRAN Package Check Results for Package iC10TrainingData

Last updated on 2019-04-24 05:48:13 CEST.

Flavor Version Tinstall Tcheck Ttotal Status Flags
r-devel-linux-x86_64-debian-clang 1.3.1 1.67 26.56 28.23 OK
r-devel-linux-x86_64-debian-gcc 1.3.1 1.25 22.14 23.39 OK
r-devel-linux-x86_64-fedora-clang 1.3.1 33.61 NOTE
r-devel-linux-x86_64-fedora-gcc 1.3.1 33.46 OK
r-devel-windows-ix86+x86_64 1.3.1 4.00 37.00 41.00 NOTE
r-patched-linux-x86_64 1.3.1 1.63 26.35 27.98 OK
r-patched-solaris-x86 1.3.1 58.60 NOTE
r-release-linux-x86_64 1.3.1 1.12 24.16 25.28 OK
r-release-windows-ix86+x86_64 1.3.1 2.00 36.00 38.00 NOTE
r-release-osx-x86_64 1.3.1 NOTE
r-oldrel-windows-ix86+x86_64 1.3.1 3.00 44.00 47.00 NOTE
r-oldrel-osx-x86_64 1.3.1 NOTE

Check Details

Version: 1.3.1
Check: installed package size
Result: NOTE
     installed size is 6.1Mb
     sub-directories of 1Mb or more:
     data 6.1Mb
Flavors: r-devel-linux-x86_64-fedora-clang, r-devel-windows-ix86+x86_64, r-patched-solaris-x86, r-release-windows-ix86+x86_64, r-release-osx-x86_64, r-oldrel-windows-ix86+x86_64, r-oldrel-osx-x86_64