CRAN Package Check Results for Package iC10TrainingData

Last updated on 2019-06-17 10:48:15 CEST.

Flavor Version Tinstall Tcheck Ttotal Status Flags
r-devel-linux-x86_64-debian-clang 1.3.1 1.53 26.36 27.89 OK
r-devel-linux-x86_64-debian-gcc 1.3.1 1.21 21.86 23.07 OK
r-devel-linux-x86_64-fedora-clang 1.3.1 34.63 NOTE
r-devel-linux-x86_64-fedora-gcc 1.3.1 33.60 OK
r-devel-windows-ix86+x86_64 1.3.1 4.00 40.00 44.00 NOTE
r-patched-linux-x86_64 1.3.1 1.53 26.01 27.54 OK
r-patched-solaris-x86 1.3.1 59.30 NOTE
r-release-linux-x86_64 1.3.1 1.45 26.41 27.86 OK
r-release-windows-ix86+x86_64 1.3.1 3.00 49.00 52.00 NOTE
r-release-osx-x86_64 1.3.1 NOTE
r-oldrel-windows-ix86+x86_64 1.3.1 2.00 36.00 38.00 NOTE
r-oldrel-osx-x86_64 1.3.1 NOTE

Check Details

Version: 1.3.1
Check: installed package size
Result: NOTE
     installed size is 6.1Mb
     sub-directories of 1Mb or more:
     data 6.1Mb
Flavors: r-devel-linux-x86_64-fedora-clang, r-devel-windows-ix86+x86_64, r-patched-solaris-x86, r-release-windows-ix86+x86_64, r-release-osx-x86_64, r-oldrel-windows-ix86+x86_64, r-oldrel-osx-x86_64