CRAN Package Check Results for Package iC10TrainingData

Last updated on 2019-08-24 06:47:21 CEST.

Flavor Version Tinstall Tcheck Ttotal Status Flags
r-devel-linux-x86_64-debian-clang 1.3.1 2.03 26.36 28.39 OK
r-devel-linux-x86_64-debian-gcc 1.3.1 1.37 22.13 23.50 OK
r-devel-linux-x86_64-fedora-clang 1.3.1 36.27 NOTE
r-devel-linux-x86_64-fedora-gcc 1.3.1 35.01 OK
r-devel-windows-ix86+x86_64 1.3.1 5.00 54.00 59.00 NOTE
r-patched-linux-x86_64 1.3.1 1.58 27.16 28.74 OK
r-patched-solaris-x86 1.3.1 60.00 NOTE
r-release-linux-x86_64 1.3.1 1.62 26.37 27.99 OK
r-release-windows-ix86+x86_64 1.3.1 3.00 49.00 52.00 NOTE
r-release-osx-x86_64 1.3.1 NOTE
r-oldrel-windows-ix86+x86_64 1.3.1 2.00 36.00 38.00 NOTE
r-oldrel-osx-x86_64 1.3.1 NOTE

Check Details

Version: 1.3.1
Check: installed package size
Result: NOTE
     installed size is 6.1Mb
     sub-directories of 1Mb or more:
     data 6.1Mb
Flavors: r-devel-linux-x86_64-fedora-clang, r-devel-windows-ix86+x86_64, r-patched-solaris-x86, r-release-windows-ix86+x86_64, r-release-osx-x86_64, r-oldrel-windows-ix86+x86_64, r-oldrel-osx-x86_64