CRAN Package Check Results for Package iClick

Last updated on 2017-11-24 05:50:00 CET.

Flavor Version Tinstall Tcheck Ttotal Status Flags
r-devel-linux-x86_64-debian-clang 1.2 3.72 83.58 87.30 ERROR
r-devel-linux-x86_64-debian-gcc 1.2 4.34 113.03 117.37 ERROR
r-devel-linux-x86_64-fedora-clang 1.3 113.61 OK
r-devel-linux-x86_64-fedora-gcc 1.3 105.65 OK
r-devel-windows-ix86+x86_64 1.2 12.00 148.00 160.00 OK
r-patched-linux-x86_64 1.2 5.66 137.40 143.06 OK
r-patched-solaris-x86 1.3 180.20 OK
r-release-linux-x86_64 1.3 6.62 128.80 135.42 OK
r-release-windows-ix86+x86_64 1.2 13.00 97.00 110.00 OK
r-release-osx-x86_64 1.2 OK
r-oldrel-windows-ix86+x86_64 1.2 12.00 90.00 102.00 OK
r-oldrel-osx-x86_64 1.2 ERROR

Check Details

Version: 1.2
Check: examples
Result: ERROR
    Running examples in ‘iClick-Ex.R’ failed
    The error most likely occurred in:
    
    > base::assign(".ptime", proc.time(), pos = "CheckExEnv")
    > ### Name: iClick.GARCH
    > ### Title: iClick Output GUI for Univariate GARCH Models
    > ### Aliases: iClick.GARCH
    >
    > ### ** Examples
    >
    >
    > ##==External data
    > #data("returnsDaily24")
    > #y=returnsDaily24[,c(1,5)]
    >
    > ##== Simulation data
    > dat=rnorm(100,0.5,1)
    > y=ts(dat, start = c(1970, 1), frequency = 12)
    >
    > meanEQ=list(AR=1,MA=0,Exo=NULL, autoFitArma=FALSE,arfimaDiff=FALSE,archM=FALSE)
    > # If there are external regressors X, put them as Exo=X
    > # autoFitArma=TRUE, If you want to fit arma automatically.
    > # arfimaDiff=TRUE,to take ARFIMA difference
    > # archM=TRUE, to estimate GARCH-in-mean
    >
    > garchEQ=list(Type="sGARCH",P=1,Q=1, exo=NULL)
    > # Type: "sGARCH","eGARCH","gjrGARCH","iGARCH","apGARCH"
    > # please check rugarch for details.
    > # P is the ARCH order
    > # Q is the GARCH order
    > iClick.GARCH(y,meanEQ, garchEQ, n.ahead=10)
    Warning in Sys.setlocale(category = "LC_ALL", locale = "English_United States.1252") :
     OS reports request to set locale to "English_United States.1252" cannot be honored
    Error in merge.xts(..., all = all, fill = fill, suffixes = suffixes) :
     Value of SET_STRING_ELT() must be a 'CHARSXP' not a 'NULL'
    Calls: iClick.GARCH -> cbind -> cbind -> merge.xts -> .External
    Execution halted
Flavors: r-devel-linux-x86_64-debian-clang, r-devel-linux-x86_64-debian-gcc

Version: 1.2
Check: whether package can be installed
Result: WARN
    Found the following significant warnings:
     Warning: 'rgl_init' failed, running with rgl.useNULL = TRUE
Flavor: r-oldrel-osx-x86_64

Version: 1.2
Check: dependencies in R code
Result: NOTE
    Invalid MIT-MAGIC-COOKIE-1 keyInvalid MIT-MAGIC-COOKIE-1 key
Flavor: r-oldrel-osx-x86_64

Version: 1.2
Check: S3 generic/method consistency
Result: WARN
    Invalid MIT-MAGIC-COOKIE-1 keyInvalid MIT-MAGIC-COOKIE-1 key
    See section ‘Generic functions and methods’ in the ‘Writing R
    Extensions’ manual.
Flavor: r-oldrel-osx-x86_64

Version: 1.2
Check: replacement functions
Result: WARN
    Invalid MIT-MAGIC-COOKIE-1 keyInvalid MIT-MAGIC-COOKIE-1 key
    The argument of a replacement function which corresponds to the right
    hand side must be named ‘value’.
Flavor: r-oldrel-osx-x86_64

Version: 1.2
Check: foreign function calls
Result: NOTE
    Invalid MIT-MAGIC-COOKIE-1 keyInvalid MIT-MAGIC-COOKIE-1 key
    See chapter ‘System and foreign language interfaces’ in the ‘Writing R
    Extensions’ manual.
Flavor: r-oldrel-osx-x86_64

Version: 1.2
Check: R code for possible problems
Result: NOTE
    Invalid MIT-MAGIC-COOKIE-1 keyInvalid MIT-MAGIC-COOKIE-1 key
Flavor: r-oldrel-osx-x86_64

Version: 1.2
Check: for missing documentation entries
Result: WARN
    Invalid MIT-MAGIC-COOKIE-1 keyInvalid MIT-MAGIC-COOKIE-1 key
    All user-level objects in a package should have documentation entries.
    See chapter ‘Writing R documentation files’ in the ‘Writing R
    Extensions’ manual.
Flavor: r-oldrel-osx-x86_64

Version: 1.2
Check: for code/documentation mismatches
Result: WARN
    Invalid MIT-MAGIC-COOKIE-1 keyInvalid MIT-MAGIC-COOKIE-1 key
    Invalid MIT-MAGIC-COOKIE-1 keyInvalid MIT-MAGIC-COOKIE-1 key
    Invalid MIT-MAGIC-COOKIE-1 keyInvalid MIT-MAGIC-COOKIE-1 key
Flavor: r-oldrel-osx-x86_64

Version: 1.2
Check: Rd \usage sections
Result: NOTE
    Invalid MIT-MAGIC-COOKIE-1 keyInvalid MIT-MAGIC-COOKIE-1 key
    The \usage entries for S3 methods should use the \method markup and not
    their full name.
    See chapter ‘Writing R documentation files’ in the ‘Writing R
    Extensions’ manual.
Flavor: r-oldrel-osx-x86_64

Version: 1.2
Check: examples
Result: ERROR
    Running examples in ‘iClick-Ex.R’ failed
    The error most likely occurred in:
    
    > ### Name: iClick.ARIMA
    > ### Title: iClick GUI for ARIMA
    > ### Aliases: iClick.ARIMA
    >
    > ### ** Examples
    >
    >
    > ##External data
    > #data("returnsDaily24")
    > #y=returnsDaily24[,c(1,5)]
    >
    > ## Simulation data
    > dat=rnorm(100,5,1)
    > y=ts(dat, start = c(1970, 1), frequency = 12)
    >
    > iClick.ARIMA(y)
    Error in structure(.External(.C_dotTclObjv, objv), class = "tclObj") :
     [tcl] invalid command name "toplevel".
    Calls: iClick.ARIMA ... tktoplevel -> tkwidget -> tcl -> .Tcl.objv -> structure
    Execution halted
Flavor: r-oldrel-osx-x86_64