CRAN Package Check Results for Package iCluster

Last updated on 2014-04-19 03:49:21.

Flavor Version Tinstall Tcheck Ttotal Status Flags
r-devel-linux-x86_64-debian-clang 2.1.0 1.72 22.61 24.33 NOTE
r-devel-linux-x86_64-debian-gcc 2.1.0 1.59 22.56 24.15 NOTE
r-devel-linux-x86_64-fedora-clang 2.1.0 48.24 NOTE
r-devel-linux-x86_64-fedora-gcc 2.1.0 44.82 NOTE
r-devel-macosx-x86_64-clang 2.1.0 44.10 NOTE
r-devel-macosx-x86_64-gcc 2.1.0 NOTE
r-devel-windows-ix86+x86_64 2.1.0 6.00 34.00 40.00 NOTE
r-patched-linux-x86_64 2.1.0 1.76 23.10 24.86 NOTE
r-patched-solaris-sparc 2.1.0 287.20 NOTE
r-patched-solaris-x86 2.1.0 61.40 NOTE
r-release-linux-ix86 2.1.0 5.00 43.00 48.00 NOTE
r-release-linux-x86_64 2.1.0 1.59 23.18 24.77 NOTE
r-release-macosx-x86_64 2.1.0 ERROR
r-release-windows-ix86+x86_64 2.1.0 6.00 37.00 43.00 NOTE
r-oldrel-windows-ix86+x86_64 2.1.0 7.00 39.00 46.00 NOTE

Check Details

Version: 2.1.0
Check: package dependencies
Result: NOTE
    Depends: includes the non-default packages:
     ‘lattice’ ‘caTools’ ‘gdata’ ‘gtools’ ‘gplots’ ‘parallel’
    Adding so many packages to the search path is excessive and importing
    selectively is preferable.
Flavors: r-devel-linux-x86_64-debian-clang, r-devel-linux-x86_64-debian-gcc, r-devel-linux-x86_64-fedora-clang, r-devel-linux-x86_64-fedora-gcc, r-devel-macosx-x86_64-clang, r-devel-macosx-x86_64-gcc, r-devel-windows-ix86+x86_64, r-patched-linux-x86_64, r-patched-solaris-sparc, r-patched-solaris-x86, r-release-linux-ix86, r-release-linux-x86_64, r-release-macosx-x86_64, r-release-windows-ix86+x86_64

Version: 2.1.0
Check: dependencies in R code
Result: NOTE
    Packages in Depends field not imported from:
     ‘caTools’ ‘gdata’ ‘gplots’ ‘gtools’ ‘lattice’
     These packages need to be imported from (in the NAMESPACE file)
     for when this namespace is loaded but not attached.
    See the information on DESCRIPTION files in the chapter ‘Creating R
    packages’ of the ‘Writing R Extensions’ manual.
Flavors: r-devel-linux-x86_64-debian-clang, r-devel-linux-x86_64-debian-gcc, r-devel-linux-x86_64-fedora-clang, r-devel-linux-x86_64-fedora-gcc, r-devel-macosx-x86_64-clang, r-devel-macosx-x86_64-gcc, r-devel-windows-ix86+x86_64, r-patched-linux-x86_64, r-patched-solaris-sparc, r-patched-solaris-x86, r-release-linux-ix86, r-release-linux-x86_64, r-release-windows-ix86+x86_64, r-oldrel-windows-ix86+x86_64

Version: 2.1.0
Check: R code for possible problems
Result: NOTE
    Found the following calls to data() loading into the global environment:
    File ‘iCluster/R/tune.iCluster2.R’:
     data(glp)
    See section ‘Good practice’ in ‘?data’.
Flavors: r-devel-linux-x86_64-debian-clang, r-devel-linux-x86_64-debian-gcc, r-devel-linux-x86_64-fedora-clang, r-devel-macosx-x86_64-clang, r-patched-linux-x86_64, r-release-linux-ix86, r-release-linux-x86_64

Version: 2.1.0
Check: whether package can be installed
Result: ERROR
    Installation failed.
    See ‘/Volumes/XT3/Builds/R-dev-web/QA/Simon/packages/snowleopard-x86_64/results/3.1/iCluster.Rcheck/00install.out’ for details.
Flavor: r-release-macosx-x86_64