CRAN Package Check Results for Package iCluster

Last updated on 2014-12-21 21:47:22.

Flavor Version Tinstall Tcheck Ttotal Status Flags
r-devel-linux-x86_64-debian-clang 2.1.0 1.64 22.36 24.00 NOTE
r-devel-linux-x86_64-debian-gcc 2.1.0 1.52 21.44 22.96 NOTE
r-devel-linux-x86_64-fedora-clang 2.1.0 47.59 NOTE
r-devel-linux-x86_64-fedora-gcc 2.1.0 45.99 NOTE
r-devel-osx-x86_64-clang 2.1.0 44.84 NOTE
r-devel-windows-ix86+x86_64 2.1.0 6.00 36.00 42.00 NOTE
r-patched-linux-x86_64 2.1.0 1.61 21.85 23.46 NOTE
r-patched-solaris-sparc 2.1.0 286.90 NOTE
r-patched-solaris-x86 2.1.0 61.10 NOTE
r-release-linux-ix86 2.1.0 2.30 29.54 31.84 NOTE
r-release-linux-x86_64 2.1.0 1.66 21.68 23.34 NOTE
r-release-osx-x86_64-mavericks 2.1.0 NOTE
r-release-osx-x86_64-snowleopard 2.1.0 ERROR
r-release-windows-ix86+x86_64 2.1.0 8.00 38.00 46.00 NOTE
r-oldrel-windows-ix86+x86_64 2.1.0 8.00 42.00 50.00 NOTE

Check Details

Version: 2.1.0
Check: package dependencies
Result: NOTE
    Depends: includes the non-default packages:
     ‘lattice’ ‘caTools’ ‘gdata’ ‘gtools’ ‘gplots’ ‘parallel’
    Adding so many packages to the search path is excessive and importing
    selectively is preferable.
Flavors: r-devel-linux-x86_64-debian-clang, r-devel-linux-x86_64-debian-gcc, r-devel-linux-x86_64-fedora-clang, r-devel-linux-x86_64-fedora-gcc, r-devel-osx-x86_64-clang, r-devel-windows-ix86+x86_64, r-patched-linux-x86_64, r-patched-solaris-sparc, r-patched-solaris-x86, r-release-linux-ix86, r-release-linux-x86_64, r-release-osx-x86_64-mavericks, r-release-osx-x86_64-snowleopard, r-release-windows-ix86+x86_64

Version: 2.1.0
Check: dependencies in R code
Result: NOTE
    Packages in Depends field not imported from:
     ‘caTools’ ‘gdata’ ‘gplots’ ‘gtools’ ‘lattice’ ‘parallel’
     These packages need to be imported from (in the NAMESPACE file)
     for when this namespace is loaded but not attached.
    See the information on DESCRIPTION files in the chapter ‘Creating R
    packages’ of the ‘Writing R Extensions’ manual.
Flavors: r-devel-linux-x86_64-debian-clang, r-devel-linux-x86_64-debian-gcc, r-devel-linux-x86_64-fedora-clang, r-devel-linux-x86_64-fedora-gcc, r-devel-osx-x86_64-clang, r-devel-windows-ix86+x86_64, r-patched-linux-x86_64, r-patched-solaris-sparc, r-patched-solaris-x86, r-release-linux-ix86, r-release-linux-x86_64, r-release-windows-ix86+x86_64

Version: 2.1.0
Check: R code for possible problems
Result: NOTE
    plotHeatmap: no visible global function definition for ‘bluered’
    plotHeatmap : my.panel.levelplot: no visible global function definition
     for ‘panel.levelplot’
    plotHeatmap : my.panel.levelplot: no visible global function definition
     for ‘panel.abline’
    plotHeatmap : my.panel.levelplot.2: no visible global function
     definition for ‘panel.levelplot’
    plotHeatmap : my.panel.levelplot.2: no visible global function
     definition for ‘panel.abline’
    plotHeatmap: no visible global function definition for ‘levelplot’
    tune.iCluster2: no visible binding for global variable ‘glp’
    tune.iCluster2: no visible global function definition for ‘mclapply’
    
    Found the following calls to data() loading into the global environment:
    File ‘iCluster/R/tune.iCluster2.R’:
     data(glp)
    See section ‘Good practice’ in ‘?data’.
Flavors: r-devel-linux-x86_64-debian-clang, r-devel-linux-x86_64-debian-gcc, r-devel-linux-x86_64-fedora-clang, r-devel-osx-x86_64-clang, r-patched-linux-x86_64, r-release-linux-ix86, r-release-linux-x86_64

Version: 2.1.0
Check: R code for possible problems
Result: NOTE
    plotHeatmap: no visible global function definition for ‘bluered’
    plotHeatmap : my.panel.levelplot: no visible global function definition
     for ‘panel.levelplot’
    plotHeatmap : my.panel.levelplot: no visible global function definition
     for ‘panel.abline’
    plotHeatmap : my.panel.levelplot.2: no visible global function
     definition for ‘panel.levelplot’
    plotHeatmap : my.panel.levelplot.2: no visible global function
     definition for ‘panel.abline’
    plotHeatmap: no visible global function definition for ‘levelplot’
    tune.iCluster2: no visible binding for global variable ‘glp’
    tune.iCluster2: no visible global function definition for ‘mclapply’
Flavors: r-devel-linux-x86_64-fedora-gcc, r-devel-windows-ix86+x86_64, r-patched-solaris-sparc, r-patched-solaris-x86, r-release-windows-ix86+x86_64

Version: 2.1.0
Check: dependencies in R code
Result: NOTE
    Packages in Depends field not imported from:
     ‘caTools’ ‘gdata’ ‘gplots’ ‘gtools’ ‘lattice’
     These packages need to be imported from (in the NAMESPACE file)
     for when this namespace is loaded but not attached.
    See the information on DESCRIPTION files in the chapter ‘Creating R
    packages’ of the ‘Writing R Extensions’ manual.
Flavors: r-release-osx-x86_64-mavericks, r-oldrel-windows-ix86+x86_64

Version: 2.1.0
Check: whether package can be installed
Result: ERROR
    Installation failed.
Flavor: r-release-osx-x86_64-snowleopard