CRAN Package Check Results for Package iFad

Last updated on 2015-07-02 17:47:21.

Flavor Version Tinstall Tcheck Ttotal Status Flags
r-devel-linux-x86_64-debian-clang 3.0 1.13 17.91 19.04 NOTE
r-devel-linux-x86_64-debian-gcc 3.0 1.17 17.43 18.60 NOTE
r-devel-linux-x86_64-fedora-clang 3.0 36.95 NOTE
r-devel-linux-x86_64-fedora-gcc 3.0 34.45 NOTE
r-devel-osx-x86_64-clang 3.0 36.31 OK
r-devel-windows-ix86+x86_64 3.0 5.00 32.00 37.00 NOTE
r-patched-linux-x86_64 3.0 1.12 17.60 18.72 OK
r-patched-solaris-sparc 3.0 226.00 OK
r-patched-solaris-x86 3.0 52.70 OK
r-release-linux-x86_64 3.0 1.22 17.92 19.14 OK
r-release-osx-x86_64-mavericks 3.0 OK
r-release-windows-ix86+x86_64 3.0 5.00 33.00 38.00 OK
r-oldrel-windows-ix86+x86_64 3.0 8.00 46.00 54.00 OK

Check Details

Version: 3.0
Check: R code for possible problems
Result: NOTE
    ROC_plot: no visible global function definition for ‘pdf’
    ROC_plot: no visible global function definition for ‘par’
    ROC_plot: no visible global function definition for ‘dev.off’
    Ymean_compare: no visible binding for global variable ‘sd’
    Ymean_compare: no visible global function definition for ‘pdf’
    Ymean_compare: no visible global function definition for ‘par’
    Ymean_compare: no visible global function definition for ‘dev.off’
    data_simulation: no visible global function definition for ‘rnorm’
    gibbs_sampling: no visible global function definition for ‘rnorm’
    mcmc_trace_plot: no visible global function definition for ‘pdf’
    mcmc_trace_plot: no visible global function definition for ‘dev.off’
Flavors: r-devel-linux-x86_64-debian-clang, r-devel-linux-x86_64-debian-gcc, r-devel-windows-ix86+x86_64

Version: 3.0
Check: R code for possible problems
Result: NOTE
    ROC_plot: no visible global function definition for ‘pdf’
    ROC_plot: no visible global function definition for ‘par’
    ROC_plot: no visible global function definition for ‘dev.off’
    Ymean_compare: no visible binding for global variable ‘sd’
    Ymean_compare: no visible global function definition for ‘pdf’
    Ymean_compare: no visible global function definition for ‘par’
    Ymean_compare: no visible global function definition for ‘dev.off’
    data_simulation: no visible global function definition for ‘rnorm’
    gibbs_sampling: no visible global function definition for ‘rnorm’
    mcmc_trace_plot: no visible global function definition for ‘pdf’
    mcmc_trace_plot: no visible global function definition for ‘dev.off’
    Undefined global functions or variables:
     dev.off par pdf rnorm sd
Flavors: r-devel-linux-x86_64-fedora-clang, r-devel-linux-x86_64-fedora-gcc