CRAN Package Check Results for Package iFad

Last updated on 2016-02-11 21:46:46.

Flavor Version Tinstall Tcheck Ttotal Status Flags
r-devel-linux-x86_64-debian-gcc 3.0 1.18 16.36 17.54 NOTE
r-devel-linux-x86_64-fedora-clang 3.0 32.81 NOTE
r-devel-linux-x86_64-fedora-gcc 3.0 31.68 NOTE
r-devel-osx-x86_64-clang 3.0 37.58 NOTE
r-devel-windows-ix86+x86_64 3.0 7.00 50.00 57.00 NOTE
r-patched-linux-x86_64 3.0 1.30 18.04 19.34 OK
r-patched-solaris-sparc 3.0 210.90 OK
r-patched-solaris-x86 3.0 47.90 OK
r-release-linux-x86_64 3.0 1.37 17.81 19.18 OK
r-release-osx-x86_64-mavericks 3.0 OK
r-release-windows-ix86+x86_64 3.0 8.00 35.00 43.00 OK
r-oldrel-windows-ix86+x86_64 3.0 12.00 48.00 60.00 OK

Check Details

Version: 3.0
Check: R code for possible problems
Result: NOTE
    ROC_plot: no visible global function definition for ‘pdf’
    ROC_plot: no visible global function definition for ‘par’
    ROC_plot: no visible global function definition for ‘dev.off’
    Ymean_compare: no visible binding for global variable ‘sd’
    Ymean_compare: no visible global function definition for ‘pdf’
    Ymean_compare: no visible global function definition for ‘par’
    Ymean_compare: no visible global function definition for ‘dev.off’
    data_simulation: no visible global function definition for ‘rnorm’
    gibbs_sampling: no visible global function definition for ‘rnorm’
    mcmc_trace_plot: no visible global function definition for ‘pdf’
    mcmc_trace_plot: no visible global function definition for ‘dev.off’
    Undefined global functions or variables:
     dev.off par pdf rnorm sd
    Consider adding
     importFrom("grDevices", "dev.off", "pdf")
     importFrom("graphics", "par")
     importFrom("stats", "rnorm", "sd")
    to your NAMESPACE file.
Flavors: r-devel-linux-x86_64-debian-gcc, r-devel-linux-x86_64-fedora-clang, r-devel-linux-x86_64-fedora-gcc, r-devel-osx-x86_64-clang, r-devel-windows-ix86+x86_64