CRAN Package Check Results for Package iFad

Last updated on 2016-12-10 23:48:43.

Flavor Version Tinstall Tcheck Ttotal Status Flags
r-devel-linux-x86_64-debian-clang 3.0 1.27 21.78 23.05 NOTE
r-devel-linux-x86_64-debian-gcc 3.0 1.24 21.47 22.71 NOTE
r-devel-linux-x86_64-fedora-clang 3.0 40.67 NOTE --no-stop-on-test-error
r-devel-linux-x86_64-fedora-gcc 3.0 39.08 NOTE --no-stop-on-test-error
r-devel-macos-x86_64-clang 3.0 33.48 NOTE --no-stop-on-test-error
r-devel-windows-ix86+x86_64 3.0 5.00 43.00 48.00 NOTE
r-patched-linux-x86_64 3.0 1.24 18.13 19.37 NOTE
r-patched-solaris-sparc 3.0 205.60 NOTE
r-patched-solaris-x86 3.0 45.40 NOTE
r-release-linux-x86_64 3.0 1.25 17.87 19.11 NOTE
r-release-osx-x86_64-mavericks 3.0 NOTE
r-release-windows-ix86+x86_64 3.0 6.00 56.00 62.00 NOTE
r-oldrel-windows-ix86+x86_64 3.0 6.00 54.00 60.00 OK

Check Details

Version: 3.0
Check: R code for possible problems
Result: NOTE
    ROC_plot: no visible global function definition for ‘pdf’
    ROC_plot: no visible global function definition for ‘par’
    ROC_plot: no visible global function definition for ‘dev.off’
    Ymean_compare: no visible binding for global variable ‘sd’
    Ymean_compare: no visible global function definition for ‘pdf’
    Ymean_compare: no visible global function definition for ‘par’
    Ymean_compare: no visible global function definition for ‘dev.off’
    data_simulation: no visible global function definition for ‘rnorm’
    gibbs_sampling: no visible global function definition for ‘rnorm’
    mcmc_trace_plot: no visible global function definition for ‘pdf’
    mcmc_trace_plot: no visible global function definition for ‘dev.off’
    Undefined global functions or variables:
     dev.off par pdf rnorm sd
    Consider adding
     importFrom("grDevices", "dev.off", "pdf")
     importFrom("graphics", "par")
     importFrom("stats", "rnorm", "sd")
    to your NAMESPACE file.
Flavors: r-devel-linux-x86_64-debian-clang, r-devel-linux-x86_64-debian-gcc, r-devel-windows-ix86+x86_64, r-patched-linux-x86_64, r-patched-solaris-sparc, r-patched-solaris-x86, r-release-linux-x86_64, r-release-osx-x86_64-mavericks, r-release-windows-ix86+x86_64

Version: 3.0
Flags: --no-stop-on-test-error
Check: R code for possible problems
Result: NOTE
    ROC_plot: no visible global function definition for ‘pdf’
    ROC_plot: no visible global function definition for ‘par’
    ROC_plot: no visible global function definition for ‘dev.off’
    Ymean_compare: no visible binding for global variable ‘sd’
    Ymean_compare: no visible global function definition for ‘pdf’
    Ymean_compare: no visible global function definition for ‘par’
    Ymean_compare: no visible global function definition for ‘dev.off’
    data_simulation: no visible global function definition for ‘rnorm’
    gibbs_sampling: no visible global function definition for ‘rnorm’
    mcmc_trace_plot: no visible global function definition for ‘pdf’
    mcmc_trace_plot: no visible global function definition for ‘dev.off’
    Undefined global functions or variables:
     dev.off par pdf rnorm sd
    Consider adding
     importFrom("grDevices", "dev.off", "pdf")
     importFrom("graphics", "par")
     importFrom("stats", "rnorm", "sd")
    to your NAMESPACE file.
Flavors: r-devel-linux-x86_64-fedora-clang, r-devel-linux-x86_64-fedora-gcc, r-devel-macos-x86_64-clang