CRAN Package Check Results for Package iFad

Last updated on 2016-09-25 17:47:51.

Flavor Version Tinstall Tcheck Ttotal Status Flags
r-devel-linux-x86_64-debian-clang 3.0 1.13 18.16 19.29 NOTE
r-devel-linux-x86_64-debian-gcc 3.0 1.28 17.57 18.84 NOTE
r-devel-linux-x86_64-fedora-clang 3.0 32.70 NOTE
r-devel-linux-x86_64-fedora-gcc 3.0 32.10 NOTE
r-devel-macos-x86_64-clang 3.0 29.22 NOTE
r-devel-windows-ix86+x86_64 3.0 7.00 57.00 64.00 NOTE
r-patched-linux-x86_64 3.0 1.33 17.52 18.85 NOTE
r-patched-solaris-sparc 3.0 205.60 NOTE
r-patched-solaris-x86 3.0 45.30 NOTE
r-release-linux-x86_64 3.0 1.16 18.43 19.59 NOTE
r-release-osx-x86_64-mavericks 3.0 NOTE
r-release-windows-ix86+x86_64 3.0 5.00 42.00 47.00 NOTE
r-oldrel-windows-ix86+x86_64 3.0 11.00 52.00 63.00 OK

Check Details

Version: 3.0
Check: R code for possible problems
Result: NOTE
    ROC_plot: no visible global function definition for ‘pdf’
    ROC_plot: no visible global function definition for ‘par’
    ROC_plot: no visible global function definition for ‘dev.off’
    Ymean_compare: no visible binding for global variable ‘sd’
    Ymean_compare: no visible global function definition for ‘pdf’
    Ymean_compare: no visible global function definition for ‘par’
    Ymean_compare: no visible global function definition for ‘dev.off’
    data_simulation: no visible global function definition for ‘rnorm’
    gibbs_sampling: no visible global function definition for ‘rnorm’
    mcmc_trace_plot: no visible global function definition for ‘pdf’
    mcmc_trace_plot: no visible global function definition for ‘dev.off’
    Undefined global functions or variables:
     dev.off par pdf rnorm sd
    Consider adding
     importFrom("grDevices", "dev.off", "pdf")
     importFrom("graphics", "par")
     importFrom("stats", "rnorm", "sd")
    to your NAMESPACE file.
Flavors: r-devel-linux-x86_64-debian-clang, r-devel-linux-x86_64-debian-gcc, r-devel-linux-x86_64-fedora-clang, r-devel-linux-x86_64-fedora-gcc, r-devel-macos-x86_64-clang, r-devel-windows-ix86+x86_64, r-patched-linux-x86_64, r-patched-solaris-sparc, r-patched-solaris-x86, r-release-linux-x86_64, r-release-osx-x86_64-mavericks, r-release-windows-ix86+x86_64