CRAN Package Check Results for Package iFad

Last updated on 2016-07-25 17:49:39.

Flavor Version Tinstall Tcheck Ttotal Status Flags
r-devel-linux-x86_64-debian-clang 3.0 1.21 21.02 22.23 NOTE
r-devel-linux-x86_64-debian-gcc 3.0 1.29 21.45 22.74 NOTE
r-devel-linux-x86_64-fedora-clang 3.0 32.13 NOTE
r-devel-linux-x86_64-fedora-gcc 3.0 30.94 NOTE
r-devel-osx-x86_64-clang 3.0 29.16 NOTE
r-devel-windows-ix86+x86_64 3.0 7.00 49.00 56.00 NOTE
r-patched-linux-x86_64 3.0 1.45 21.02 22.46 NOTE
r-patched-solaris-sparc 3.0 205.60 NOTE
r-patched-solaris-x86 3.0 44.70 NOTE
r-release-linux-x86_64 3.0 1.47 21.56 23.03 NOTE
r-release-osx-x86_64-mavericks 3.0 NOTE
r-release-windows-ix86+x86_64 3.0 9.00 64.00 73.00 NOTE
r-oldrel-windows-ix86+x86_64 3.0 10.00 62.00 72.00 OK

Check Details

Version: 3.0
Check: R code for possible problems
Result: NOTE
    ROC_plot: no visible global function definition for ‘pdf’
    ROC_plot: no visible global function definition for ‘par’
    ROC_plot: no visible global function definition for ‘dev.off’
    Ymean_compare: no visible binding for global variable ‘sd’
    Ymean_compare: no visible global function definition for ‘pdf’
    Ymean_compare: no visible global function definition for ‘par’
    Ymean_compare: no visible global function definition for ‘dev.off’
    data_simulation: no visible global function definition for ‘rnorm’
    gibbs_sampling: no visible global function definition for ‘rnorm’
    mcmc_trace_plot: no visible global function definition for ‘pdf’
    mcmc_trace_plot: no visible global function definition for ‘dev.off’
    Undefined global functions or variables:
     dev.off par pdf rnorm sd
    Consider adding
     importFrom("grDevices", "dev.off", "pdf")
     importFrom("graphics", "par")
     importFrom("stats", "rnorm", "sd")
    to your NAMESPACE file.
Flavors: r-devel-linux-x86_64-debian-clang, r-devel-linux-x86_64-debian-gcc, r-devel-linux-x86_64-fedora-clang, r-devel-linux-x86_64-fedora-gcc, r-devel-osx-x86_64-clang, r-devel-windows-ix86+x86_64, r-patched-linux-x86_64, r-patched-solaris-sparc, r-patched-solaris-x86, r-release-linux-x86_64, r-release-osx-x86_64-mavericks, r-release-windows-ix86+x86_64