CRAN Package Check Results for Package iFad

Last updated on 2015-08-02 11:47:24.

Flavor Version Tinstall Tcheck Ttotal Status Flags
r-devel-linux-x86_64-debian-clang 3.0 1.23 18.28 19.51 NOTE
r-devel-linux-x86_64-debian-gcc 3.0 1.23 18.32 19.55 NOTE
r-devel-linux-x86_64-fedora-clang 3.0 37.96 NOTE
r-devel-linux-x86_64-fedora-gcc 3.0 35.46 NOTE
r-devel-osx-x86_64-clang 3.0 36.88 OK
r-devel-windows-ix86+x86_64 3.0 6.00 34.00 40.00 NOTE
r-patched-linux-x86_64 3.0 1.20 17.43 18.63 OK
r-patched-solaris-sparc 3.0 230.40 OK
r-patched-solaris-x86 3.0 53.20 OK
r-release-linux-x86_64 3.0 1.43 18.16 19.59 OK
r-release-osx-x86_64-mavericks 3.0 OK
r-release-windows-ix86+x86_64 3.0 6.00 63.00 69.00 OK
r-oldrel-windows-ix86+x86_64 3.0 13.00 48.00 61.00 OK

Check Details

Version: 3.0
Check: R code for possible problems
Result: NOTE
    ROC_plot: no visible global function definition for ‘pdf’
    ROC_plot: no visible global function definition for ‘par’
    ROC_plot: no visible global function definition for ‘dev.off’
    Ymean_compare: no visible binding for global variable ‘sd’
    Ymean_compare: no visible global function definition for ‘pdf’
    Ymean_compare: no visible global function definition for ‘par’
    Ymean_compare: no visible global function definition for ‘dev.off’
    data_simulation: no visible global function definition for ‘rnorm’
    gibbs_sampling: no visible global function definition for ‘rnorm’
    mcmc_trace_plot: no visible global function definition for ‘pdf’
    mcmc_trace_plot: no visible global function definition for ‘dev.off’
    Undefined global functions or variables:
     dev.off par pdf rnorm sd
    Consider adding
     importFrom("grDevices", "dev.off", "pdf")
     importFrom("graphics", "par")
     importFrom("stats", "rnorm", "sd")
    to your NAMESPACE.
Flavors: r-devel-linux-x86_64-debian-clang, r-devel-linux-x86_64-debian-gcc, r-devel-linux-x86_64-fedora-clang, r-devel-linux-x86_64-fedora-gcc, r-devel-windows-ix86+x86_64