CRAN Package Check Results for Package iFad

Last updated on 2018-07-17 06:48:07 CEST.

Flavor Version Tinstall Tcheck Ttotal Status Flags
r-devel-linux-x86_64-debian-clang 3.0 2.75 29.15 31.90 NOTE
r-devel-linux-x86_64-debian-gcc 3.0 2.05 25.25 27.30 NOTE
r-devel-linux-x86_64-fedora-clang 3.0 41.65 NOTE
r-devel-linux-x86_64-fedora-gcc 3.0 37.85 NOTE
r-devel-windows-ix86+x86_64 3.0 9.00 48.00 57.00 NOTE
r-patched-linux-x86_64 3.0 1.96 30.51 32.47 NOTE
r-patched-solaris-x86 3.0 58.90 NOTE
r-release-linux-x86_64 3.0 2.40 30.63 33.03 NOTE
r-release-windows-ix86+x86_64 3.0 11.00 75.00 86.00 NOTE
r-release-osx-x86_64 3.0 NOTE
r-oldrel-windows-ix86+x86_64 3.0 4.00 46.00 50.00 NOTE
r-oldrel-osx-x86_64 3.0 NOTE

Check Details

Version: 3.0
Check: R code for possible problems
Result: NOTE
    ROC_plot: no visible global function definition for ‘pdf’
    ROC_plot: no visible global function definition for ‘par’
    ROC_plot: no visible global function definition for ‘dev.off’
    Ymean_compare: no visible binding for global variable ‘sd’
    Ymean_compare: no visible global function definition for ‘pdf’
    Ymean_compare: no visible global function definition for ‘par’
    Ymean_compare: no visible global function definition for ‘dev.off’
    data_simulation: no visible global function definition for ‘rnorm’
    gibbs_sampling: no visible global function definition for ‘rnorm’
    mcmc_trace_plot: no visible global function definition for ‘pdf’
    mcmc_trace_plot: no visible global function definition for ‘dev.off’
    Undefined global functions or variables:
     dev.off par pdf rnorm sd
    Consider adding
     importFrom("grDevices", "dev.off", "pdf")
     importFrom("graphics", "par")
     importFrom("stats", "rnorm", "sd")
    to your NAMESPACE file.
Flavors: r-devel-linux-x86_64-debian-clang, r-devel-linux-x86_64-debian-gcc, r-devel-linux-x86_64-fedora-clang, r-devel-linux-x86_64-fedora-gcc, r-devel-windows-ix86+x86_64, r-patched-linux-x86_64, r-patched-solaris-x86, r-release-linux-x86_64, r-release-windows-ix86+x86_64, r-release-osx-x86_64, r-oldrel-windows-ix86+x86_64, r-oldrel-osx-x86_64