CRAN Package Check Results for Package iFad

Last updated on 2016-04-30 06:47:30.

Flavor Version Tinstall Tcheck Ttotal Status Flags
r-devel-linux-x86_64-debian-gcc 3.0 1.19 17.72 18.91 NOTE
r-devel-linux-x86_64-fedora-clang 3.0 34.19 NOTE
r-devel-linux-x86_64-fedora-gcc 3.0 31.52 NOTE
r-devel-osx-x86_64-clang 3.0 38.00 NOTE
r-devel-windows-ix86+x86_64 3.0 4.00 41.00 45.00 NOTE
r-patched-linux-x86_64 3.0 1.13 17.61 18.74 NOTE
r-patched-solaris-sparc 3.0 204.00 NOTE
r-patched-solaris-x86 3.0 45.80 NOTE
r-release-linux-x86_64 3.0 1.38 18.86 20.24 OK
r-release-osx-x86_64-mavericks 3.0 OK
r-release-windows-ix86+x86_64 3.0 5.00 42.00 47.00 OK
r-oldrel-windows-ix86+x86_64 3.0 12.00 50.00 62.00 OK

Check Details

Version: 3.0
Check: R code for possible problems
Result: NOTE
    ROC_plot: no visible global function definition for ‘pdf’
    ROC_plot: no visible global function definition for ‘par’
    ROC_plot: no visible global function definition for ‘dev.off’
    Ymean_compare: no visible binding for global variable ‘sd’
    Ymean_compare: no visible global function definition for ‘pdf’
    Ymean_compare: no visible global function definition for ‘par’
    Ymean_compare: no visible global function definition for ‘dev.off’
    data_simulation: no visible global function definition for ‘rnorm’
    gibbs_sampling: no visible global function definition for ‘rnorm’
    mcmc_trace_plot: no visible global function definition for ‘pdf’
    mcmc_trace_plot: no visible global function definition for ‘dev.off’
    Undefined global functions or variables:
     dev.off par pdf rnorm sd
    Consider adding
     importFrom("grDevices", "dev.off", "pdf")
     importFrom("graphics", "par")
     importFrom("stats", "rnorm", "sd")
    to your NAMESPACE file.
Flavors: r-devel-linux-x86_64-debian-gcc, r-devel-linux-x86_64-fedora-clang, r-devel-linux-x86_64-fedora-gcc, r-devel-osx-x86_64-clang, r-devel-windows-ix86+x86_64, r-patched-linux-x86_64, r-patched-solaris-sparc, r-patched-solaris-x86