CRAN Package Check Results for Package iGasso

Last updated on 2015-05-04 06:47:03.

Flavor Version Tinstall Tcheck Ttotal Status Flags
r-devel-linux-x86_64-debian-clang 1.2 0.65 11.88 12.53 NOTE
r-devel-linux-x86_64-debian-gcc 1.2 0.64 11.40 12.04 NOTE
r-devel-linux-x86_64-fedora-clang 1.2 24.06 NOTE
r-devel-linux-x86_64-fedora-gcc 1.2 22.30 NOTE
r-devel-osx-x86_64-clang 1.2 28.66 NOTE
r-devel-windows-ix86+x86_64 1.2 3.00 21.00 24.00 NOTE
r-patched-linux-x86_64 1.2 0.65 11.45 12.10 NOTE
r-patched-solaris-sparc 1.2 160.20 NOTE
r-patched-solaris-x86 1.2 34.60 NOTE
r-release-linux-x86_64 1.2 0.72 11.55 12.28 NOTE
r-release-osx-x86_64-mavericks 1.2 NOTE
r-release-osx-x86_64-snowleopard 1.2 NOTE
r-release-windows-ix86+x86_64 1.2 3.00 19.00 22.00 NOTE
r-oldrel-windows-ix86+x86_64 1.2 3.00 30.00 33.00 OK

Check Details

Version: 1.2
Check: DESCRIPTION meta-information
Result: NOTE
    Malformed Description field: should contain one or more complete sentences.
Flavors: r-devel-linux-x86_64-debian-clang, r-devel-linux-x86_64-debian-gcc, r-devel-linux-x86_64-fedora-clang, r-devel-linux-x86_64-fedora-gcc, r-devel-osx-x86_64-clang, r-devel-windows-ix86+x86_64, r-patched-linux-x86_64, r-patched-solaris-sparc, r-patched-solaris-x86, r-release-linux-x86_64, r-release-osx-x86_64-mavericks, r-release-osx-x86_64-snowleopard, r-release-windows-ix86+x86_64