CRAN Package Check Results for Package iGasso

Last updated on 2015-03-26 19:47:41.

Flavor Version Tinstall Tcheck Ttotal Status Flags
r-devel-linux-x86_64-debian-clang 1.2 0.73 12.00 12.73 NOTE
r-devel-linux-x86_64-debian-gcc 1.2 0.74 12.34 13.08 NOTE
r-devel-linux-x86_64-fedora-clang 1.2 24.00 NOTE
r-devel-linux-x86_64-fedora-gcc 1.2 22.16 NOTE
r-devel-osx-x86_64-clang 1.2 31.92 NOTE
r-prerel-windows-ix86+x86_64 1.2 3.00 21.00 24.00 NOTE
r-prerel-linux-x86_64 1.2 0.73 11.47 12.20 NOTE
r-prerel-solaris-sparc 1.2 160.20 NOTE
r-prerel-solaris-x86 1.2 34.40 NOTE
r-release-linux-x86_64 1.2 0.95 13.48 14.43 OK
r-release-osx-x86_64-mavericks 1.2 OK
r-release-osx-x86_64-snowleopard 1.2 OK
r-release-windows-ix86+x86_64 1.2 4.00 26.00 30.00 OK
r-oldrel-windows-ix86+x86_64 1.2 4.00 24.00 28.00 OK

Check Details

Version: 1.2
Check: DESCRIPTION meta-information
Result: NOTE
    Malformed Description field: should contain one or more complete sentences.
Flavors: r-devel-linux-x86_64-debian-clang, r-devel-linux-x86_64-debian-gcc, r-devel-linux-x86_64-fedora-clang, r-devel-linux-x86_64-fedora-gcc, r-devel-osx-x86_64-clang, r-prerel-windows-ix86+x86_64, r-prerel-linux-x86_64, r-prerel-solaris-sparc, r-prerel-solaris-x86