CRAN Package Check Results for Package iGasso

Last updated on 2015-07-31 20:47:00.

Flavor Version Tinstall Tcheck Ttotal Status Flags
r-devel-linux-x86_64-debian-clang 1.2 0.71 11.24 11.94 NOTE
r-devel-linux-x86_64-debian-gcc 1.2 0.86 11.44 12.29 NOTE
r-devel-linux-x86_64-fedora-clang 1.2 23.49 NOTE
r-devel-linux-x86_64-fedora-gcc 1.2 22.24 NOTE
r-devel-osx-x86_64-clang 1.2 25.10 NOTE
r-devel-windows-ix86+x86_64 1.2 5.00 36.00 41.00 NOTE
r-patched-linux-x86_64 1.2 0.65 11.29 11.94 NOTE
r-patched-solaris-sparc 1.2 157.80 NOTE
r-patched-solaris-x86 1.2 35.00 NOTE
r-release-linux-x86_64 1.2 0.66 11.33 11.99 NOTE
r-release-osx-x86_64-mavericks 1.2 NOTE
r-release-windows-ix86+x86_64 1.2 5.00 31.00 36.00 NOTE
r-oldrel-windows-ix86+x86_64 1.2 4.00 28.00 32.00 OK

Check Details

Version: 1.2
Check: DESCRIPTION meta-information
Result: NOTE
    Malformed Description field: should contain one or more complete sentences.
Flavors: r-devel-linux-x86_64-debian-clang, r-devel-linux-x86_64-debian-gcc, r-devel-linux-x86_64-fedora-clang, r-devel-linux-x86_64-fedora-gcc, r-devel-osx-x86_64-clang, r-devel-windows-ix86+x86_64, r-patched-linux-x86_64, r-patched-solaris-sparc, r-patched-solaris-x86, r-release-linux-x86_64, r-release-osx-x86_64-mavericks, r-release-windows-ix86+x86_64

Version: 1.2
Check: R code for possible problems
Result: NOTE
    LMM.test: no visible global function definition for ‘pchisq’
    MFree.test : LR.test: no visible global function definition for
     ‘optimize’
    MFree.test: no visible global function definition for ‘pchisq’
    SNPass.test: no visible global function definition for ‘na.omit’
    SNPass.test: no visible global function definition for ‘anova’
    SNPass.test: no visible global function definition for ‘glm’
    SNPass.test: no visible global function definition for ‘binomial’
    SNPass.test: no visible global function definition for ‘pchisq’
    SNPass.test: no visible global function definition for ‘var’
    VSTF.test: no visible global function definition for ‘pchisq’
    genome.plot: no visible global function definition for ‘na.omit’
    mlmp.test: no visible binding for global variable ‘var’
    mlmp.test: no visible global function definition for ‘var’
    null.par: no visible global function definition for ‘optimize’
    Undefined global functions or variables:
     anova binomial glm na.omit optimize pchisq var
    Consider adding
     importFrom("stats", "anova", "binomial", "glm", "na.omit", "optimize",
     "pchisq", "var")
    to your NAMESPACE.
Flavors: r-devel-linux-x86_64-debian-clang, r-devel-linux-x86_64-debian-gcc, r-devel-linux-x86_64-fedora-clang, r-devel-linux-x86_64-fedora-gcc, r-devel-windows-ix86+x86_64