CRAN Package Check Results for Package iGasso

Last updated on 2015-09-01 06:48:06.

Flavor Version Tinstall Tcheck Ttotal Status Flags
r-devel-linux-x86_64-debian-clang 1.2 0.65 11.57 12.22 NOTE
r-devel-linux-x86_64-debian-gcc 1.2 0.65 11.24 11.88 NOTE
r-devel-linux-x86_64-fedora-clang 1.2 23.45 NOTE
r-devel-linux-x86_64-fedora-gcc 1.2 21.81 NOTE
r-devel-osx-x86_64-clang 1.2 23.23 NOTE
r-devel-windows-ix86+x86_64 1.2 5.00 27.00 32.00 NOTE
r-patched-linux-x86_64 1.2 0.65 11.43 12.08 NOTE
r-patched-solaris-sparc 1.2 157.80 NOTE
r-patched-solaris-x86 1.2 36.40 NOTE
r-release-linux-x86_64 1.2 0.68 11.54 12.22 NOTE
r-release-osx-x86_64-mavericks 1.2 NOTE
r-release-windows-ix86+x86_64 1.2 4.00 23.00 27.00 NOTE
r-oldrel-windows-ix86+x86_64 1.2 6.00 36.00 42.00 OK

Check Details

Version: 1.2
Check: DESCRIPTION meta-information
Result: NOTE
    Malformed Description field: should contain one or more complete sentences.
Flavors: r-devel-linux-x86_64-debian-clang, r-devel-linux-x86_64-debian-gcc, r-devel-linux-x86_64-fedora-clang, r-devel-linux-x86_64-fedora-gcc, r-devel-osx-x86_64-clang, r-devel-windows-ix86+x86_64, r-patched-linux-x86_64, r-patched-solaris-sparc, r-patched-solaris-x86, r-release-linux-x86_64, r-release-osx-x86_64-mavericks, r-release-windows-ix86+x86_64

Version: 1.2
Check: R code for possible problems
Result: NOTE
    LMM.test: no visible global function definition for ‘pchisq’
    MFree.test : LR.test: no visible global function definition for
     ‘optimize’
    MFree.test: no visible global function definition for ‘pchisq’
    SNPass.test: no visible global function definition for ‘na.omit’
    SNPass.test: no visible global function definition for ‘anova’
    SNPass.test: no visible global function definition for ‘glm’
    SNPass.test: no visible global function definition for ‘binomial’
    SNPass.test: no visible global function definition for ‘pchisq’
    SNPass.test: no visible global function definition for ‘var’
    VSTF.test: no visible global function definition for ‘pchisq’
    genome.plot: no visible global function definition for ‘na.omit’
    mlmp.test: no visible binding for global variable ‘var’
    mlmp.test: no visible global function definition for ‘var’
    null.par: no visible global function definition for ‘optimize’
    Undefined global functions or variables:
     anova binomial glm na.omit optimize pchisq var
    Consider adding
     importFrom("stats", "anova", "binomial", "glm", "na.omit", "optimize",
     "pchisq", "var")
    to your NAMESPACE.
Flavors: r-devel-linux-x86_64-debian-clang, r-devel-linux-x86_64-debian-gcc, r-devel-linux-x86_64-fedora-clang, r-devel-linux-x86_64-fedora-gcc, r-devel-windows-ix86+x86_64