CRAN Package Check Results for Package iRefR

Last updated on 2014-04-24 11:48:48.

Flavor Version Tinstall Tcheck Ttotal Status Flags
r-devel-linux-x86_64-debian-clang 1.13 1.94 39.55 41.49 NOTE
r-devel-linux-x86_64-debian-gcc 1.13 1.78 38.66 40.44 NOTE
r-devel-linux-x86_64-fedora-clang 1.13 88.03 NOTE
r-devel-linux-x86_64-fedora-gcc 1.13 84.26 NOTE
r-devel-osx-x86_64-clang 1.13 81.20 NOTE
r-devel-osx-x86_64-gcc 1.13 ERROR
r-devel-windows-ix86+x86_64 1.13 5.00 57.00 62.00 NOTE
r-patched-linux-x86_64 1.13 1.76 39.21 40.97 NOTE
r-patched-solaris-sparc 1.13 465.40 NOTE
r-patched-solaris-x86 1.13 107.50 NOTE
r-release-linux-ix86 1.13 3.00 67.00 70.00 NOTE
r-release-linux-x86_64 1.13 1.76 39.05 40.80 NOTE
r-release-osx-x86_64-mavericks 1.13 ERROR
r-release-osx-x86_64-snowleopard 1.13 NOTE
r-release-windows-ix86+x86_64 1.13 6.00 59.00 65.00 NOTE
r-oldrel-windows-ix86+x86_64 1.13 5.00 63.00 68.00 NOTE

Check Details

Version: 1.13
Check: dependencies in R code
Result: NOTE
    Packages in Depends field not imported from:
     ‘RBGL’ ‘graph’ ‘igraph’
     These packages need to be imported from (in the NAMESPACE file)
     for when this namespace is loaded but not attached.
    See the information on DESCRIPTION files in the chapter ‘Creating R
    packages’ of the ‘Writing R Extensions’ manual.
Flavors: r-devel-linux-x86_64-debian-clang, r-devel-linux-x86_64-debian-gcc, r-devel-linux-x86_64-fedora-clang, r-devel-linux-x86_64-fedora-gcc, r-devel-osx-x86_64-clang, r-devel-windows-ix86+x86_64, r-patched-linux-x86_64, r-patched-solaris-sparc, r-patched-solaris-x86, r-release-linux-ix86, r-release-linux-x86_64, r-release-osx-x86_64-snowleopard, r-release-windows-ix86+x86_64, r-oldrel-windows-ix86+x86_64

Version: 1.13
Check: package dependencies
Result: ERROR
    Packages required but not available: ‘igraph’ ‘graph’ ‘RBGL’
    
    See the information on DESCRIPTION files in the chapter ‘Creating R
    packages’ of the ‘Writing R Extensions’ manual.
Flavor: r-devel-osx-x86_64-gcc

Version: 1.13
Check: package dependencies
Result: ERROR
    Packages required but not available: ‘graph’ ‘RBGL’
    
    See the information on DESCRIPTION files in the chapter ‘Creating R
    packages’ of the ‘Writing R Extensions’ manual.
Flavor: r-release-osx-x86_64-mavericks