CRAN Package Check Results for Package iRefR

Last updated on 2017-04-27 10:48:27.

Flavor Version Tinstall Tcheck Ttotal Status Flags
r-devel-linux-x86_64-debian-clang 1.13 1.93 39.84 41.77 NOTE
r-devel-linux-x86_64-debian-gcc 1.13 1.61 39.64 41.25 NOTE
r-devel-linux-x86_64-fedora-clang 1.13 80.21 NOTE --no-stop-on-test-error
r-devel-linux-x86_64-fedora-gcc 1.13 53.94 NOTE --no-stop-on-test-error
r-devel-windows-ix86+x86_64 1.13 6.00 86.00 92.00 NOTE
r-patched-linux-x86_64 1.13 1.65 39.25 40.89 NOTE
r-patched-solaris-sparc 1.13 421.90 NOTE
r-patched-solaris-x86 1.13 93.10 NOTE
r-release-linux-x86_64 1.13 1.80 40.08 41.89 NOTE
r-release-windows-ix86+x86_64 1.13 5.00 72.00 77.00 NOTE
r-release-osx-x86_64 1.13 ERROR
r-oldrel-windows-ix86+x86_64 1.13 5.00 88.00 93.00 NOTE
r-oldrel-osx-x86_64 1.13 NOTE

Check Details

Version: 1.13
Check: dependencies in R code
Result: NOTE
    Packages in Depends field not imported from:
     ‘RBGL’ ‘graph’ ‘igraph’
     These packages need to be imported from (in the NAMESPACE file)
     for when this namespace is loaded but not attached.
Flavors: r-devel-linux-x86_64-debian-clang, r-devel-linux-x86_64-debian-gcc, r-devel-windows-ix86+x86_64, r-patched-linux-x86_64, r-patched-solaris-sparc, r-patched-solaris-x86, r-release-linux-x86_64, r-release-windows-ix86+x86_64, r-oldrel-windows-ix86+x86_64, r-oldrel-osx-x86_64

Version: 1.13
Check: R code for possible problems
Result: NOTE
    convert_MITAB_to_edgeList: no visible global function definition for
     ‘combn’
    convert_edgeList_to_graph: no visible global function definition for
     ‘ftM2graphNEL’
    convert_edgeList_to_graph: no visible global function definition for
     ‘graph.data.frame’
    convert_graph_to_edgeList: no visible global function definition for
     ‘edgeWeights’
    convert_graph_to_edgeList: no visible global function definition for
     ‘get.edgelist’
    convert_graph_to_edgeList: no visible global function definition for
     ‘E’
    create_id_conversion_table: no visible global function definition for
     ‘write.table’
    get_irefindex: no visible global function definition for ‘read.table’
    get_irefindex: no visible global function definition for
     ‘download.file’
    get_irefindex: no visible global function definition for ‘unzip’
    summary_graph: no visible global function definition for
     ‘connectedComp’
    summary_graph: no visible global function definition for ‘subGraph’
    summary_graph: no visible global function definition for ‘clusters’
    summary_graph: no visible global function definition for ‘subgraph’
    summary_graph: no visible global function definition for ‘plot’
    summary_graph: no visible binding for global variable
     ‘layout.fruchterman.reingold’
    Undefined global functions or variables:
     E clusters combn connectedComp download.file edgeWeights ftM2graphNEL
     get.edgelist graph.data.frame layout.fruchterman.reingold plot
     read.table subGraph subgraph unzip write.table
    Consider adding
     importFrom("graphics", "plot")
     importFrom("utils", "combn", "download.file", "read.table", "unzip",
     "write.table")
    to your NAMESPACE file.
Flavors: r-devel-linux-x86_64-debian-clang, r-devel-linux-x86_64-debian-gcc, r-devel-windows-ix86+x86_64, r-patched-linux-x86_64, r-patched-solaris-sparc, r-patched-solaris-x86, r-release-linux-x86_64, r-release-windows-ix86+x86_64, r-oldrel-windows-ix86+x86_64, r-oldrel-osx-x86_64

Version: 1.13
Flags: --no-stop-on-test-error
Check: dependencies in R code
Result: NOTE
    Packages in Depends field not imported from:
     ‘RBGL’ ‘graph’ ‘igraph’
     These packages need to be imported from (in the NAMESPACE file)
     for when this namespace is loaded but not attached.
Flavors: r-devel-linux-x86_64-fedora-clang, r-devel-linux-x86_64-fedora-gcc

Version: 1.13
Flags: --no-stop-on-test-error
Check: R code for possible problems
Result: NOTE
    convert_MITAB_to_edgeList: no visible global function definition for
     ‘combn’
    convert_edgeList_to_graph: no visible global function definition for
     ‘ftM2graphNEL’
    convert_edgeList_to_graph: no visible global function definition for
     ‘graph.data.frame’
    convert_graph_to_edgeList: no visible global function definition for
     ‘edgeWeights’
    convert_graph_to_edgeList: no visible global function definition for
     ‘get.edgelist’
    convert_graph_to_edgeList: no visible global function definition for
     ‘E’
    create_id_conversion_table: no visible global function definition for
     ‘write.table’
    get_irefindex: no visible global function definition for ‘read.table’
    get_irefindex: no visible global function definition for
     ‘download.file’
    get_irefindex: no visible global function definition for ‘unzip’
    summary_graph: no visible global function definition for
     ‘connectedComp’
    summary_graph: no visible global function definition for ‘subGraph’
    summary_graph: no visible global function definition for ‘clusters’
    summary_graph: no visible global function definition for ‘subgraph’
    summary_graph: no visible global function definition for ‘plot’
    summary_graph: no visible binding for global variable
     ‘layout.fruchterman.reingold’
    Undefined global functions or variables:
     E clusters combn connectedComp download.file edgeWeights ftM2graphNEL
     get.edgelist graph.data.frame layout.fruchterman.reingold plot
     read.table subGraph subgraph unzip write.table
    Consider adding
     importFrom("graphics", "plot")
     importFrom("utils", "combn", "download.file", "read.table", "unzip",
     "write.table")
    to your NAMESPACE file.
Flavors: r-devel-linux-x86_64-fedora-clang, r-devel-linux-x86_64-fedora-gcc

Version: 1.13
Check: package dependencies
Result: ERROR
    Packages required but not available: ‘graph’ ‘RBGL’
    
    See section ‘The DESCRIPTION file’ in the ‘Writing R Extensions’
    manual.
Flavor: r-release-osx-x86_64