CRAN Package Check Results for Package iRefR

Last updated on 2015-02-01 11:47:14.

Flavor Version Tinstall Tcheck Ttotal Status Flags
r-devel-linux-x86_64-debian-clang 1.13 1.51 36.92 38.43 NOTE
r-devel-linux-x86_64-debian-gcc 1.13 1.46 35.77 37.23 NOTE
r-devel-linux-x86_64-fedora-clang 1.13 80.52 NOTE
r-devel-linux-x86_64-fedora-gcc 1.13 70.45 NOTE
r-devel-osx-x86_64-clang 1.13 85.51 NOTE
r-devel-windows-ix86+x86_64 1.13 8.00 54.00 62.00 NOTE
r-patched-linux-x86_64 1.13 1.87 38.67 40.54 NOTE
r-patched-solaris-sparc 1.13 460.10 NOTE
r-patched-solaris-x86 1.13 106.70 NOTE
r-release-linux-ix86 1.13 2.04 48.96 51.00 NOTE
r-release-linux-x86_64 1.13 1.78 38.76 40.54 NOTE
r-release-osx-x86_64-mavericks 1.13 NOTE
r-release-osx-x86_64-snowleopard 1.13 NOTE
r-release-windows-ix86+x86_64 1.13 6.00 62.00 68.00 NOTE
r-oldrel-windows-ix86+x86_64 1.13 6.00 64.00 70.00 NOTE

Check Details

Version: 1.13
Check: dependencies in R code
Result: NOTE
    Packages in Depends field not imported from:
     ‘RBGL’ ‘graph’ ‘igraph’
     These packages need to be imported from (in the NAMESPACE file)
     for when this namespace is loaded but not attached.
Flavors: r-devel-linux-x86_64-debian-clang, r-devel-linux-x86_64-debian-gcc, r-devel-linux-x86_64-fedora-clang, r-devel-linux-x86_64-fedora-gcc, r-devel-osx-x86_64-clang, r-devel-windows-ix86+x86_64

Version: 1.13
Check: R code for possible problems
Result: NOTE
    convert_edgeList_to_graph: no visible global function definition for
     ‘ftM2graphNEL’
    convert_edgeList_to_graph: no visible global function definition for
     ‘graph.data.frame’
    convert_graph_to_edgeList: no visible global function definition for
     ‘edgeWeights’
    convert_graph_to_edgeList: no visible global function definition for
     ‘get.edgelist’
    convert_graph_to_edgeList: no visible global function definition for
     ‘E’
    summary_graph: no visible global function definition for
     ‘connectedComp’
    summary_graph: no visible global function definition for ‘subGraph’
    summary_graph: no visible global function definition for ‘clusters’
    summary_graph: no visible global function definition for ‘subgraph’
    summary_graph: no visible binding for global variable
     ‘layout.fruchterman.reingold’
Flavors: r-devel-linux-x86_64-debian-clang, r-devel-linux-x86_64-debian-gcc, r-devel-linux-x86_64-fedora-clang, r-devel-linux-x86_64-fedora-gcc, r-devel-osx-x86_64-clang, r-devel-windows-ix86+x86_64, r-patched-linux-x86_64, r-patched-solaris-sparc, r-patched-solaris-x86, r-release-linux-ix86, r-release-linux-x86_64, r-release-osx-x86_64-mavericks, r-release-windows-ix86+x86_64

Version: 1.13
Check: dependencies in R code
Result: NOTE
    Packages in Depends field not imported from:
     ‘RBGL’ ‘graph’ ‘igraph’
     These packages need to be imported from (in the NAMESPACE file)
     for when this namespace is loaded but not attached.
    See the information on DESCRIPTION files in the chapter ‘Creating R
    packages’ of the ‘Writing R Extensions’ manual.
Flavors: r-patched-linux-x86_64, r-patched-solaris-sparc, r-patched-solaris-x86, r-release-linux-ix86, r-release-linux-x86_64, r-release-osx-x86_64-mavericks, r-release-osx-x86_64-snowleopard, r-release-windows-ix86+x86_64, r-oldrel-windows-ix86+x86_64