CRAN Package Check Results for Package iRefR

Last updated on 2014-07-25 03:49:47.

Flavor Version Tinstall Tcheck Ttotal Status Flags
r-devel-linux-x86_64-debian-clang 1.13 1.68 37.56 39.24 NOTE
r-devel-linux-x86_64-debian-gcc 1.13 1.66 37.02 38.68 NOTE
r-devel-linux-x86_64-fedora-clang 1.13 87.49 NOTE
r-devel-linux-x86_64-fedora-gcc 1.13 84.30 NOTE
r-devel-osx-x86_64-clang 1.13 89.47 NOTE
r-devel-windows-ix86+x86_64 1.13 5.00 65.00 70.00 NOTE
r-patched-linux-x86_64 1.13 1.67 36.34 38.01 NOTE
r-patched-solaris-sparc 1.13 465.40 NOTE
r-patched-solaris-x86 1.13 107.10 NOTE
r-release-linux-ix86 1.13 2.16 47.95 50.10 NOTE
r-release-linux-x86_64 1.13 1.73 38.10 39.82 NOTE
r-release-osx-x86_64-mavericks 1.13 NOTE
r-release-osx-x86_64-snowleopard 1.13 NOTE
r-release-windows-ix86+x86_64 1.13 6.00 60.00 66.00 NOTE
r-oldrel-windows-ix86+x86_64 1.13 7.00 60.00 67.00 NOTE

Check Details

Version: 1.13
Check: dependencies in R code
Result: NOTE
    Packages in Depends field not imported from:
     ‘RBGL’ ‘graph’ ‘igraph’
     These packages need to be imported from (in the NAMESPACE file)
     for when this namespace is loaded but not attached.
    See the information on DESCRIPTION files in the chapter ‘Creating R
    packages’ of the ‘Writing R Extensions’ manual.
Flavors: r-devel-linux-x86_64-debian-clang, r-devel-linux-x86_64-debian-gcc, r-devel-linux-x86_64-fedora-clang, r-devel-linux-x86_64-fedora-gcc, r-devel-osx-x86_64-clang, r-devel-windows-ix86+x86_64, r-patched-linux-x86_64, r-patched-solaris-sparc, r-patched-solaris-x86, r-release-linux-ix86, r-release-linux-x86_64, r-release-osx-x86_64-mavericks, r-release-osx-x86_64-snowleopard, r-release-windows-ix86+x86_64, r-oldrel-windows-ix86+x86_64