CRAN Package Check Results for Package iRefR

Last updated on 2014-08-29 13:48:07.

Flavor Version Tinstall Tcheck Ttotal Status Flags
r-devel-linux-x86_64-debian-clang 1.13 1.67 35.91 37.58 NOTE
r-devel-linux-x86_64-debian-gcc 1.13 1.54 36.01 37.55 NOTE
r-devel-linux-x86_64-fedora-clang 1.13 87.92 NOTE
r-devel-linux-x86_64-fedora-gcc 1.13 81.73 NOTE
r-devel-osx-x86_64-clang 1.13 84.52 NOTE
r-devel-windows-ix86+x86_64 1.13 6.00 55.00 61.00 NOTE
r-patched-linux-x86_64 1.13 1.67 38.07 39.74 NOTE
r-patched-solaris-sparc 1.13 463.90 NOTE
r-patched-solaris-x86 1.13 108.20 NOTE
r-release-linux-ix86 1.13 2.14 47.84 49.98 NOTE
r-release-linux-x86_64 1.13 1.73 38.08 39.81 NOTE
r-release-osx-x86_64-mavericks 1.13 NOTE
r-release-osx-x86_64-snowleopard 1.13 NOTE
r-release-windows-ix86+x86_64 1.13 6.00 59.00 65.00 NOTE
r-oldrel-windows-ix86+x86_64 1.13 6.00 60.00 66.00 NOTE

Check Details

Version: 1.13
Check: dependencies in R code
Result: NOTE
    Packages in Depends field not imported from:
     ‘RBGL’ ‘graph’ ‘igraph’
     These packages need to be imported from (in the NAMESPACE file)
     for when this namespace is loaded but not attached.
    See the information on DESCRIPTION files in the chapter ‘Creating R
    packages’ of the ‘Writing R Extensions’ manual.
Flavors: r-devel-linux-x86_64-debian-clang, r-devel-linux-x86_64-debian-gcc, r-devel-linux-x86_64-fedora-clang, r-devel-linux-x86_64-fedora-gcc, r-devel-osx-x86_64-clang, r-devel-windows-ix86+x86_64, r-patched-linux-x86_64, r-patched-solaris-sparc, r-patched-solaris-x86, r-release-linux-ix86, r-release-linux-x86_64, r-release-osx-x86_64-mavericks, r-release-osx-x86_64-snowleopard, r-release-windows-ix86+x86_64, r-oldrel-windows-ix86+x86_64

Version: 1.13
Check: R code for possible problems
Result: NOTE
    convert_edgeList_to_graph: no visible global function definition for
     ‘ftM2graphNEL’
    convert_edgeList_to_graph: no visible global function definition for
     ‘graph.data.frame’
    convert_graph_to_edgeList: no visible global function definition for
     ‘edgeWeights’
    convert_graph_to_edgeList: no visible global function definition for
     ‘get.edgelist’
    convert_graph_to_edgeList: no visible global function definition for
     ‘E’
    summary_graph: no visible global function definition for
     ‘connectedComp’
    summary_graph: no visible global function definition for ‘subGraph’
    summary_graph: no visible global function definition for ‘clusters’
    summary_graph: no visible global function definition for ‘subgraph’
    summary_graph: no visible binding for global variable
     ‘layout.fruchterman.reingold’
Flavors: r-devel-linux-x86_64-debian-clang, r-devel-linux-x86_64-debian-gcc, r-devel-linux-x86_64-fedora-clang, r-devel-linux-x86_64-fedora-gcc, r-devel-osx-x86_64-clang, r-devel-windows-ix86+x86_64