CRAN Package Check Results for Package iRegression

Last updated on 2014-10-22 05:47:21.

Flavor Version Tinstall Tcheck Ttotal Status Flags
r-devel-linux-x86_64-debian-clang 1.2 3.54 42.03 45.57 NOTE
r-devel-linux-x86_64-debian-gcc 1.2 3.46 40.99 44.45 NOTE
r-devel-linux-x86_64-fedora-clang 1.2 106.05 NOTE
r-devel-linux-x86_64-fedora-gcc 1.2 103.57 NOTE
r-devel-osx-x86_64-clang 1.2 89.99 NOTE
r-devel-windows-ix86+x86_64 1.2 10.00 60.00 70.00 NOTE
r-patched-linux-x86_64 1.2 4.12 42.64 46.76 NOTE
r-patched-solaris-sparc 1.2 592.00 NOTE
r-patched-solaris-x86 1.2 142.20 NOTE
r-release-linux-ix86 1.2 4.34 52.36 56.70 NOTE
r-release-linux-x86_64 1.2 3.96 42.99 46.95 NOTE
r-release-osx-x86_64-mavericks 1.2 NOTE
r-release-osx-x86_64-snowleopard 1.2 ERROR
r-release-windows-ix86+x86_64 1.2 8.00 59.00 67.00 NOTE
r-oldrel-windows-ix86+x86_64 1.2 10.00 57.00 67.00 NOTE

Check Details

Version: 1.2
Check: dependencies in R code
Result: NOTE
    'library' or 'require' call to ‘mgcv’ which was already attached by Depends.
     Please remove these calls from your code.
    See the information on DESCRIPTION files in the chapter ‘Creating R
    packages’ of the ‘Writing R Extensions’ manual.
Flavors: r-devel-linux-x86_64-debian-clang, r-devel-linux-x86_64-debian-gcc, r-devel-linux-x86_64-fedora-clang, r-devel-linux-x86_64-fedora-gcc, r-devel-osx-x86_64-clang, r-devel-windows-ix86+x86_64, r-patched-linux-x86_64, r-patched-solaris-sparc, r-patched-solaris-x86, r-release-linux-ix86, r-release-linux-x86_64, r-release-osx-x86_64-mavericks, r-release-windows-ix86+x86_64, r-oldrel-windows-ix86+x86_64

Version: 1.2
Check: whether package can be installed
Result: ERROR
    Installation failed.
Flavor: r-release-osx-x86_64-snowleopard