CRAN Package Check Results for Package iRegression

Last updated on 2015-01-26 17:47:43.

Flavor Version Tinstall Tcheck Ttotal Status Flags
r-devel-linux-x86_64-debian-clang 1.2 3.33 39.16 42.49 NOTE
r-devel-linux-x86_64-debian-gcc 1.2 3.28 38.04 41.32 NOTE
r-devel-linux-x86_64-fedora-clang 1.2 103.53 NOTE
r-devel-linux-x86_64-fedora-gcc 1.2 103.09 NOTE
r-devel-osx-x86_64-clang 1.2 87.37 NOTE
r-devel-windows-ix86+x86_64 1.2 12.00 55.00 67.00 NOTE
r-patched-linux-x86_64 1.2 3.92 43.27 47.19 NOTE
r-patched-solaris-sparc 1.2 579.20 NOTE
r-patched-solaris-x86 1.2 141.30 NOTE
r-release-linux-ix86 1.2 4.12 50.20 54.32 NOTE
r-release-linux-x86_64 1.2 3.65 43.24 46.89 NOTE
r-release-osx-x86_64-mavericks 1.2 NOTE
r-release-osx-x86_64-snowleopard 1.2 ERROR
r-release-windows-ix86+x86_64 1.2 10.00 65.00 75.00 NOTE
r-oldrel-windows-ix86+x86_64 1.2 14.00 58.00 72.00 NOTE

Check Details

Version: 1.2
Check: dependencies in R code
Result: NOTE
    'library' or 'require' call to ‘mgcv’ which was already attached by Depends.
     Please remove these calls from your code.
Flavors: r-devel-linux-x86_64-debian-clang, r-devel-linux-x86_64-debian-gcc, r-devel-linux-x86_64-fedora-clang, r-devel-linux-x86_64-fedora-gcc, r-devel-osx-x86_64-clang, r-devel-windows-ix86+x86_64

Version: 1.2
Check: S3 generic/method consistency
Result: NOTE
    Found the following apparent S3 methods exported but not registered:
     MinMax.default MinMax.formula bivar.default bivar.formula
     ccrm.default ccrm.formula cm.default cm.formula crm.default
     crm.formula print.MinMax print.bivar print.ccrm print.cm
     print.coef.MinMax print.coef.bivar print.coef.ccrm print.coef.crm
     print.crm print.summary.MinMax print.summary.bivar print.summary.ccrm
     print.summary.cm print.summary.crm summary.MinMax summary.bivar
     summary.ccrm summary.cm summary.crm coef.MinMax coef.bivar coef.ccrm
     coef.crm fitted.MinMax fitted.bivar fitted.ccrm fitted.cm fitted.crm
     residuals.MinMax residuals.bivar residuals.ccrm residuals.cm
     residuals.crm
    See section ‘Registering S3 methods’ in the ‘Writing R Extensions’
    manual.
Flavors: r-devel-linux-x86_64-fedora-clang, r-devel-linux-x86_64-fedora-gcc, r-devel-osx-x86_64-clang

Version: 1.2
Check: dependencies in R code
Result: NOTE
    'library' or 'require' call to ‘mgcv’ which was already attached by Depends.
     Please remove these calls from your code.
    See the information on DESCRIPTION files in the chapter ‘Creating R
    packages’ of the ‘Writing R Extensions’ manual.
Flavors: r-patched-linux-x86_64, r-patched-solaris-sparc, r-patched-solaris-x86, r-release-linux-ix86, r-release-linux-x86_64, r-release-osx-x86_64-mavericks, r-release-windows-ix86+x86_64, r-oldrel-windows-ix86+x86_64

Version: 1.2
Check: whether package can be installed
Result: ERROR
    Installation failed.
Flavor: r-release-osx-x86_64-snowleopard