CRAN Package Check Results for Package iRegression

Last updated on 2014-08-01 04:47:26.

Flavor Version Tinstall Tcheck Ttotal Status Flags
r-devel-linux-x86_64-debian-clang 1.2 3.74 43.03 46.77 NOTE
r-devel-linux-x86_64-debian-gcc 1.2 3.69 42.16 45.85 NOTE
r-devel-linux-x86_64-fedora-clang 1.2 111.36 NOTE
r-devel-linux-x86_64-fedora-gcc 1.2 103.98 NOTE
r-devel-osx-x86_64-clang 1.2 85.66 NOTE
r-devel-windows-ix86+x86_64 1.2 10.00 60.00 70.00 NOTE
r-patched-linux-x86_64 1.2 3.72 42.76 46.49 NOTE
r-patched-solaris-sparc 1.2 592.00 NOTE
r-patched-solaris-x86 1.2 140.30 NOTE
r-release-linux-ix86 1.2 4.32 51.20 55.51 NOTE
r-release-linux-x86_64 1.2 3.75 43.74 47.49 NOTE
r-release-osx-x86_64-mavericks 1.2 NOTE
r-release-osx-x86_64-snowleopard 1.2 ERROR
r-release-windows-ix86+x86_64 1.2 13.00 85.00 98.00 NOTE
r-oldrel-windows-ix86+x86_64 1.2 13.00 82.00 95.00 NOTE

Check Details

Version: 1.2
Check: dependencies in R code
Result: NOTE
    'library' or 'require' call to mgcv which was already attached by Depends.
     Please remove these calls from your code.
    See the information on DESCRIPTION files in the chapter Creating R
    packages of the Writing R Extensions manual.
Flavors: r-devel-linux-x86_64-debian-clang, r-devel-linux-x86_64-debian-gcc, r-devel-linux-x86_64-fedora-clang, r-devel-linux-x86_64-fedora-gcc, r-devel-osx-x86_64-clang, r-devel-windows-ix86+x86_64, r-patched-linux-x86_64, r-patched-solaris-sparc, r-patched-solaris-x86, r-release-linux-ix86, r-release-linux-x86_64, r-release-osx-x86_64-mavericks, r-release-windows-ix86+x86_64, r-oldrel-windows-ix86+x86_64

Version: 1.2
Check: whether package can be installed
Result: ERROR
    Installation failed.
Flavor: r-release-osx-x86_64-snowleopard