CRAN Package Check Results for Package iRegression

Last updated on 2014-11-29 03:51:55.

Flavor Version Tinstall Tcheck Ttotal Status Flags
r-devel-linux-x86_64-debian-clang 1.2 3.66 41.74 45.40 NOTE
r-devel-linux-x86_64-debian-gcc 1.2 3.41 41.53 44.94 NOTE
r-devel-linux-x86_64-fedora-clang 1.2 112.22 NOTE
r-devel-linux-x86_64-fedora-gcc 1.2 123.67 NOTE
r-devel-osx-x86_64-clang 1.2 92.68 NOTE
r-devel-windows-ix86+x86_64 1.2 10.00 59.00 69.00 NOTE
r-patched-linux-x86_64 1.2 3.60 42.79 46.39 NOTE
r-patched-solaris-sparc 1.2 592.00 NOTE
r-patched-solaris-x86 1.2 141.90 NOTE
r-release-linux-ix86 1.2 4.11 50.17 54.28 NOTE
r-release-linux-x86_64 1.2 3.64 43.48 47.12 NOTE
r-release-osx-x86_64-mavericks 1.2 NOTE
r-release-osx-x86_64-snowleopard 1.2 ERROR
r-release-windows-ix86+x86_64 1.2 11.00 56.00 67.00 NOTE
r-oldrel-windows-ix86+x86_64 1.2 8.00 57.00 65.00 NOTE

Check Details

Version: 1.2
Check: dependencies in R code
Result: NOTE
    'library' or 'require' call to ‘mgcv’ which was already attached by Depends.
     Please remove these calls from your code.
    See the information on DESCRIPTION files in the chapter ‘Creating R
    packages’ of the ‘Writing R Extensions’ manual.
Flavors: r-devel-linux-x86_64-debian-clang, r-devel-linux-x86_64-debian-gcc, r-devel-linux-x86_64-fedora-clang, r-devel-linux-x86_64-fedora-gcc, r-devel-osx-x86_64-clang, r-devel-windows-ix86+x86_64, r-patched-linux-x86_64, r-patched-solaris-sparc, r-patched-solaris-x86, r-release-linux-ix86, r-release-linux-x86_64, r-release-osx-x86_64-mavericks, r-release-windows-ix86+x86_64, r-oldrel-windows-ix86+x86_64

Version: 1.2
Check: whether package can be installed
Result: ERROR
    Installation failed.
Flavor: r-release-osx-x86_64-snowleopard