CRAN Package Check Results for Package iRegression

Last updated on 2014-04-24 07:52:29.

Flavor Version Tinstall Tcheck Ttotal Status Flags
r-devel-linux-x86_64-debian-clang 1.2 3.90 44.29 48.19 NOTE
r-devel-linux-x86_64-debian-gcc 1.2 3.81 43.90 47.71 NOTE
r-devel-linux-x86_64-fedora-clang 1.2 109.97 NOTE
r-devel-linux-x86_64-fedora-gcc 1.2 105.96 NOTE
r-devel-osx-x86_64-clang 1.2 79.98 NOTE
r-devel-osx-x86_64-gcc 1.2 NOTE
r-devel-windows-ix86+x86_64 1.2 9.00 59.00 68.00 NOTE
r-patched-linux-x86_64 1.2 3.80 43.60 47.41 NOTE
r-patched-solaris-sparc 1.2 573.10 NOTE
r-patched-solaris-x86 1.2 142.50 NOTE
r-release-linux-ix86 1.2 6.00 72.00 78.00 NOTE
r-release-linux-x86_64 1.2 3.84 44.06 47.90 NOTE
r-release-osx-x86_64-mavericks 1.2 NOTE
r-release-osx-x86_64-snowleopard 1.2 ERROR
r-release-windows-ix86+x86_64 1.2 10.00 61.00 71.00 NOTE
r-oldrel-windows-ix86+x86_64 1.2 10.00 58.00 68.00 NOTE

Check Details

Version: 1.2
Check: dependencies in R code
Result: NOTE
    'library' or 'require' call to ‘mgcv’ which was already attached by Depends.
     Please remove these calls from your code.
    See the information on DESCRIPTION files in the chapter ‘Creating R
    packages’ of the ‘Writing R Extensions’ manual.
Flavors: r-devel-linux-x86_64-debian-clang, r-devel-linux-x86_64-debian-gcc, r-devel-linux-x86_64-fedora-clang, r-devel-linux-x86_64-fedora-gcc, r-devel-osx-x86_64-clang, r-devel-osx-x86_64-gcc, r-devel-windows-ix86+x86_64, r-patched-linux-x86_64, r-patched-solaris-sparc, r-patched-solaris-x86, r-release-linux-ix86, r-release-linux-x86_64, r-release-osx-x86_64-mavericks, r-release-windows-ix86+x86_64, r-oldrel-windows-ix86+x86_64

Version: 1.2
Check: whether package can be installed
Result: ERROR
    Installation failed.
    See ‘/Volumes/XT3/Builds/R-dev-web/QA/Simon/packages/snowleopard-x86_64/results/3.1/iRegression.Rcheck/00install.out’ for details.
Flavor: r-release-osx-x86_64-snowleopard