CRAN Package Check Results for Package iRegression

Last updated on 2014-12-22 21:47:17.

Flavor Version Tinstall Tcheck Ttotal Status Flags
r-devel-linux-x86_64-debian-clang 1.2 3.68 42.11 45.78 NOTE
r-devel-linux-x86_64-debian-gcc 1.2 3.39 40.44 43.82 NOTE
r-devel-linux-x86_64-fedora-clang 1.2 107.52 NOTE
r-devel-linux-x86_64-fedora-gcc 1.2 106.08 NOTE
r-devel-osx-x86_64-clang 1.2 85.57 NOTE
r-devel-windows-ix86+x86_64 1.2 11.00 63.00 74.00 NOTE
r-patched-linux-x86_64 1.2 3.66 42.14 45.80 NOTE
r-patched-solaris-sparc 1.2 579.00 NOTE
r-patched-solaris-x86 1.2 142.10 NOTE
r-release-linux-ix86 1.2 4.16 50.27 54.43 NOTE
r-release-linux-x86_64 1.2 3.64 42.44 46.08 NOTE
r-release-osx-x86_64-mavericks 1.2 NOTE
r-release-osx-x86_64-snowleopard 1.2 ERROR
r-release-windows-ix86+x86_64 1.2 11.00 66.00 77.00 NOTE
r-oldrel-windows-ix86+x86_64 1.2 10.00 65.00 75.00 NOTE

Check Details

Version: 1.2
Check: dependencies in R code
Result: NOTE
    'library' or 'require' call to ‘mgcv’ which was already attached by Depends.
     Please remove these calls from your code.
    See the information on DESCRIPTION files in the chapter ‘Creating R
    packages’ of the ‘Writing R Extensions’ manual.
Flavors: r-devel-linux-x86_64-debian-clang, r-devel-linux-x86_64-debian-gcc, r-devel-linux-x86_64-fedora-clang, r-devel-linux-x86_64-fedora-gcc, r-devel-osx-x86_64-clang, r-devel-windows-ix86+x86_64, r-patched-linux-x86_64, r-patched-solaris-sparc, r-patched-solaris-x86, r-release-linux-ix86, r-release-linux-x86_64, r-release-osx-x86_64-mavericks, r-release-windows-ix86+x86_64, r-oldrel-windows-ix86+x86_64

Version: 1.2
Check: whether package can be installed
Result: ERROR
    Installation failed.
Flavor: r-release-osx-x86_64-snowleopard