CRAN Package Check Results for Package iRegression

Last updated on 2015-07-31 14:48:48.

Flavor Version Tinstall Tcheck Ttotal Status Flags
r-devel-linux-x86_64-debian-clang 1.2 2.85 37.38 40.23 NOTE
r-devel-linux-x86_64-debian-gcc 1.2 4.13 35.30 39.42 NOTE
r-devel-linux-x86_64-fedora-clang 1.2 80.36 NOTE
r-devel-linux-x86_64-fedora-gcc 1.2 77.19 NOTE
r-devel-osx-x86_64-clang 1.2 66.03 NOTE
r-devel-windows-ix86+x86_64 1.2 12.00 57.00 69.00 NOTE
r-patched-linux-x86_64 1.2 2.74 35.59 38.32 NOTE
r-patched-solaris-sparc 1.2 491.80 NOTE
r-patched-solaris-x86 1.2 107.60 NOTE
r-release-linux-x86_64 1.2 2.74 34.97 37.71 NOTE
r-release-osx-x86_64-mavericks 1.2 NOTE
r-release-windows-ix86+x86_64 1.2 10.00 85.00 95.00 NOTE
r-oldrel-windows-ix86+x86_64 1.2 11.00 78.00 89.00 NOTE

Check Details

Version: 1.2
Check: dependencies in R code
Result: NOTE
    'library' or 'require' call to ‘mgcv’ which was already attached by Depends.
     Please remove these calls from your code.
Flavors: r-devel-linux-x86_64-debian-clang, r-devel-linux-x86_64-debian-gcc, r-devel-linux-x86_64-fedora-clang, r-devel-linux-x86_64-fedora-gcc, r-devel-osx-x86_64-clang, r-devel-windows-ix86+x86_64, r-patched-linux-x86_64, r-patched-solaris-sparc, r-patched-solaris-x86, r-release-linux-x86_64, r-release-osx-x86_64-mavericks, r-release-windows-ix86+x86_64, r-oldrel-windows-ix86+x86_64

Version: 1.2
Check: S3 generic/method consistency
Result: NOTE
    Found the following apparent S3 methods exported but not registered:
     MinMax.default MinMax.formula bivar.default bivar.formula
     ccrm.default ccrm.formula cm.default cm.formula coef.MinMax
     coef.bivar coef.ccrm coef.crm crm.default crm.formula fitted.MinMax
     fitted.bivar fitted.ccrm fitted.cm fitted.crm print.MinMax
     print.bivar print.ccrm print.cm print.coef.MinMax print.coef.bivar
     print.coef.ccrm print.coef.crm print.crm print.summary.MinMax
     print.summary.bivar print.summary.ccrm print.summary.cm
     print.summary.crm residuals.MinMax residuals.bivar residuals.ccrm
     residuals.cm residuals.crm summary.MinMax summary.bivar summary.ccrm
     summary.cm summary.crm
    See section ‘Registering S3 methods’ in the ‘Writing R Extensions’
    manual.
Flavors: r-devel-linux-x86_64-debian-clang, r-devel-linux-x86_64-debian-gcc, r-devel-linux-x86_64-fedora-clang, r-devel-linux-x86_64-fedora-gcc, r-devel-osx-x86_64-clang, r-patched-linux-x86_64, r-patched-solaris-sparc, r-patched-solaris-x86, r-release-linux-x86_64

Version: 1.2
Check: R code for possible problems
Result: NOTE
    MinMax.default: no visible global function definition for ‘model.frame’
    MinMax.default: no visible global function definition for
     ‘model.matrix’
    MinMax.default: no visible global function definition for
     ‘model.response’
    MinMax.formula: no visible global function definition for ‘model.frame’
    MinMax.formula: no visible global function definition for
     ‘model.matrix’
    MinMax.formula: no visible global function definition for
     ‘model.response’
    bivar.default : bivarEst: no visible global function definition for
     ‘coef’
    bivar.default : bivarEst: no visible global function definition for
     ‘lm’
    bivar.default : bivarEst: no visible global function definition for
     ‘cor’
    bivar.default: no visible global function definition for ‘model.frame’
    bivar.default: no visible global function definition for ‘model.matrix’
    bivar.default: no visible global function definition for
     ‘model.response’
    bivar.formula: no visible global function definition for ‘model.frame’
    bivar.formula: no visible global function definition for ‘model.matrix’
    bivar.formula: no visible global function definition for
     ‘model.response’
    ccrm.default: no visible global function definition for ‘model.frame’
    ccrm.default: no visible global function definition for ‘model.matrix’
    ccrm.default: no visible global function definition for
     ‘model.response’
    ccrm.formula: no visible global function definition for ‘model.frame’
    ccrm.formula: no visible global function definition for ‘model.matrix’
    ccrm.formula: no visible global function definition for
     ‘model.response’
    cm.default: no visible global function definition for ‘model.frame’
    cm.default: no visible global function definition for ‘model.matrix’
    cm.default: no visible global function definition for ‘model.response’
    cm.formula: no visible global function definition for ‘model.frame’
    cm.formula: no visible global function definition for ‘model.matrix’
    cm.formula: no visible global function definition for ‘model.response’
    crm.default: no visible global function definition for ‘model.frame’
    crm.default: no visible global function definition for ‘model.matrix’
    crm.default: no visible global function definition for ‘model.response’
    crm.formula: no visible global function definition for ‘model.frame’
    crm.formula: no visible global function definition for ‘model.matrix’
    crm.formula: no visible global function definition for ‘model.response’
    summary.cm: no visible global function definition for ‘coef’
    Undefined global functions or variables:
     coef cor lm model.frame model.matrix model.response
    Consider adding
     importFrom("stats", "coef", "cor", "lm", "model.frame", "model.matrix",
     "model.response")
    to your NAMESPACE.
Flavors: r-devel-linux-x86_64-debian-clang, r-devel-linux-x86_64-debian-gcc, r-devel-linux-x86_64-fedora-clang, r-devel-linux-x86_64-fedora-gcc, r-devel-windows-ix86+x86_64