CRAN Package Check Results for Package iSubGen

Last updated on 2024-07-15 18:51:15 CEST.

Flavor Version Tinstall Tcheck Ttotal Status Flags
r-devel-linux-x86_64-debian-clang 1.0.1 10.63 112.29 122.92 OK
r-devel-linux-x86_64-debian-gcc 1.0.1 8.54 85.26 93.80 OK
r-devel-linux-x86_64-fedora-clang 1.0.1 162.43 OK
r-devel-linux-x86_64-fedora-gcc 1.0.1 159.53 OK
r-devel-windows-x86_64 1.0.1 12.00 110.00 122.00 OK
r-patched-linux-x86_64 1.0.1 10.20 108.17 118.37 OK
r-release-linux-x86_64 1.0.1 11.69 107.91 119.60 OK
r-release-macos-arm64 1.0.1 57.00 OK
r-release-macos-x86_64 1.0.1 74.00 WARN
r-release-windows-x86_64 1.0.1 11.00 109.00 120.00 OK
r-oldrel-macos-arm64 1.0.1 61.00 OK
r-oldrel-macos-x86_64 1.0.1 96.00 OK
r-oldrel-windows-x86_64 1.0.1 14.00 129.00 143.00 OK

Check Details

Version: 1.0.1
Check: re-building of vignette outputs
Result: WARN Error(s) in re-building vignettes: ... --- re-building ‘iSubGenGuide.Rnw’ using knitr_notangle Error: processing vignette 'iSubGenGuide.Rnw' failed with diagnostics: Running 'texi2dvi' on 'iSubGenGuide.tex' failed. LaTeX errors: ! Undefined control sequence. l.128 \hlkwd{library}\hldef {(iSubGen);} ? ! Emergency stop. ! Emergency stop. l.128 End of file on the terminal! ! ==> Fatal error occurred, no output PDF file produced! --- failed re-building ‘iSubGenGuide.Rnw’ SUMMARY: processing the following file failed: ‘iSubGenGuide.Rnw’ Error: Vignette re-building failed. Execution halted Flavor: r-release-macos-x86_64