CRAN Package Check Results for Package iTOP

Last updated on 2020-01-26 19:49:28 CET.

Flavor Version Tinstall Tcheck Ttotal Status Flags
r-devel-linux-x86_64-debian-clang 1.0.2 2.46 110.30 112.76 OK
r-devel-linux-x86_64-debian-gcc 1.0.2 1.79 58.93 60.72 WARN
r-devel-linux-x86_64-fedora-clang 1.0.2 129.76 OK
r-devel-linux-x86_64-fedora-gcc 1.0.2 135.06 OK
r-devel-windows-ix86+x86_64 1.0.2 8.00 165.00 173.00 OK
r-devel-windows-ix86+x86_64-gcc8 1.0.2 7.00 129.00 136.00 OK
r-patched-linux-x86_64 1.0.2 2.03 97.61 99.64 OK
r-patched-solaris-x86 1.0.2 206.20 OK
r-release-linux-x86_64 1.0.2 1.80 96.81 98.61 OK
r-release-windows-ix86+x86_64 1.0.2 4.00 107.00 111.00 OK
r-release-osx-x86_64 1.0.2 WARN
r-oldrel-windows-ix86+x86_64 1.0.2 3.00 105.00 108.00 OK
r-oldrel-osx-x86_64 1.0.2 OK

Check Details

Version: 1.0.2
Check: package dependencies
Result: NOTE
    Package suggested but not available for checking: ‘pcalg’
Flavor: r-devel-linux-x86_64-debian-gcc

Version: 1.0.2
Check: re-building of vignette outputs
Result: WARN
    Error(s) in re-building vignettes:
     ...
    --- re-building ‘vignette.Rmd’ using rmarkdown
    Loading required package: pkgmaker
    Loading required package: registry
    
    Attaching package: 'pkgmaker'
    
    The following object is masked from 'package:base':
    
     isFALSE
    
    Loading required package: rngtools
    Loading required package: cluster
    # NOTE - CRAN check detected: limiting maximum number of cores [2/32]
    NMF - BioConductor layer [OK] | Shared memory capabilities [OK] | Cores 2/2 | CRAN check
    Quitting from lines 94-99 (vignette.Rmd)
    Error: processing vignette 'vignette.Rmd' failed with diagnostics:
    there is no package called 'pcalg'
    --- failed re-building ‘vignette.Rmd’
    
    SUMMARY: processing the following file failed:
     ‘vignette.Rmd’
    
    Error: Vignette re-building failed.
    Execution halted
Flavor: r-devel-linux-x86_64-debian-gcc

Version: 1.0.2
Check: package dependencies
Result: NOTE
    Packages suggested but not available for checking: 'pcalg', 'Rgraphviz'
Flavor: r-release-osx-x86_64

Version: 1.0.2
Check: re-building of vignette outputs
Result: WARN
    Error(s) in re-building vignettes:
    --- re-building ‘vignette.Rmd’ using rmarkdown
    Warning in engine$weave(file, quiet = quiet, encoding = enc) :
     Pandoc (>= 1.12.3) and/or pandoc-citeproc not available. Falling back to R Markdown v1.
    Loading required package: pkgmaker
    Loading required package: registry
    
    Attaching package: 'pkgmaker'
    
    The following object is masked from 'package:base':
    
     isFALSE
    
    Loading required package: rngtools
    Loading required package: cluster
    # NOTE - CRAN check detected: limiting maximum number of cores [2/8]
    NMF - BioConductor layer [NO: missing Biobase] | Shared memory capabilities [OK] | Cores 2/2 | CRAN check
     To enable the Bioconductor layer, try: install.extras('
    NMF
    ') [with Bioconductor repository enabled]
    Quitting from lines 94-99 (vignette.Rmd)
    Error: processing vignette 'vignette.Rmd' failed with diagnostics:
    there is no package called 'pcalg'
    --- failed re-building ‘vignette.Rmd’
    
    SUMMARY: processing the following file failed:
     ‘vignette.Rmd’
    
    Error: Vignette re-building failed.
    Execution halted
Flavor: r-release-osx-x86_64