CRAN Package Check Results for Package iWeigReg

Last updated on 2014-12-20 16:49:02.

Flavor Version Tinstall Tcheck Ttotal Status Flags
r-devel-linux-x86_64-debian-clang 1.0 0.88 16.60 17.48 OK
r-devel-linux-x86_64-debian-gcc 1.0 0.86 16.08 16.94 OK
r-devel-linux-x86_64-fedora-clang 1.0 34.85 OK
r-devel-linux-x86_64-fedora-gcc 1.0 33.41 OK
r-devel-osx-x86_64-clang 1.0 35.70 OK
r-devel-windows-ix86+x86_64 1.0 4.00 28.00 32.00 OK
r-patched-linux-x86_64 1.0 0.93 16.10 17.03 OK
r-patched-solaris-sparc 1.0 192.30 OK
r-patched-solaris-x86 1.0 46.30 OK
r-release-linux-ix86 1.0 1.20 22.91 24.11 OK
r-release-linux-x86_64 1.0 0.84 16.05 16.89 OK
r-release-osx-x86_64-mavericks 1.0 OK
r-release-osx-x86_64-snowleopard 1.0 OK
r-release-windows-ix86+x86_64 1.0 4.00 27.00 31.00 OK
r-oldrel-windows-ix86+x86_64 1.0 4.00 28.00 32.00 NOTE

Check Details

Version: 1.0
Check: re-building of vignette outputs
Result: NOTE
    Error in re-building vignettes:
     ...
    Loading required package: MASS
    Loading required package: trust
    Warning: running command '"D:\compiler\texmf\miktex\bin\texi2dvi.exe" --quiet --pdf "vig.tex" -I "D:/Rcompile/recent/R-3.0.3/share/texmf/tex/latex" -I "D:/Rcompile/recent/R-3.0.3/share/texmf/bibtex/bst"' had status 1
    Error in find_vignette_product(name, by = "texi2pdf", engine = engine) :
     Failed to locate the 'texi2pdf' output file (by engine 'utils::Sweave') for vignette with name 'vig'. The following files exists in directory '.': 'Rplots.pdf', 'vig-008.pdf', 'vig-018.pdf', 'vig.Rnw', 'vig.tex'
    Calls: buildVignettes -> find_vignette_product
    Execution halted
Flavor: r-oldrel-windows-ix86+x86_64