CRAN Package Check Results for Package iWeigReg

Last updated on 2015-07-29 23:47:12.

Flavor Version Tinstall Tcheck Ttotal Status Flags
r-devel-linux-x86_64-debian-clang 1.0 0.78 14.57 15.35 NOTE
r-devel-linux-x86_64-debian-gcc 1.0 0.73 14.05 14.78 NOTE
r-devel-linux-x86_64-fedora-clang 1.0 29.31 NOTE
r-devel-linux-x86_64-fedora-gcc 1.0 27.80 NOTE
r-devel-osx-x86_64-clang 1.0 27.17 NOTE
r-devel-windows-ix86+x86_64 1.0 5.00 49.00 54.00 NOTE
r-patched-linux-x86_64 1.0 0.76 15.47 16.24 NOTE
r-patched-solaris-sparc 1.0 189.50 NOTE
r-patched-solaris-x86 1.0 40.70 NOTE
r-release-linux-x86_64 1.0 0.77 14.65 15.42 NOTE
r-release-osx-x86_64-mavericks 1.0 NOTE
r-release-windows-ix86+x86_64 1.0 5.00 44.00 49.00 NOTE
r-oldrel-windows-ix86+x86_64 1.0 6.00 29.00 35.00 OK

Check Details

Version: 1.0
Check: DESCRIPTION meta-information
Result: NOTE
    Malformed Description field: should contain one or more complete sentences.
Flavors: r-devel-linux-x86_64-debian-clang, r-devel-linux-x86_64-debian-gcc, r-devel-linux-x86_64-fedora-clang, r-devel-linux-x86_64-fedora-gcc, r-devel-osx-x86_64-clang, r-devel-windows-ix86+x86_64, r-patched-linux-x86_64, r-patched-solaris-sparc, r-patched-solaris-x86, r-release-linux-x86_64, r-release-osx-x86_64-mavericks, r-release-windows-ix86+x86_64

Version: 1.0
Check: R code for possible problems
Result: NOTE
    histw: no visible global function definition for ‘plot.new’
    histw: no visible global function definition for ‘plot.window’
    histw: no visible global function definition for ‘axis’
    histw: no visible global function definition for ‘rect’
    histw: no visible global function definition for ‘lines’
    Undefined global functions or variables:
     axis lines plot.new plot.window rect
    Consider adding
     importFrom("graphics", "axis", "lines", "plot.new", "plot.window",
     "rect")
    to your NAMESPACE.
Flavors: r-devel-linux-x86_64-debian-clang, r-devel-linux-x86_64-debian-gcc, r-devel-linux-x86_64-fedora-clang, r-devel-linux-x86_64-fedora-gcc, r-devel-windows-ix86+x86_64