CRAN Package Check Results for Package iWeigReg

Last updated on 2018-09-22 08:52:07 CEST.

Flavor Version Tinstall Tcheck Ttotal Status Flags
r-devel-linux-x86_64-debian-clang 1.0 1.69 26.93 28.62 NOTE
r-devel-linux-x86_64-debian-gcc 1.0 1.50 21.75 23.25 NOTE
r-devel-linux-x86_64-fedora-clang 1.0 34.66 NOTE
r-devel-linux-x86_64-fedora-gcc 1.0 33.34 NOTE
r-devel-windows-ix86+x86_64 1.0 5.00 42.00 47.00 NOTE
r-patched-linux-x86_64 1.0 2.09 24.98 27.07 NOTE
r-patched-solaris-x86 1.0 47.70 NOTE
r-release-linux-x86_64 1.0 1.75 25.73 27.48 NOTE
r-release-windows-ix86+x86_64 1.0 4.00 58.00 62.00 NOTE
r-release-osx-x86_64 1.0 NOTE
r-oldrel-windows-ix86+x86_64 1.0 3.00 62.00 65.00 NOTE
r-oldrel-osx-x86_64 1.0 NOTE

Check Details

Version: 1.0
Check: DESCRIPTION meta-information
Result: NOTE
    Malformed Description field: should contain one or more complete sentences.
Flavors: r-devel-linux-x86_64-debian-clang, r-devel-linux-x86_64-debian-gcc, r-devel-linux-x86_64-fedora-clang, r-devel-linux-x86_64-fedora-gcc, r-devel-windows-ix86+x86_64, r-patched-linux-x86_64, r-patched-solaris-x86, r-release-linux-x86_64, r-release-windows-ix86+x86_64, r-release-osx-x86_64, r-oldrel-windows-ix86+x86_64, r-oldrel-osx-x86_64

Version: 1.0
Check: R code for possible problems
Result: NOTE
    histw: no visible global function definition for ‘plot.new’
    histw: no visible global function definition for ‘plot.window’
    histw: no visible global function definition for ‘axis’
    histw: no visible global function definition for ‘rect’
    histw: no visible global function definition for ‘lines’
    Undefined global functions or variables:
     axis lines plot.new plot.window rect
    Consider adding
     importFrom("graphics", "axis", "lines", "plot.new", "plot.window",
     "rect")
    to your NAMESPACE file.
Flavors: r-devel-linux-x86_64-debian-clang, r-devel-linux-x86_64-debian-gcc, r-devel-linux-x86_64-fedora-clang, r-devel-linux-x86_64-fedora-gcc, r-devel-windows-ix86+x86_64, r-patched-linux-x86_64, r-patched-solaris-x86, r-release-linux-x86_64, r-release-windows-ix86+x86_64, r-release-osx-x86_64, r-oldrel-windows-ix86+x86_64, r-oldrel-osx-x86_64