CRAN Package Check Results for Package iWeigReg

Last updated on 2015-03-30 11:48:09.

Flavor Version Tinstall Tcheck Ttotal Status Flags
r-devel-linux-x86_64-debian-clang 1.0 0.79 14.84 15.63 NOTE
r-devel-linux-x86_64-debian-gcc 1.0 0.76 14.30 15.05 NOTE
r-devel-linux-x86_64-fedora-clang 1.0 30.42 NOTE
r-devel-linux-x86_64-fedora-gcc 1.0 30.84 NOTE
r-devel-osx-x86_64-clang 1.0 38.23 NOTE
r-prerel-windows-ix86+x86_64 1.0 3.00 27.00 30.00 NOTE
r-prerel-linux-x86_64 1.0 0.76 14.96 15.73 NOTE
r-prerel-solaris-sparc 1.0 211.80 NOTE
r-prerel-solaris-x86 1.0 41.10 NOTE
r-release-linux-x86_64 1.0 0.84 16.24 17.08 OK
r-release-osx-x86_64-mavericks 1.0 OK
r-release-osx-x86_64-snowleopard 1.0 OK
r-release-windows-ix86+x86_64 1.0 4.00 32.00 36.00 OK
r-oldrel-windows-ix86+x86_64 1.0 4.00 47.00 51.00 OK

Check Details

Version: 1.0
Check: DESCRIPTION meta-information
Result: NOTE
    Malformed Description field: should contain one or more complete sentences.
Flavors: r-devel-linux-x86_64-debian-clang, r-devel-linux-x86_64-debian-gcc, r-devel-linux-x86_64-fedora-clang, r-devel-linux-x86_64-fedora-gcc, r-devel-osx-x86_64-clang, r-prerel-windows-ix86+x86_64, r-prerel-linux-x86_64, r-prerel-solaris-sparc, r-prerel-solaris-x86