CRAN Package Check Results for Package iWeigReg

Last updated on 2016-07-30 08:48:17.

Flavor Version Tinstall Tcheck Ttotal Status Flags
r-devel-linux-x86_64-debian-clang 1.0 0.80 14.67 15.47 NOTE
r-devel-linux-x86_64-debian-gcc 1.0 0.76 14.04 14.81 NOTE
r-devel-linux-x86_64-fedora-clang 1.0 26.17 NOTE
r-devel-linux-x86_64-fedora-gcc 1.0 24.80 NOTE
r-devel-osx-x86_64-clang 1.0 23.30 NOTE
r-devel-windows-ix86+x86_64 1.0 3.00 33.00 36.00 NOTE
r-patched-linux-x86_64 1.0 1.14 17.41 18.56 NOTE
r-patched-solaris-sparc 1.0 161.50 NOTE
r-patched-solaris-x86 1.0 34.70 NOTE
r-release-linux-x86_64 1.0 0.83 17.73 18.56 NOTE
r-release-osx-x86_64-mavericks 1.0 NOTE
r-release-windows-ix86+x86_64 1.0 5.00 48.00 53.00 NOTE
r-oldrel-windows-ix86+x86_64 1.0 5.00 46.00 51.00 NOTE

Check Details

Version: 1.0
Check: DESCRIPTION meta-information
Result: NOTE
    Malformed Description field: should contain one or more complete sentences.
Flavors: r-devel-linux-x86_64-debian-clang, r-devel-linux-x86_64-debian-gcc, r-devel-linux-x86_64-fedora-clang, r-devel-linux-x86_64-fedora-gcc, r-devel-osx-x86_64-clang, r-devel-windows-ix86+x86_64, r-patched-linux-x86_64, r-patched-solaris-sparc, r-patched-solaris-x86, r-release-linux-x86_64, r-release-osx-x86_64-mavericks, r-release-windows-ix86+x86_64, r-oldrel-windows-ix86+x86_64

Version: 1.0
Check: R code for possible problems
Result: NOTE
    histw: no visible global function definition for ‘plot.new’
    histw: no visible global function definition for ‘plot.window’
    histw: no visible global function definition for ‘axis’
    histw: no visible global function definition for ‘rect’
    histw: no visible global function definition for ‘lines’
    Undefined global functions or variables:
     axis lines plot.new plot.window rect
    Consider adding
     importFrom("graphics", "axis", "lines", "plot.new", "plot.window",
     "rect")
    to your NAMESPACE file.
Flavors: r-devel-linux-x86_64-debian-clang, r-devel-linux-x86_64-debian-gcc, r-devel-linux-x86_64-fedora-clang, r-devel-linux-x86_64-fedora-gcc, r-devel-osx-x86_64-clang, r-devel-windows-ix86+x86_64, r-patched-linux-x86_64, r-patched-solaris-sparc, r-patched-solaris-x86, r-release-linux-x86_64, r-release-osx-x86_64-mavericks, r-release-windows-ix86+x86_64