CRAN Package Check Results for Package iWeigReg

Last updated on 2015-05-28 19:47:20.

Flavor Version Tinstall Tcheck Ttotal Status Flags
r-devel-linux-x86_64-debian-clang 1.0 0.78 14.60 15.38 NOTE
r-devel-linux-x86_64-debian-gcc 1.0 0.78 14.57 15.35 NOTE
r-devel-linux-x86_64-fedora-clang 1.0 30.95 NOTE
r-devel-linux-x86_64-fedora-gcc 1.0 29.37 NOTE
r-devel-osx-x86_64-clang 1.0 33.61 NOTE
r-devel-windows-ix86+x86_64 1.0 3.00 27.00 30.00 NOTE
r-patched-linux-x86_64 1.0 0.76 15.10 15.87 NOTE
r-patched-solaris-sparc 1.0 185.80 NOTE
r-patched-solaris-x86 1.0 41.40 NOTE
r-release-linux-x86_64 1.0 0.80 14.42 15.22 NOTE
r-release-osx-x86_64-mavericks 1.0 NOTE
r-release-osx-x86_64-snowleopard 1.0 NOTE
r-release-windows-ix86+x86_64 1.0 3.00 26.00 29.00 NOTE
r-oldrel-windows-ix86+x86_64 1.0 5.00 34.00 39.00 OK

Check Details

Version: 1.0
Check: DESCRIPTION meta-information
Result: NOTE
    Malformed Description field: should contain one or more complete sentences.
Flavors: r-devel-linux-x86_64-debian-clang, r-devel-linux-x86_64-debian-gcc, r-devel-linux-x86_64-fedora-clang, r-devel-linux-x86_64-fedora-gcc, r-devel-osx-x86_64-clang, r-devel-windows-ix86+x86_64, r-patched-linux-x86_64, r-patched-solaris-sparc, r-patched-solaris-x86, r-release-linux-x86_64, r-release-osx-x86_64-mavericks, r-release-osx-x86_64-snowleopard, r-release-windows-ix86+x86_64