CRAN Package Check Results for Package iWeigReg

Last updated on 2015-04-25 17:46:51.

Flavor Version Tinstall Tcheck Ttotal Status Flags
r-devel-linux-x86_64-debian-clang 1.0 0.84 14.67 15.52 NOTE
r-devel-linux-x86_64-debian-gcc 1.0 0.76 14.33 15.10 NOTE
r-devel-linux-x86_64-fedora-clang 1.0 30.82 NOTE
r-devel-linux-x86_64-fedora-gcc 1.0 29.30 NOTE
r-devel-osx-x86_64-clang 1.0 34.59 NOTE
r-devel-windows-ix86+x86_64 1.0 3.00 28.00 31.00 NOTE
r-patched-linux-x86_64 1.0 0.76 14.50 15.26 NOTE
r-patched-solaris-sparc 1.0 211.80 NOTE
r-patched-solaris-x86 1.0 41.20 NOTE
r-release-linux-x86_64 1.0 0.76 14.57 15.33 NOTE
r-release-osx-x86_64-mavericks 1.0 NOTE
r-release-osx-x86_64-snowleopard 1.0 NOTE
r-release-windows-ix86+x86_64 1.0 4.00 29.00 33.00 NOTE
r-oldrel-windows-ix86+x86_64 1.0 3.00 26.00 29.00 OK

Check Details

Version: 1.0
Check: DESCRIPTION meta-information
Result: NOTE
    Malformed Description field: should contain one or more complete sentences.
Flavors: r-devel-windows-ix86+x86_64, r-release-windows-ix86+x86_64