CRAN Package Check Results for Package iWeigReg

Last updated on 2016-04-29 03:53:20.

Flavor Version Tinstall Tcheck Ttotal Status Flags
r-devel-linux-x86_64-debian-gcc 1.0 0.79 14.34 15.13 NOTE
r-devel-linux-x86_64-fedora-clang 1.0 25.55 NOTE
r-devel-linux-x86_64-fedora-gcc 1.0 24.49 NOTE
r-devel-osx-x86_64-clang 1.0 30.22 NOTE
r-devel-windows-ix86+x86_64 1.0 3.00 34.00 37.00 NOTE
r-patched-linux-x86_64 1.0 0.74 14.09 14.82 NOTE
r-patched-solaris-sparc 1.0 162.00 NOTE
r-patched-solaris-x86 1.0 36.90 NOTE
r-release-linux-x86_64 1.0 0.85 15.51 16.36 NOTE
r-release-osx-x86_64-mavericks 1.0 NOTE
r-release-windows-ix86+x86_64 1.0 3.00 34.00 37.00 NOTE
r-oldrel-windows-ix86+x86_64 1.0 7.00 34.00 41.00 OK

Check Details

Version: 1.0
Check: DESCRIPTION meta-information
Result: NOTE
    Malformed Description field: should contain one or more complete sentences.
Flavors: r-devel-linux-x86_64-debian-gcc, r-devel-linux-x86_64-fedora-clang, r-devel-linux-x86_64-fedora-gcc, r-devel-osx-x86_64-clang, r-devel-windows-ix86+x86_64, r-patched-linux-x86_64, r-patched-solaris-sparc, r-patched-solaris-x86, r-release-linux-x86_64, r-release-osx-x86_64-mavericks, r-release-windows-ix86+x86_64

Version: 1.0
Check: R code for possible problems
Result: NOTE
    histw: no visible global function definition for ‘plot.new’
    histw: no visible global function definition for ‘plot.window’
    histw: no visible global function definition for ‘axis’
    histw: no visible global function definition for ‘rect’
    histw: no visible global function definition for ‘lines’
    Undefined global functions or variables:
     axis lines plot.new plot.window rect
    Consider adding
     importFrom("graphics", "axis", "lines", "plot.new", "plot.window",
     "rect")
    to your NAMESPACE file.
Flavors: r-devel-linux-x86_64-debian-gcc, r-devel-linux-x86_64-fedora-clang, r-devel-linux-x86_64-fedora-gcc, r-devel-osx-x86_64-clang, r-devel-windows-ix86+x86_64, r-patched-linux-x86_64, r-patched-solaris-sparc, r-patched-solaris-x86