CRAN Package Check Results for Package iWeigReg

Last updated on 2018-06-23 20:46:34 CEST.

Flavor Version Tinstall Tcheck Ttotal Status Flags
r-devel-linux-x86_64-debian-clang 1.0 1.92 26.59 28.51 NOTE
r-devel-linux-x86_64-debian-gcc 1.0 1.20 20.85 22.05 NOTE
r-devel-linux-x86_64-fedora-clang 1.0 34.44 NOTE
r-devel-linux-x86_64-fedora-gcc 1.0 32.17 NOTE
r-devel-windows-ix86+x86_64 1.0 5.00 53.00 58.00 NOTE
r-patched-linux-x86_64 1.0 1.75 25.60 27.35 NOTE
r-patched-solaris-x86 1.0 48.10 NOTE
r-release-linux-x86_64 1.0 1.70 25.51 27.21 NOTE
r-release-windows-ix86+x86_64 1.0 6.00 37.00 43.00 NOTE
r-release-osx-x86_64 1.0 NOTE
r-oldrel-windows-ix86+x86_64 1.0 4.00 56.00 60.00 NOTE
r-oldrel-osx-x86_64 1.0 NOTE

Check Details

Version: 1.0
Check: DESCRIPTION meta-information
Result: NOTE
    Malformed Description field: should contain one or more complete sentences.
Flavors: r-devel-linux-x86_64-debian-clang, r-devel-linux-x86_64-debian-gcc, r-devel-linux-x86_64-fedora-clang, r-devel-linux-x86_64-fedora-gcc, r-devel-windows-ix86+x86_64, r-patched-linux-x86_64, r-patched-solaris-x86, r-release-linux-x86_64, r-release-windows-ix86+x86_64, r-release-osx-x86_64, r-oldrel-windows-ix86+x86_64, r-oldrel-osx-x86_64

Version: 1.0
Check: R code for possible problems
Result: NOTE
    histw: no visible global function definition for ‘plot.new’
    histw: no visible global function definition for ‘plot.window’
    histw: no visible global function definition for ‘axis’
    histw: no visible global function definition for ‘rect’
    histw: no visible global function definition for ‘lines’
    Undefined global functions or variables:
     axis lines plot.new plot.window rect
    Consider adding
     importFrom("graphics", "axis", "lines", "plot.new", "plot.window",
     "rect")
    to your NAMESPACE file.
Flavors: r-devel-linux-x86_64-debian-clang, r-devel-linux-x86_64-debian-gcc, r-devel-linux-x86_64-fedora-clang, r-devel-linux-x86_64-fedora-gcc, r-devel-windows-ix86+x86_64, r-patched-linux-x86_64, r-patched-solaris-x86, r-release-linux-x86_64, r-release-windows-ix86+x86_64, r-release-osx-x86_64, r-oldrel-windows-ix86+x86_64, r-oldrel-osx-x86_64