CRAN Package Check Results for Package iWeigReg

Last updated on 2016-09-27 18:47:51.

Flavor Version Tinstall Tcheck Ttotal Status Flags
r-devel-linux-x86_64-debian-clang 1.0 0.72 15.08 15.81 NOTE
r-devel-linux-x86_64-debian-gcc 1.0 0.80 15.00 15.80 NOTE
r-devel-linux-x86_64-fedora-clang 1.0 26.57 NOTE
r-devel-linux-x86_64-fedora-gcc 1.0 25.13 NOTE
r-devel-macos-x86_64-clang 1.0 23.28 NOTE
r-devel-windows-ix86+x86_64 1.0 6.00 44.00 50.00 NOTE
r-patched-linux-x86_64 1.0 0.77 14.09 14.86 NOTE
r-patched-solaris-sparc 1.0 161.50 NOTE
r-patched-solaris-x86 1.0 35.40 NOTE
r-release-linux-x86_64 1.0 0.77 14.31 15.08 NOTE
r-release-osx-x86_64-mavericks 1.0 NOTE
r-release-windows-ix86+x86_64 1.0 5.00 33.00 38.00 NOTE
r-oldrel-windows-ix86+x86_64 1.0 7.00 48.00 55.00 NOTE

Check Details

Version: 1.0
Check: DESCRIPTION meta-information
Result: NOTE
    Malformed Description field: should contain one or more complete sentences.
Flavors: r-devel-linux-x86_64-debian-clang, r-devel-linux-x86_64-debian-gcc, r-devel-linux-x86_64-fedora-clang, r-devel-linux-x86_64-fedora-gcc, r-devel-macos-x86_64-clang, r-devel-windows-ix86+x86_64, r-patched-linux-x86_64, r-patched-solaris-sparc, r-patched-solaris-x86, r-release-linux-x86_64, r-release-osx-x86_64-mavericks, r-release-windows-ix86+x86_64, r-oldrel-windows-ix86+x86_64

Version: 1.0
Check: R code for possible problems
Result: NOTE
    histw: no visible global function definition for ‘plot.new’
    histw: no visible global function definition for ‘plot.window’
    histw: no visible global function definition for ‘axis’
    histw: no visible global function definition for ‘rect’
    histw: no visible global function definition for ‘lines’
    Undefined global functions or variables:
     axis lines plot.new plot.window rect
    Consider adding
     importFrom("graphics", "axis", "lines", "plot.new", "plot.window",
     "rect")
    to your NAMESPACE file.
Flavors: r-devel-linux-x86_64-debian-clang, r-devel-linux-x86_64-debian-gcc, r-devel-linux-x86_64-fedora-clang, r-devel-linux-x86_64-fedora-gcc, r-devel-macos-x86_64-clang, r-devel-windows-ix86+x86_64, r-patched-linux-x86_64, r-patched-solaris-sparc, r-patched-solaris-x86, r-release-linux-x86_64, r-release-osx-x86_64-mavericks, r-release-windows-ix86+x86_64