CRAN Package Check Results for Package ibd

Last updated on 2014-12-21 21:47:22.

Flavor Version Tinstall Tcheck Ttotal Status Flags
r-devel-linux-x86_64-debian-clang 1.2 5.45 55.97 61.42 OK
r-devel-linux-x86_64-debian-gcc 1.2 5.10 53.58 58.68 OK
r-devel-linux-x86_64-fedora-clang 1.2 136.28 OK
r-devel-linux-x86_64-fedora-gcc 1.2 130.39 OK
r-devel-osx-x86_64-clang 1.2 116.04 OK
r-devel-windows-ix86+x86_64 1.2 15.00 83.00 98.00 OK
r-patched-linux-x86_64 1.2 5.28 56.45 61.73 OK
r-patched-solaris-sparc 1.2 641.50 OK
r-patched-solaris-x86 1.2 169.10 OK
r-release-linux-ix86 1.2 4.84 64.16 69.00 OK
r-release-linux-x86_64 1.2 4.38 55.95 60.34 OK
r-release-osx-x86_64-mavericks 1.2 OK
r-release-osx-x86_64-snowleopard 1.2 OK
r-release-windows-ix86+x86_64 1.2 14.00 86.00 100.00 OK
r-oldrel-windows-ix86+x86_64 1.1 4.00 26.00 30.00 NOTE

Check Details

Version: 1.1
Check: dependencies in R code
Result: NOTE
    'library' or 'require' call to 'MASS' which was already attached by Depends.
     Please remove these calls from your code.
    Packages in Depends field not imported from:
     'MASS' 'lpSolve'
     These packages need to be imported from (in the NAMESPACE file)
     for when this namespace is loaded but not attached.
    See the information on DESCRIPTION files in the chapter 'Creating R
    packages' of the 'Writing R Extensions' manual.
Flavor: r-oldrel-windows-ix86+x86_64