CRAN Package Check Results for Package ibd

Last updated on 2014-11-28 19:51:20.

Flavor Version Tinstall Tcheck Ttotal Status Flags
r-devel-linux-x86_64-debian-clang 1.2 4.33 56.56 60.90 OK
r-devel-linux-x86_64-debian-gcc 1.2 4.08 54.55 58.62 OK
r-devel-linux-x86_64-fedora-clang 1.2 137.28 OK
r-devel-linux-x86_64-fedora-gcc 1.2 148.55 OK
r-devel-osx-x86_64-clang 1.2 114.20 OK
r-devel-windows-ix86+x86_64 1.2 11.00 79.00 90.00 OK
r-patched-linux-x86_64 1.2 4.40 57.25 61.64 OK
r-patched-solaris-sparc 1.2 641.50 OK
r-patched-solaris-x86 1.2 169.30 OK
r-release-linux-ix86 1.2 4.83 64.36 69.19 OK
r-release-linux-x86_64 1.2 4.35 58.66 63.01 OK
r-release-osx-x86_64-mavericks 1.2 OK
r-release-osx-x86_64-snowleopard 1.2 OK
r-release-windows-ix86+x86_64 1.2 11.00 84.00 95.00 OK
r-oldrel-windows-ix86+x86_64 1.1 4.00 26.00 30.00 NOTE

Check Details

Version: 1.1
Check: dependencies in R code
Result: NOTE
    'library' or 'require' call to 'MASS' which was already attached by Depends.
     Please remove these calls from your code.
    Packages in Depends field not imported from:
     'MASS' 'lpSolve'
     These packages need to be imported from (in the NAMESPACE file)
     for when this namespace is loaded but not attached.
    See the information on DESCRIPTION files in the chapter 'Creating R
    packages' of the 'Writing R Extensions' manual.
Flavor: r-oldrel-windows-ix86+x86_64