CRAN Package Check Results for Package ibd

Last updated on 2018-06-25 00:49:36 CEST.

Flavor Version Tinstall Tcheck Ttotal Status Flags
r-devel-linux-x86_64-debian-clang 1.2 7.00 76.54 83.54 NOTE
r-devel-linux-x86_64-debian-gcc 1.2 6.85 66.89 73.74 NOTE
r-devel-linux-x86_64-fedora-clang 1.2 106.70 NOTE
r-devel-linux-x86_64-fedora-gcc 1.2 103.05 NOTE
r-devel-windows-ix86+x86_64 1.2 14.00 105.00 119.00 NOTE
r-patched-linux-x86_64 1.2 7.42 71.55 78.97 NOTE
r-patched-solaris-x86 1.2 142.70 NOTE
r-release-linux-x86_64 1.2 7.35 70.74 78.09 NOTE
r-release-windows-ix86+x86_64 1.2 18.00 83.00 101.00 NOTE
r-release-osx-x86_64 1.2 NOTE
r-oldrel-windows-ix86+x86_64 1.2 17.00 90.00 107.00 NOTE
r-oldrel-osx-x86_64 1.2 NOTE

Check Details

Version: 1.2
Check: R code for possible problems
Result: NOTE
    NLIP: no visible global function definition for ‘combn’
    aov.ibd: no visible global function definition for ‘lm’
    detect: no visible global function definition for ‘combn’
    ibdgen: no visible global function definition for ‘txtProgressBar’
    ibdgen: no visible global function definition for ‘setTxtProgressBar’
    Undefined global functions or variables:
     combn lm setTxtProgressBar txtProgressBar
    Consider adding
     importFrom("stats", "lm")
     importFrom("utils", "combn", "setTxtProgressBar", "txtProgressBar")
    to your NAMESPACE file.
Flavors: r-devel-linux-x86_64-debian-clang, r-devel-linux-x86_64-debian-gcc, r-devel-linux-x86_64-fedora-clang, r-devel-linux-x86_64-fedora-gcc, r-patched-linux-x86_64, r-patched-solaris-x86, r-release-linux-x86_64, r-release-osx-x86_64, r-oldrel-osx-x86_64

Version: 1.2
Check: R code for possible problems
Result: NOTE
    NLIP: no visible global function definition for 'combn'
    aov.ibd: no visible global function definition for 'lm'
    detect: no visible global function definition for 'combn'
    ibdgen: no visible global function definition for 'winProgressBar'
    ibdgen: no visible global function definition for 'txtProgressBar'
    ibdgen: no visible global function definition for 'setWinProgressBar'
    ibdgen: no visible global function definition for 'setTxtProgressBar'
    Undefined global functions or variables:
     combn lm setTxtProgressBar setWinProgressBar txtProgressBar
     winProgressBar
    Consider adding
     importFrom("stats", "lm")
     importFrom("utils", "combn", "setTxtProgressBar", "setWinProgressBar",
     "txtProgressBar", "winProgressBar")
    to your NAMESPACE file.
Flavors: r-devel-windows-ix86+x86_64, r-release-windows-ix86+x86_64, r-oldrel-windows-ix86+x86_64