CRAN Package Check Results for Package ibd

Last updated on 2017-02-21 03:49:27.

Flavor Version Tinstall Tcheck Ttotal Status Flags
r-devel-linux-x86_64-debian-clang 1.2 3.89 49.80 53.70 NOTE
r-devel-linux-x86_64-debian-gcc 1.2 3.75 50.36 54.11 NOTE
r-devel-linux-x86_64-fedora-clang 1.2 108.82 NOTE --no-stop-on-test-error
r-devel-linux-x86_64-fedora-gcc 1.2 107.38 NOTE --no-stop-on-test-error
r-devel-macos-x86_64-clang 1.2 83.29 NOTE --no-stop-on-test-error
r-devel-windows-ix86+x86_64 1.2 20.00 113.00 133.00 NOTE
r-patched-linux-x86_64 1.2 4.00 47.15 51.16 NOTE
r-patched-solaris-sparc 1.2 574.90 NOTE
r-patched-solaris-x86 1.2 132.30 NOTE
r-release-linux-x86_64 1.2 3.78 46.90 50.68 NOTE
r-release-osx-x86_64-mavericks 1.2 NOTE
r-release-windows-ix86+x86_64 1.2 17.00 111.00 128.00 NOTE
r-oldrel-windows-ix86+x86_64 1.2 13.00 126.00 139.00 OK

Check Details

Version: 1.2
Check: R code for possible problems
Result: NOTE
    NLIP: no visible global function definition for ‘combn’
    aov.ibd: no visible global function definition for ‘lm’
    detect: no visible global function definition for ‘combn’
    ibdgen: no visible global function definition for ‘txtProgressBar’
    ibdgen: no visible global function definition for ‘setTxtProgressBar’
    Undefined global functions or variables:
     combn lm setTxtProgressBar txtProgressBar
    Consider adding
     importFrom("stats", "lm")
     importFrom("utils", "combn", "setTxtProgressBar", "txtProgressBar")
    to your NAMESPACE file.
Flavors: r-devel-linux-x86_64-debian-clang, r-devel-linux-x86_64-debian-gcc, r-patched-linux-x86_64, r-patched-solaris-sparc, r-patched-solaris-x86, r-release-linux-x86_64, r-release-osx-x86_64-mavericks

Version: 1.2
Flags: --no-stop-on-test-error
Check: R code for possible problems
Result: NOTE
    NLIP: no visible global function definition for ‘combn’
    aov.ibd: no visible global function definition for ‘lm’
    detect: no visible global function definition for ‘combn’
    ibdgen: no visible global function definition for ‘txtProgressBar’
    ibdgen: no visible global function definition for ‘setTxtProgressBar’
    Undefined global functions or variables:
     combn lm setTxtProgressBar txtProgressBar
    Consider adding
     importFrom("stats", "lm")
     importFrom("utils", "combn", "setTxtProgressBar", "txtProgressBar")
    to your NAMESPACE file.
Flavors: r-devel-linux-x86_64-fedora-clang, r-devel-linux-x86_64-fedora-gcc, r-devel-macos-x86_64-clang

Version: 1.2
Check: R code for possible problems
Result: NOTE
    NLIP: no visible global function definition for 'combn'
    aov.ibd: no visible global function definition for 'lm'
    detect: no visible global function definition for 'combn'
    ibdgen: no visible global function definition for 'winProgressBar'
    ibdgen: no visible global function definition for 'txtProgressBar'
    ibdgen: no visible global function definition for 'setWinProgressBar'
    ibdgen: no visible global function definition for 'setTxtProgressBar'
    Undefined global functions or variables:
     combn lm setTxtProgressBar setWinProgressBar txtProgressBar
     winProgressBar
    Consider adding
     importFrom("stats", "lm")
     importFrom("utils", "combn", "setTxtProgressBar", "setWinProgressBar",
     "txtProgressBar", "winProgressBar")
    to your NAMESPACE file.
Flavors: r-devel-windows-ix86+x86_64, r-release-windows-ix86+x86_64