CRAN Package Check Results for Package ibd

Last updated on 2015-08-28 03:48:23.

Flavor Version Tinstall Tcheck Ttotal Status Flags
r-devel-linux-x86_64-debian-clang 1.2 4.27 51.07 55.34 NOTE
r-devel-linux-x86_64-debian-gcc 1.2 3.88 48.79 52.67 NOTE
r-devel-linux-x86_64-fedora-clang 1.2 103.89 NOTE
r-devel-linux-x86_64-fedora-gcc 1.2 98.10 NOTE
r-devel-osx-x86_64-clang 1.2 89.66 OK
r-devel-windows-ix86+x86_64 1.2 20.00 83.00 103.00 NOTE
r-patched-linux-x86_64 1.2 4.21 52.86 57.07 OK
r-patched-solaris-sparc 1.2 611.60 OK
r-patched-solaris-x86 1.2 140.70 OK
r-release-linux-x86_64 1.2 4.22 52.71 56.93 OK
r-release-osx-x86_64-mavericks 1.2 OK
r-release-windows-ix86+x86_64 1.2 18.00 89.00 107.00 OK
r-oldrel-windows-ix86+x86_64 1.2 30.00 125.00 155.00 OK

Check Details

Version: 1.2
Check: R code for possible problems
Result: NOTE
    NLIP: no visible global function definition for ‘combn’
    aov.ibd: no visible global function definition for ‘lm’
    detect: no visible global function definition for ‘combn’
    ibdgen: no visible global function definition for ‘txtProgressBar’
    ibdgen: no visible global function definition for ‘setTxtProgressBar’
    Undefined global functions or variables:
     combn lm setTxtProgressBar txtProgressBar
    Consider adding
     importFrom("stats", "lm")
     importFrom("utils", "combn", "setTxtProgressBar", "txtProgressBar")
    to your NAMESPACE.
Flavors: r-devel-linux-x86_64-debian-clang, r-devel-linux-x86_64-debian-gcc, r-devel-linux-x86_64-fedora-clang, r-devel-linux-x86_64-fedora-gcc

Version: 1.2
Check: R code for possible problems
Result: NOTE
    NLIP: no visible global function definition for 'combn'
    aov.ibd: no visible global function definition for 'lm'
    detect: no visible global function definition for 'combn'
    ibdgen: no visible global function definition for 'winProgressBar'
    ibdgen: no visible global function definition for 'txtProgressBar'
    ibdgen: no visible global function definition for 'setWinProgressBar'
    ibdgen: no visible global function definition for 'setTxtProgressBar'
    Undefined global functions or variables:
     combn lm setTxtProgressBar setWinProgressBar txtProgressBar
     winProgressBar
    Consider adding
     importFrom("stats", "lm")
     importFrom("utils", "combn", "setTxtProgressBar", "setWinProgressBar",
     "txtProgressBar", "winProgressBar")
    to your NAMESPACE.
Flavor: r-devel-windows-ix86+x86_64