CRAN Package Check Results for Package ibd

Last updated on 2015-04-20 02:48:34.

Flavor Version Tinstall Tcheck Ttotal Status Flags
r-devel-linux-x86_64-debian-clang 1.2 4.66 49.93 54.58 OK
r-devel-linux-x86_64-debian-gcc 1.2 4.00 48.20 52.20 OK
r-devel-linux-x86_64-fedora-clang 1.2 101.95 OK
r-devel-linux-x86_64-fedora-gcc 1.2 96.23 OK
r-devel-osx-x86_64-clang 1.2 92.17 OK
r-devel-windows-ix86+x86_64 1.2 16.00 99.00 115.00 OK
r-patched-linux-x86_64 1.2 5.24 49.78 55.01 OK
r-patched-solaris-sparc 1.2 593.60 OK
r-patched-solaris-x86 1.2 133.10 OK
r-release-linux-x86_64 1.2 3.98 49.27 53.25 OK
r-release-osx-x86_64-mavericks 1.2 ERROR
r-release-osx-x86_64-snowleopard 1.2 ERROR
r-release-windows-ix86+x86_64 1.2 8.00 65.00 73.00 OK
r-oldrel-windows-ix86+x86_64 1.2 19.00 97.00 116.00 OK

Check Details

Version: 1.2
Check: package dependencies
Result: ERROR
    Package required but not available: ‘lsmeans’
    
    See section ‘The DESCRIPTION file’ in the ‘Writing R Extensions’
    manual.
Flavor: r-release-osx-x86_64-mavericks

Version: 1.2
Check: package dependencies
Result: ERROR
    Packages required but not available: ‘car’ ‘lsmeans’ ‘multcompView’
    
    See section ‘The DESCRIPTION file’ in the ‘Writing R Extensions’
    manual.
Flavor: r-release-osx-x86_64-snowleopard