CRAN Package Check Results for Package ibd

Last updated on 2014-08-28 23:48:23.

Flavor Version Tinstall Tcheck Ttotal Status Flags
r-devel-linux-x86_64-debian-clang 1.1 0.68 16.44 17.12 NOTE
r-devel-linux-x86_64-debian-gcc 1.1 0.66 17.39 18.06 NOTE
r-devel-linux-x86_64-fedora-clang 1.1 28.90 NOTE
r-devel-linux-x86_64-fedora-gcc 1.1 25.53 NOTE
r-devel-osx-x86_64-clang 1.1 31.56 NOTE
r-devel-windows-ix86+x86_64 1.1 3.00 25.00 28.00 NOTE
r-patched-linux-x86_64 1.1 0.68 17.28 17.96 NOTE
r-patched-solaris-sparc 1.1 164.50 NOTE
r-patched-solaris-x86 1.1 38.30 NOTE
r-release-linux-ix86 1.1 1.01 22.29 23.30 NOTE
r-release-linux-x86_64 1.1 0.72 17.30 18.02 NOTE
r-release-osx-x86_64-mavericks 1.1 NOTE
r-release-osx-x86_64-snowleopard 1.1 NOTE
r-release-windows-ix86+x86_64 1.1 3.00 27.00 30.00 NOTE
r-oldrel-windows-ix86+x86_64 1.1 3.00 25.00 28.00 NOTE

Check Details

Version: 1.1
Check: dependencies in R code
Result: NOTE
    'library' or 'require' call to ‘MASS’ which was already attached by Depends.
     Please remove these calls from your code.
    Packages in Depends field not imported from:
     ‘MASS’ ‘lpSolve’
     These packages need to be imported from (in the NAMESPACE file)
     for when this namespace is loaded but not attached.
    See the information on DESCRIPTION files in the chapter ‘Creating R
    packages’ of the ‘Writing R Extensions’ manual.
Flavors: r-devel-linux-x86_64-debian-clang, r-devel-linux-x86_64-debian-gcc, r-devel-linux-x86_64-fedora-clang, r-devel-linux-x86_64-fedora-gcc, r-devel-osx-x86_64-clang, r-devel-windows-ix86+x86_64, r-patched-linux-x86_64, r-patched-solaris-sparc, r-patched-solaris-x86, r-release-linux-ix86, r-release-linux-x86_64, r-release-osx-x86_64-mavericks, r-release-windows-ix86+x86_64, r-oldrel-windows-ix86+x86_64

Version: 1.1
Check: R code for possible problems
Result: NOTE
    A_eff_tc: no visible global function definition for ‘ginv’
    LIP: no visible global function definition for ‘lp’
    NLIP: no visible global function definition for ‘lp’
    aov.ibd: no visible global function definition for ‘ginv’
    ccmat_LP: no visible global function definition for ‘lp’
Flavors: r-devel-linux-x86_64-debian-clang, r-devel-linux-x86_64-debian-gcc, r-devel-linux-x86_64-fedora-clang, r-devel-linux-x86_64-fedora-gcc, r-devel-osx-x86_64-clang, r-devel-windows-ix86+x86_64

Version: 1.1
Check: Rd line widths
Result: NOTE
    Rd file 'A_eff.Rd':
     \examples lines wider than 100 characters:
     N=matrix(c(1 , 0 , 0 , 0 , 1 , 0 , 1 ,
     0 , 0 , 0 , 1 , 0 , 1 , 1 ,
     0 , 0 , 1 , 0 , 1 , 1 , 0 ,
     1 , 0 , 1 , 1 , 0 , 0 , 0 ,
     0 , 1 , 1 , 0 , 0 , 0 , 1 ,
     1 , 1 , 0 , 0 , 0 , 1 , 0 ,
     0 , 1 , 0 , 1 , 1 , 0 , 0
    
    Rd file 'C.Rd':
     \examples lines wider than 100 characters:
     N=matrix(c(1 , 0 , 0 , 0 , 1 , 0 , 1 ,
     0 , 0 , 0 , 1 , 0 , 1 , 1 ,
     0 , 0 , 1 , 0 , 1 , 1 , 0 ,
     1 , 0 , 1 , 1 , 0 , 0 , 0 ,
     0 , 1 , 1 , 0 , 0 , 0 , 1 ,
     1 , 1 , 0 , 0 , 0 , 1 , 0 ,
     0 , 1 , 0 , 1 , 1 , 0 , 0
    
    Rd file 'D_eff.Rd':
     \examples lines wider than 100 characters:
     N=matrix(c(1 , 0 , 0 , 0 , 1 , 0 , 1 ,
     0 , 0 , 0 , 1 , 0 , 1 , 1 ,
     0 , 0 , 1 , 0 , 1 , 1 , 0 ,
     1 , 0 , 1 , 1 , 0 , 0 , 0 ,
     0 , 1 , 1 , 0 , 0 , 0 , 1 ,
     1 , 1 , 0 , 0 , 0 , 1 , 0 ,
     0 , 1 , 0 , 1 , 1 , 0 , 0
    
    Rd file 'NNPmat.Rd':
     \examples lines wider than 100 characters:
     N=matrix(c(1 , 0 , 0 , 0 , 1 , 0 , 1 ,
     0 , 0 , 0 , 1 , 0 , 1 , 1 ,
     0 , 0 , 1 , 0 , 1 , 1 , 0 ,
     1 , 0 , 1 , 1 , 0 , 0 , 0 ,
     0 , 1 , 1 , 0 , 0 , 0 , 1 ,
     1 , 1 , 0 , 0 , 0 , 1 , 0 ,
     0 , 1 , 0 , 1 , 1 , 0 , 0
    
    Rd file 'N_to_Design.Rd':
     \examples lines wider than 100 characters:
     N=matrix(c(1 , 0 , 0 , 0 , 1 , 0 , 1 ,
     0 , 0 , 0 , 1 , 0 , 1 , 1 ,
     0 , 0 , 1 , 0 , 1 , 1 , 0 ,
     1 , 0 , 1 , 1 , 0 , 0 , 0 ,
     0 , 1 , 1 , 0 , 0 , 0 , 1 ,
     1 , 1 , 0 , 0 , 0 , 1 , 0 ,
     0 , 1 , 0 , 1 , 1 , 0 , 0
    
    Rd file 'aov.ibd.Rd':
     \examples lines wider than 100 characters:
     y=c(77,65,75,47,61,60,54,60,65,70,62,62,72,55,55,50,40,60,63,67,54,62,53,57,68,67,66,69,62,52,61,63,79,65,65,38)
    
    Rd file 'ibdtvc.Rd':
     \examples lines wider than 100 characters:
     NNPo=matrix(c(7 , 3 , 3 , 3 , 3 , 3 , 3 , 3 ,
     3 , 7 , 3 , 3 , 3 , 3 , 3 , 3 ,
     3 , 3 , 7 , 3 , 3 , 3 , 3 , 3 ,
     3 , 3 , 3 , 7 , 3 , 3 , 3 , 3 ,
     3 , 3 , 3 , 3 , 7 , 3 , 3 , 3 ,
     3 , 3 , 3 , 3 , 3 , 7 , 3 , 3 ,
     3 , 3 , 3 , 3 , 3 , 3 , 9 , 9 ,
     3 , 3 , 3 , 3 , 3 , 3 , 9 , 9
    
    Rd file 'is.connected.Rd':
     \examples lines wider than 100 characters:
     N=matrix(c(1 , 0 , 0 , 0 , 1 , 0 , 1 ,
     0 , 0 , 0 , 1 , 0 , 1 , 1 ,
     0 , 0 , 1 , 0 , 1 , 1 , 0 ,
     1 , 0 , 1 , 1 , 0 , 0 , 0 ,
     0 , 1 , 1 , 0 , 0 , 0 , 1 ,
     1 , 1 , 0 , 0 , 0 , 1 , 0 ,
     0 , 1 , 0 , 1 , 1 , 0 , 0
    
    Rd file 'is.equir.Rd':
     \examples lines wider than 100 characters:
     N=matrix(c(1 , 0 , 0 , 0 , 1 , 0 , 1 ,
     0 , 0 , 0 , 1 , 0 , 1 , 1 ,
     0 , 0 , 1 , 0 , 1 , 1 , 0 ,
     1 , 0 , 1 , 1 , 0 , 0 , 0 ,
     0 , 1 , 1 , 0 , 0 , 0 , 1 ,
     1 , 1 , 0 , 0 , 0 , 1 , 0 ,
     0 , 1 , 0 , 1 , 1 , 0 , 0
    
    Rd file 'is.orthogonal.Rd':
     \examples lines wider than 100 characters:
     N=matrix(c(1 , 0 , 0 , 0 , 1 , 0 , 1 ,
     0 , 0 , 0 , 1 , 0 , 1 , 1 ,
     0 , 0 , 1 , 0 , 1 , 1 , 0 ,
     1 , 0 , 1 , 1 , 0 , 0 , 0 ,
     0 , 1 , 1 , 0 , 0 , 0 , 1 ,
     1 , 1 , 0 , 0 , 0 , 1 , 0 ,
     0 , 1 , 0 , 1 , 1 , 0 , 0
    
    Rd file 'is.proper.Rd':
     \examples lines wider than 100 characters:
     N=matrix(c(1 , 0 , 0 , 0 , 1 , 0 , 1 ,
     0 , 0 , 0 , 1 , 0 , 1 , 1 ,
     0 , 0 , 1 , 0 , 1 , 1 , 0 ,
     1 , 0 , 1 , 1 , 0 , 0 , 0 ,
     0 , 1 , 1 , 0 , 0 , 0 , 1 ,
     1 , 1 , 0 , 0 , 0 , 1 , 0 ,
     0 , 1 , 0 , 1 , 1 , 0 , 0
    
    Rd file 'is.vb.Rd':
     \examples lines wider than 100 characters:
     N=matrix(c(1 , 0 , 0 , 0 , 1 , 0 , 1 ,
     0 , 0 , 0 , 1 , 0 , 1 , 1 ,
     0 , 0 , 1 , 0 , 1 , 1 , 0 ,
     1 , 0 , 1 , 1 , 0 , 0 , 0 ,
     0 , 1 , 1 , 0 , 0 , 0 , 1 ,
     1 , 1 , 0 , 0 , 0 , 1 , 0 ,
     0 , 1 , 0 , 1 , 1 , 0 , 0
    
    These lines will be truncated in the PDF manual.
Flavors: r-devel-linux-x86_64-fedora-clang, r-devel-linux-x86_64-fedora-gcc

Version: 1.1
Check: dependencies in R code
Result: NOTE
    'library' or 'require' call to 'MASS' which was already attached by Depends.
     Please remove these calls from your code.
    See the information on DESCRIPTION files in the chapter 'Creating R
    packages' of the 'Writing R Extensions' manual.
Flavor: r-release-osx-x86_64-snowleopard