CRAN Package Check Results for Package ibd

Last updated on 2017-08-20 14:46:56.

Flavor Version Tinstall Tcheck Ttotal Status Flags
r-devel-linux-x86_64-debian-clang 1.2 3.91 50.83 54.74 NOTE
r-devel-linux-x86_64-debian-gcc 1.2 3.72 49.72 53.44 NOTE
r-devel-linux-x86_64-fedora-clang 1.2 111.07 NOTE
r-devel-linux-x86_64-fedora-gcc 1.2 106.84 NOTE
r-devel-windows-ix86+x86_64 1.2 11.00 85.00 96.00 NOTE
r-patched-linux-x86_64 1.2 3.76 49.70 53.46 NOTE
r-patched-solaris-x86 1.2 148.30 NOTE
r-release-linux-x86_64 1.2 3.76 50.61 54.38 NOTE
r-release-windows-ix86+x86_64 1.2 20.00 85.00 105.00 NOTE
r-release-osx-x86_64 1.2 NOTE
r-oldrel-windows-ix86+x86_64 1.2 11.00 82.00 93.00 NOTE
r-oldrel-osx-x86_64 1.2 NOTE

Check Details

Version: 1.2
Check: R code for possible problems
Result: NOTE
    NLIP: no visible global function definition for ‘combn’
    aov.ibd: no visible global function definition for ‘lm’
    detect: no visible global function definition for ‘combn’
    ibdgen: no visible global function definition for ‘txtProgressBar’
    ibdgen: no visible global function definition for ‘setTxtProgressBar’
    Undefined global functions or variables:
     combn lm setTxtProgressBar txtProgressBar
    Consider adding
     importFrom("stats", "lm")
     importFrom("utils", "combn", "setTxtProgressBar", "txtProgressBar")
    to your NAMESPACE file.
Flavors: r-devel-linux-x86_64-debian-clang, r-devel-linux-x86_64-debian-gcc, r-devel-linux-x86_64-fedora-clang, r-devel-linux-x86_64-fedora-gcc, r-patched-linux-x86_64, r-patched-solaris-x86, r-release-linux-x86_64, r-release-osx-x86_64, r-oldrel-osx-x86_64

Version: 1.2
Check: R code for possible problems
Result: NOTE
    NLIP: no visible global function definition for 'combn'
    aov.ibd: no visible global function definition for 'lm'
    detect: no visible global function definition for 'combn'
    ibdgen: no visible global function definition for 'winProgressBar'
    ibdgen: no visible global function definition for 'txtProgressBar'
    ibdgen: no visible global function definition for 'setWinProgressBar'
    ibdgen: no visible global function definition for 'setTxtProgressBar'
    Undefined global functions or variables:
     combn lm setTxtProgressBar setWinProgressBar txtProgressBar
     winProgressBar
    Consider adding
     importFrom("stats", "lm")
     importFrom("utils", "combn", "setTxtProgressBar", "setWinProgressBar",
     "txtProgressBar", "winProgressBar")
    to your NAMESPACE file.
Flavors: r-devel-windows-ix86+x86_64, r-release-windows-ix86+x86_64, r-oldrel-windows-ix86+x86_64