CRAN Package Check Results for Package ibd

Last updated on 2017-06-22 17:47:45.

Flavor Version Tinstall Tcheck Ttotal Status Flags
r-devel-linux-x86_64-debian-clang 1.2 4.12 51.69 55.80 NOTE
r-devel-linux-x86_64-debian-gcc 1.2 3.79 52.36 56.15 NOTE
r-devel-linux-x86_64-fedora-clang 1.2 110.19 NOTE
r-devel-linux-x86_64-fedora-gcc 1.2 108.39 NOTE
r-devel-windows-ix86+x86_64 1.2 18.00 98.00 116.00 NOTE
r-patched-linux-x86_64 1.2 4.00 50.87 54.87 NOTE
r-patched-solaris-sparc 1.2 624.60 NOTE
r-patched-solaris-x86 1.2 147.30 NOTE
r-release-linux-x86_64 1.2 4.13 50.56 54.69 NOTE
r-release-windows-ix86+x86_64 1.2 18.00 140.00 158.00 NOTE
r-release-osx-x86_64 1.2 NOTE
r-oldrel-windows-ix86+x86_64 1.2 17.00 91.00 108.00 NOTE
r-oldrel-osx-x86_64 1.2 NOTE

Check Details

Version: 1.2
Check: R code for possible problems
Result: NOTE
    NLIP: no visible global function definition for ‘combn’
    aov.ibd: no visible global function definition for ‘lm’
    detect: no visible global function definition for ‘combn’
    ibdgen: no visible global function definition for ‘txtProgressBar’
    ibdgen: no visible global function definition for ‘setTxtProgressBar’
    Undefined global functions or variables:
     combn lm setTxtProgressBar txtProgressBar
    Consider adding
     importFrom("stats", "lm")
     importFrom("utils", "combn", "setTxtProgressBar", "txtProgressBar")
    to your NAMESPACE file.
Flavors: r-devel-linux-x86_64-debian-clang, r-devel-linux-x86_64-debian-gcc, r-devel-linux-x86_64-fedora-clang, r-devel-linux-x86_64-fedora-gcc, r-patched-linux-x86_64, r-patched-solaris-sparc, r-patched-solaris-x86, r-release-linux-x86_64, r-release-osx-x86_64, r-oldrel-osx-x86_64

Version: 1.2
Check: R code for possible problems
Result: NOTE
    NLIP: no visible global function definition for 'combn'
    aov.ibd: no visible global function definition for 'lm'
    detect: no visible global function definition for 'combn'
    ibdgen: no visible global function definition for 'winProgressBar'
    ibdgen: no visible global function definition for 'txtProgressBar'
    ibdgen: no visible global function definition for 'setWinProgressBar'
    ibdgen: no visible global function definition for 'setTxtProgressBar'
    Undefined global functions or variables:
     combn lm setTxtProgressBar setWinProgressBar txtProgressBar
     winProgressBar
    Consider adding
     importFrom("stats", "lm")
     importFrom("utils", "combn", "setTxtProgressBar", "setWinProgressBar",
     "txtProgressBar", "winProgressBar")
    to your NAMESPACE file.
Flavors: r-devel-windows-ix86+x86_64, r-release-windows-ix86+x86_64, r-oldrel-windows-ix86+x86_64