CRAN Package Check Results for Package ibd

Last updated on 2015-01-27 23:51:12.

Flavor Version Tinstall Tcheck Ttotal Status Flags
r-devel-linux-x86_64-debian-clang 1.2 3.96 50.29 54.25 OK
r-devel-linux-x86_64-debian-gcc 1.2 4.10 46.78 50.89 OK
r-devel-linux-x86_64-fedora-clang 1.2 137.10 OK
r-devel-linux-x86_64-fedora-gcc 1.2 135.32 OK
r-devel-osx-x86_64-clang 1.2 115.71 OK
r-devel-windows-ix86+x86_64 1.2 11.00 66.00 77.00 OK
r-patched-linux-x86_64 1.2 4.44 56.73 61.18 OK
r-patched-solaris-sparc 1.2 700.30 OK
r-patched-solaris-x86 1.2 172.80 OK
r-release-linux-ix86 1.2 5.07 64.38 69.45 OK
r-release-linux-x86_64 1.2 4.42 57.64 62.06 OK
r-release-osx-x86_64-mavericks 1.2 OK
r-release-osx-x86_64-snowleopard 1.2 OK
r-release-windows-ix86+x86_64 1.2 13.00 82.00 95.00 OK
r-oldrel-windows-ix86+x86_64 1.1 4.00 26.00 30.00 NOTE

Check Details

Version: 1.1
Check: dependencies in R code
Result: NOTE
    'library' or 'require' call to 'MASS' which was already attached by Depends.
     Please remove these calls from your code.
    Packages in Depends field not imported from:
     'MASS' 'lpSolve'
     These packages need to be imported from (in the NAMESPACE file)
     for when this namespace is loaded but not attached.
    See the information on DESCRIPTION files in the chapter 'Creating R
    packages' of the 'Writing R Extensions' manual.
Flavor: r-oldrel-windows-ix86+x86_64