CRAN Package Check Results for Package ibd

Last updated on 2016-05-02 21:49:49.

Flavor Version Tinstall Tcheck Ttotal Status Flags
r-devel-linux-x86_64-debian-gcc 1.2 4.13 50.33 54.46 NOTE
r-devel-linux-x86_64-fedora-clang 1.2 116.08 NOTE
r-devel-linux-x86_64-fedora-gcc 1.2 92.84 NOTE
r-devel-osx-x86_64-clang 1.2 106.47 NOTE
r-devel-windows-ix86+x86_64 1.2 13.00 86.00 99.00 NOTE
r-patched-linux-x86_64 1.2 4.21 49.35 53.56 NOTE
r-patched-solaris-sparc 1.2 566.80 NOTE
r-patched-solaris-x86 1.2 129.10 NOTE
r-release-linux-x86_64 1.2 4.31 54.64 58.95 OK
r-release-osx-x86_64-mavericks 1.2 OK
r-release-windows-ix86+x86_64 1.2 13.00 122.00 135.00 OK
r-oldrel-windows-ix86+x86_64 1.2 34.00 171.00 205.00 OK

Check Details

Version: 1.2
Check: R code for possible problems
Result: NOTE
    NLIP: no visible global function definition for ‘combn’
    aov.ibd: no visible global function definition for ‘lm’
    detect: no visible global function definition for ‘combn’
    ibdgen: no visible global function definition for ‘txtProgressBar’
    ibdgen: no visible global function definition for ‘setTxtProgressBar’
    Undefined global functions or variables:
     combn lm setTxtProgressBar txtProgressBar
    Consider adding
     importFrom("stats", "lm")
     importFrom("utils", "combn", "setTxtProgressBar", "txtProgressBar")
    to your NAMESPACE file.
Flavors: r-devel-linux-x86_64-debian-gcc, r-devel-linux-x86_64-fedora-clang, r-devel-linux-x86_64-fedora-gcc, r-devel-osx-x86_64-clang, r-patched-linux-x86_64, r-patched-solaris-sparc, r-patched-solaris-x86

Version: 1.2
Check: R code for possible problems
Result: NOTE
    NLIP: no visible global function definition for 'combn'
    aov.ibd: no visible global function definition for 'lm'
    detect: no visible global function definition for 'combn'
    ibdgen: no visible global function definition for 'winProgressBar'
    ibdgen: no visible global function definition for 'txtProgressBar'
    ibdgen: no visible global function definition for 'setWinProgressBar'
    ibdgen: no visible global function definition for 'setTxtProgressBar'
    Undefined global functions or variables:
     combn lm setTxtProgressBar setWinProgressBar txtProgressBar
     winProgressBar
    Consider adding
     importFrom("stats", "lm")
     importFrom("utils", "combn", "setTxtProgressBar", "setWinProgressBar",
     "txtProgressBar", "winProgressBar")
    to your NAMESPACE file.
Flavor: r-devel-windows-ix86+x86_64