CRAN Package Check Results for Package ibd

Last updated on 2015-05-29 03:48:05.

Flavor Version Tinstall Tcheck Ttotal Status Flags
r-devel-linux-x86_64-debian-clang 1.2 4.06 49.71 53.78 OK
r-devel-linux-x86_64-debian-gcc 1.2 4.24 48.54 52.78 OK
r-devel-linux-x86_64-fedora-clang 1.2 103.01 OK
r-devel-linux-x86_64-fedora-gcc 1.2 98.12 OK
r-devel-osx-x86_64-clang 1.2 92.23 OK
r-devel-windows-ix86+x86_64 1.2 11.00 73.00 84.00 OK
r-patched-linux-x86_64 1.2 3.95 48.76 52.71 OK
r-patched-solaris-sparc 1.2 595.40 OK
r-patched-solaris-x86 1.2 138.70 OK
r-release-linux-x86_64 1.2 3.95 48.92 52.86 OK
r-release-osx-x86_64-mavericks 1.2 OK
r-release-osx-x86_64-snowleopard 1.2 ERROR
r-release-windows-ix86+x86_64 1.2 14.00 75.00 89.00 OK
r-oldrel-windows-ix86+x86_64 1.2 20.00 104.00 124.00 OK

Check Details

Version: 1.2
Check: package dependencies
Result: ERROR
    Packages required but not available: ‘car’ ‘lsmeans’ ‘multcompView’
    
    See section ‘The DESCRIPTION file’ in the ‘Writing R Extensions’
    manual.
Flavor: r-release-osx-x86_64-snowleopard