CRAN Package Check Results for Package ibd

Last updated on 2016-02-10 11:55:16.

Flavor Version Tinstall Tcheck Ttotal Status Flags
r-devel-linux-x86_64-debian-gcc 1.2 4.27 50.23 54.50 NOTE
r-devel-linux-x86_64-fedora-clang 1.2 97.47 NOTE
r-devel-linux-x86_64-fedora-gcc 1.2 92.99 NOTE
r-devel-osx-x86_64-clang 1.2 107.90 NOTE
r-devel-windows-ix86+x86_64 1.2 20.00 113.00 133.00 NOTE
r-patched-linux-x86_64 1.2 4.35 52.90 57.25 OK
r-patched-solaris-sparc 1.2 613.00 OK
r-patched-solaris-x86 1.2 134.30 OK
r-release-linux-x86_64 1.2 4.45 53.11 57.56 OK
r-release-osx-x86_64-mavericks 1.2 OK
r-release-windows-ix86+x86_64 1.2 15.00 112.00 127.00 OK
r-oldrel-windows-ix86+x86_64 1.2 34.00 175.00 209.00 OK

Check Details

Version: 1.2
Check: R code for possible problems
Result: NOTE
    NLIP: no visible global function definition for ‘combn’
    aov.ibd: no visible global function definition for ‘lm’
    detect: no visible global function definition for ‘combn’
    ibdgen: no visible global function definition for ‘txtProgressBar’
    ibdgen: no visible global function definition for ‘setTxtProgressBar’
    Undefined global functions or variables:
     combn lm setTxtProgressBar txtProgressBar
    Consider adding
     importFrom("stats", "lm")
     importFrom("utils", "combn", "setTxtProgressBar", "txtProgressBar")
    to your NAMESPACE file.
Flavors: r-devel-linux-x86_64-debian-gcc, r-devel-linux-x86_64-fedora-clang, r-devel-linux-x86_64-fedora-gcc, r-devel-osx-x86_64-clang

Version: 1.2
Check: R code for possible problems
Result: NOTE
    NLIP: no visible global function definition for 'combn'
    aov.ibd: no visible global function definition for 'lm'
    detect: no visible global function definition for 'combn'
    ibdgen: no visible global function definition for 'winProgressBar'
    ibdgen: no visible global function definition for 'txtProgressBar'
    ibdgen: no visible global function definition for 'setWinProgressBar'
    ibdgen: no visible global function definition for 'setTxtProgressBar'
    Undefined global functions or variables:
     combn lm setTxtProgressBar setWinProgressBar txtProgressBar
     winProgressBar
    Consider adding
     importFrom("stats", "lm")
     importFrom("utils", "combn", "setTxtProgressBar", "setWinProgressBar",
     "txtProgressBar", "winProgressBar")
    to your NAMESPACE file.
Flavor: r-devel-windows-ix86+x86_64