CRAN Package Check Results for Package ibd

Last updated on 2015-03-02 19:52:16.

Flavor Version Tinstall Tcheck Ttotal Status Flags
r-devel-linux-x86_64-debian-clang 1.2 5.17 49.35 54.52 OK
r-devel-linux-x86_64-debian-gcc 1.2 3.94 49.87 53.81 OK
r-devel-linux-x86_64-fedora-clang 1.2 102.28 OK
r-devel-linux-x86_64-fedora-gcc 1.2 97.39 OK
r-devel-osx-x86_64-clang 1.2 95.50 OK
r-devel-windows-ix86+x86_64 1.2 22.00 96.00 118.00 OK
r-patched-linux-x86_64 1.2 7.02 68.92 75.93 OK
r-patched-solaris-sparc 1.2 700.30 OK
r-patched-solaris-x86 1.2 202.40 OK
r-release-linux-ix86 1.2 6.46 87.65 94.11 OK
r-release-linux-x86_64 1.2 7.12 68.37 75.49 OK
r-release-osx-x86_64-mavericks 1.2 OK
r-release-osx-x86_64-snowleopard 1.2 OK
r-release-windows-ix86+x86_64 1.2 21.00 150.00 171.00 OK
r-oldrel-windows-ix86+x86_64 1.1 4.00 26.00 30.00 NOTE

Check Details

Version: 1.1
Check: dependencies in R code
Result: NOTE
    'library' or 'require' call to 'MASS' which was already attached by Depends.
     Please remove these calls from your code.
    Packages in Depends field not imported from:
     'MASS' 'lpSolve'
     These packages need to be imported from (in the NAMESPACE file)
     for when this namespace is loaded but not attached.
    See the information on DESCRIPTION files in the chapter 'Creating R
    packages' of the 'Writing R Extensions' manual.
Flavor: r-oldrel-windows-ix86+x86_64