CRAN Package Check Results for Package ibd

Last updated on 2017-01-22 23:48:25.

Flavor Version Tinstall Tcheck Ttotal Status Flags
r-devel-linux-x86_64-debian-clang 1.2 3.70 48.77 52.47 NOTE
r-devel-linux-x86_64-debian-gcc 1.2 4.32 49.25 53.57 NOTE
r-devel-linux-x86_64-fedora-clang 1.2 97.65 NOTE --no-stop-on-test-error
r-devel-linux-x86_64-fedora-gcc 1.2 99.57 NOTE --no-stop-on-test-error
r-devel-macos-x86_64-clang 1.2 81.64 NOTE --no-stop-on-test-error
r-devel-windows-ix86+x86_64 1.2 12.00 91.00 103.00 NOTE
r-patched-linux-x86_64 1.2 4.56 46.96 51.52 NOTE
r-patched-solaris-sparc 1.2 574.90 NOTE
r-patched-solaris-x86 1.2 128.00 NOTE
r-release-linux-x86_64 1.2 3.55 46.28 49.83 NOTE
r-release-osx-x86_64-mavericks 1.2 NOTE
r-release-windows-ix86+x86_64 1.2 27.00 109.00 136.00 NOTE
r-oldrel-windows-ix86+x86_64 1.2 19.00 190.00 209.00 OK

Check Details

Version: 1.2
Check: R code for possible problems
Result: NOTE
    NLIP: no visible global function definition for ‘combn’
    aov.ibd: no visible global function definition for ‘lm’
    detect: no visible global function definition for ‘combn’
    ibdgen: no visible global function definition for ‘txtProgressBar’
    ibdgen: no visible global function definition for ‘setTxtProgressBar’
    Undefined global functions or variables:
     combn lm setTxtProgressBar txtProgressBar
    Consider adding
     importFrom("stats", "lm")
     importFrom("utils", "combn", "setTxtProgressBar", "txtProgressBar")
    to your NAMESPACE file.
Flavors: r-devel-linux-x86_64-debian-clang, r-devel-linux-x86_64-debian-gcc, r-patched-linux-x86_64, r-patched-solaris-sparc, r-patched-solaris-x86, r-release-linux-x86_64, r-release-osx-x86_64-mavericks

Version: 1.2
Flags: --no-stop-on-test-error
Check: R code for possible problems
Result: NOTE
    NLIP: no visible global function definition for ‘combn’
    aov.ibd: no visible global function definition for ‘lm’
    detect: no visible global function definition for ‘combn’
    ibdgen: no visible global function definition for ‘txtProgressBar’
    ibdgen: no visible global function definition for ‘setTxtProgressBar’
    Undefined global functions or variables:
     combn lm setTxtProgressBar txtProgressBar
    Consider adding
     importFrom("stats", "lm")
     importFrom("utils", "combn", "setTxtProgressBar", "txtProgressBar")
    to your NAMESPACE file.
Flavors: r-devel-linux-x86_64-fedora-clang, r-devel-linux-x86_64-fedora-gcc, r-devel-macos-x86_64-clang

Version: 1.2
Check: R code for possible problems
Result: NOTE
    NLIP: no visible global function definition for 'combn'
    aov.ibd: no visible global function definition for 'lm'
    detect: no visible global function definition for 'combn'
    ibdgen: no visible global function definition for 'winProgressBar'
    ibdgen: no visible global function definition for 'txtProgressBar'
    ibdgen: no visible global function definition for 'setWinProgressBar'
    ibdgen: no visible global function definition for 'setTxtProgressBar'
    Undefined global functions or variables:
     combn lm setTxtProgressBar setWinProgressBar txtProgressBar
     winProgressBar
    Consider adding
     importFrom("stats", "lm")
     importFrom("utils", "combn", "setTxtProgressBar", "setWinProgressBar",
     "txtProgressBar", "winProgressBar")
    to your NAMESPACE file.
Flavors: r-devel-windows-ix86+x86_64, r-release-windows-ix86+x86_64