CRAN Package Check Results for Package ibd

Last updated on 2015-07-06 23:47:48.

Flavor Version Tinstall Tcheck Ttotal Status Flags
r-devel-linux-x86_64-debian-clang 1.2 4.01 49.04 53.05 NOTE
r-devel-linux-x86_64-debian-gcc 1.2 3.95 48.53 52.48 NOTE
r-devel-linux-x86_64-fedora-clang 1.2 99.66 NOTE
r-devel-linux-x86_64-fedora-gcc 1.2 94.85 NOTE
r-devel-osx-x86_64-clang 1.2 89.15 OK
r-devel-windows-ix86+x86_64 1.2 13.00 73.00 86.00 NOTE
r-patched-linux-x86_64 1.2 4.38 49.19 53.57 OK
r-patched-solaris-sparc 1.2 595.40 OK
r-patched-solaris-x86 1.2 139.40 OK
r-release-linux-x86_64 1.2 3.95 48.38 52.33 OK
r-release-osx-x86_64-mavericks 1.2 OK
r-release-windows-ix86+x86_64 1.2 17.00 76.00 93.00 OK
r-oldrel-windows-ix86+x86_64 1.2 22.00 115.00 137.00 OK

Check Details

Version: 1.2
Check: R code for possible problems
Result: NOTE
    NLIP: no visible global function definition for ‘combn’
    aov.ibd: no visible global function definition for ‘lm’
    detect: no visible global function definition for ‘combn’
    ibdgen: no visible global function definition for ‘txtProgressBar’
    ibdgen: no visible global function definition for ‘setTxtProgressBar’
    Undefined global functions or variables:
     combn lm setTxtProgressBar txtProgressBar
Flavors: r-devel-linux-x86_64-debian-clang, r-devel-linux-x86_64-debian-gcc, r-devel-linux-x86_64-fedora-clang, r-devel-linux-x86_64-fedora-gcc

Version: 1.2
Check: R code for possible problems
Result: NOTE
    NLIP: no visible global function definition for 'combn'
    aov.ibd: no visible global function definition for 'lm'
    detect: no visible global function definition for 'combn'
    ibdgen: no visible global function definition for 'winProgressBar'
    ibdgen: no visible global function definition for 'txtProgressBar'
    ibdgen: no visible global function definition for 'setWinProgressBar'
    ibdgen: no visible global function definition for 'setTxtProgressBar'
    Undefined global functions or variables:
     combn lm setTxtProgressBar setWinProgressBar txtProgressBar
     winProgressBar
Flavor: r-devel-windows-ix86+x86_64