CRAN Package Check Results for Package ibd

Last updated on 2014-09-20 19:47:19.

Flavor Version Tinstall Tcheck Ttotal Status Flags
r-devel-linux-x86_64-debian-clang 1.2 4.37 54.87 59.24 OK
r-devel-linux-x86_64-debian-gcc 1.2 4.13 53.81 57.94 OK
r-devel-linux-x86_64-fedora-clang 1.2 130.50 OK
r-devel-linux-x86_64-fedora-gcc 1.2 125.82 OK
r-devel-osx-x86_64-clang 1.2 109.96 OK
r-devel-windows-ix86+x86_64 1.2 15.00 75.00 90.00 OK
r-patched-linux-x86_64 1.2 4.41 56.29 60.70 OK
r-patched-solaris-sparc 1.2 641.50 OK
r-patched-solaris-x86 1.2 167.00 OK
r-release-linux-ix86 1.2 5.29 66.95 72.24 OK
r-release-linux-x86_64 1.2 4.90 57.26 62.16 OK
r-release-osx-x86_64-mavericks 1.2 OK
r-release-osx-x86_64-snowleopard 1.2 OK
r-release-windows-ix86+x86_64 1.2 17.00 83.00 100.00 OK
r-oldrel-windows-ix86+x86_64 1.1 4.00 26.00 30.00 NOTE

Check Details

Version: 1.1
Check: dependencies in R code
Result: NOTE
    'library' or 'require' call to 'MASS' which was already attached by Depends.
     Please remove these calls from your code.
    Packages in Depends field not imported from:
     'MASS' 'lpSolve'
     These packages need to be imported from (in the NAMESPACE file)
     for when this namespace is loaded but not attached.
    See the information on DESCRIPTION files in the chapter 'Creating R
    packages' of the 'Writing R Extensions' manual.
Flavor: r-oldrel-windows-ix86+x86_64