CRAN Package Check Results for Package ibdreg

Last updated on 2015-05-29 13:48:48.

Flavor Version Tinstall Tcheck Ttotal Status Flags
r-devel-linux-x86_64-debian-clang 0.2.5 1.34 14.92 16.25 NOTE
r-devel-linux-x86_64-debian-gcc 0.2.5 1.52 14.44 15.96 NOTE
r-devel-linux-x86_64-fedora-clang 0.2.5 31.38 NOTE
r-devel-linux-x86_64-fedora-gcc 0.2.5 29.45 NOTE
r-devel-osx-x86_64-clang 0.2.5 32.34 OK
r-devel-windows-ix86+x86_64 0.2.5 8.00 26.00 34.00 OK
r-patched-linux-x86_64 0.2.5 1.43 15.47 16.90 NOTE
r-patched-solaris-sparc 0.2.5 183.40 OK
r-patched-solaris-x86 0.2.5 40.00 OK
r-release-linux-x86_64 0.2.5 1.57 14.75 16.32 NOTE
r-release-osx-x86_64-mavericks 0.2.5 OK
r-release-osx-x86_64-snowleopard 0.2.5 OK
r-release-windows-ix86+x86_64 0.2.5 5.00 29.00 34.00 OK
r-oldrel-windows-ix86+x86_64 0.2.5 10.00 30.00 40.00 OK

Check Details

Version: 0.2.5
Check: top-level files
Result: NOTE
    Non-standard file/directory found at top level:
     ‘perl’
Flavors: r-devel-linux-x86_64-debian-clang, r-devel-linux-x86_64-debian-gcc, r-devel-linux-x86_64-fedora-clang, r-devel-linux-x86_64-fedora-gcc, r-patched-linux-x86_64, r-release-linux-x86_64