CRAN Package Check Results for Package ibdreg

Last updated on 2014-04-23 07:55:01.

Flavor Version Tinstall Tcheck Ttotal Status Flags
r-devel-linux-x86_64-debian-clang 0.2.5 1.38 14.48 15.86 OK
r-devel-linux-x86_64-debian-gcc 0.2.5 1.52 14.65 16.17 OK
r-devel-linux-x86_64-fedora-clang 0.2.5 33.76 NOTE
r-devel-linux-x86_64-fedora-gcc 0.2.5 32.45 NOTE
r-devel-osx-x86_64-clang 0.2.5 27.59 OK
r-devel-osx-x86_64-gcc 0.2.5 OK
r-devel-windows-ix86+x86_64 0.2.5 6.00 24.00 30.00 OK
r-patched-linux-x86_64 0.2.5 1.50 14.77 16.27 OK
r-patched-solaris-sparc 0.2.5 172.40 OK
r-patched-solaris-x86 0.2.5 43.30 OK
r-release-linux-ix86 0.2.5 2.00 29.00 31.00 OK
r-release-linux-x86_64 0.2.5 1.50 14.79 16.29 OK
r-release-osx-x86_64-mavericks 0.2.5 OK
r-release-windows-ix86+x86_64 0.2.5 14.00 34.00 48.00 OK
r-oldrel-windows-ix86+x86_64 0.2.5 6.00 27.00 33.00 OK

Check Details

Version: 0.2.5
Check: top-level files
Result: NOTE
    Non-standard file/directory found at top level:
     ‘perl’
Flavors: r-devel-linux-x86_64-fedora-clang, r-devel-linux-x86_64-fedora-gcc