CRAN Package Check Results for Package ibdreg

Last updated on 2014-12-20 03:49:33.

Flavor Version Tinstall Tcheck Ttotal Status Flags
r-devel-linux-x86_64-debian-clang 0.2.5 1.40 16.52 17.92 NOTE
r-devel-linux-x86_64-debian-gcc 0.2.5 1.48 15.12 16.60 NOTE
r-devel-linux-x86_64-fedora-clang 0.2.5 34.07 NOTE
r-devel-linux-x86_64-fedora-gcc 0.2.5 32.96 NOTE
r-devel-osx-x86_64-clang 0.2.5 34.26 OK
r-devel-windows-ix86+x86_64 0.2.5 11.00 57.00 68.00 OK
r-patched-linux-x86_64 0.2.5 1.46 15.55 17.02 NOTE
r-patched-solaris-sparc 0.2.5 190.00 OK
r-patched-solaris-x86 0.2.5 43.00 OK
r-release-linux-ix86 0.2.5 2.02 21.26 23.28 OK
r-release-linux-x86_64 0.2.5 1.53 15.64 17.17 NOTE
r-release-osx-x86_64-mavericks 0.2.5 OK
r-release-windows-ix86+x86_64 0.2.5 7.00 37.00 44.00 OK
r-oldrel-windows-ix86+x86_64 0.2.5 6.00 27.00 33.00 OK

Check Details

Version: 0.2.5
Check: top-level files
Result: NOTE
    Non-standard file/directory found at top level:
     ‘perl’
Flavors: r-devel-linux-x86_64-debian-clang, r-devel-linux-x86_64-debian-gcc, r-devel-linux-x86_64-fedora-clang, r-devel-linux-x86_64-fedora-gcc, r-patched-linux-x86_64, r-release-linux-x86_64