CRAN Package Check Results for Package ibdreg

Last updated on 2014-11-23 17:49:29.

Flavor Version Tinstall Tcheck Ttotal Status Flags
r-devel-linux-x86_64-debian-clang 0.2.5 1.33 16.23 17.56 NOTE
r-devel-linux-x86_64-debian-gcc 0.2.5 1.60 15.50 17.10 NOTE
r-devel-linux-x86_64-fedora-clang 0.2.5 34.03 NOTE
r-devel-linux-x86_64-fedora-gcc 0.2.5 31.48 NOTE
r-devel-osx-x86_64-clang 0.2.5 35.56 OK
r-devel-windows-ix86+x86_64 0.2.5 7.00 26.00 33.00 OK
r-patched-linux-x86_64 0.2.5 1.52 15.91 17.43 NOTE
r-patched-solaris-sparc 0.2.5 190.00 OK
r-patched-solaris-x86 0.2.5 42.70 OK
r-release-linux-ix86 0.2.5 2.04 21.14 23.18 OK
r-release-linux-x86_64 0.2.5 1.48 15.80 17.28 NOTE
r-release-osx-x86_64-mavericks 0.2.5 OK
r-release-windows-ix86+x86_64 0.2.5 7.00 37.00 44.00 OK
r-oldrel-windows-ix86+x86_64 0.2.5 6.00 27.00 33.00 OK

Check Details

Version: 0.2.5
Check: top-level files
Result: NOTE
    Non-standard file/directory found at top level:
     ‘perl’
Flavors: r-devel-linux-x86_64-debian-clang, r-devel-linux-x86_64-debian-gcc, r-devel-linux-x86_64-fedora-clang, r-devel-linux-x86_64-fedora-gcc, r-patched-linux-x86_64, r-release-linux-x86_64