CRAN Package Check Results for Package ibdreg

Last updated on 2018-02-23 01:46:26 CET.

Flavor Version Tinstall Tcheck Ttotal Status Flags
r-devel-linux-x86_64-debian-clang 0.2.5 4.46 23.64 28.10 NOTE
r-devel-linux-x86_64-debian-gcc 0.2.5 3.82 20.41 24.23 NOTE
r-devel-linux-x86_64-fedora-clang 0.2.5 36.42 NOTE
r-devel-linux-x86_64-fedora-gcc 0.2.5 35.32 NOTE
r-devel-windows-ix86+x86_64 0.2.5 12.00 40.00 52.00 NOTE
r-patched-linux-x86_64 0.2.5 2.05 25.76 27.81 NOTE
r-patched-solaris-x86 0.2.5 40.80 NOTE
r-release-linux-x86_64 0.2.5 2.28 25.90 28.18 NOTE
r-release-windows-ix86+x86_64 0.2.5 7.00 38.00 45.00 NOTE
r-release-osx-x86_64 0.2.5 NOTE
r-oldrel-windows-ix86+x86_64 0.2.5 7.00 35.00 42.00 NOTE
r-oldrel-osx-x86_64 0.2.5 NOTE

Check Details

Version: 0.2.5
Check: top-level files
Result: NOTE
    Non-standard file/directory found at top level:
     ‘perl’
Flavors: r-devel-linux-x86_64-debian-clang, r-devel-linux-x86_64-debian-gcc, r-devel-linux-x86_64-fedora-clang, r-devel-linux-x86_64-fedora-gcc, r-patched-linux-x86_64, r-release-linux-x86_64

Version: 0.2.5
Check: R code for possible problems
Result: NOTE
    create.ibd.dat: no visible global function definition for ‘read.table’
    create.pairs.frame: no visible global function definition for ‘terms’
    ibd.moments: no visible global function definition for ‘var’
    ibdreg: no visible global function definition for ‘terms’
    ibdreg: no visible global function definition for ‘as.formula’
    linkage.tests: no visible global function definition for ‘pchisq’
    pchibar: no visible global function definition for ‘pchisq’
    plot.linkage.all: no visible global function definition for ‘plot’
    plot.linkage.all: no visible global function definition for ‘title’
    plotpval: no visible global function definition for ‘plot’
    plotpval: no visible global function definition for ‘lines’
    sim.ibd.var: no visible global function definition for ‘read.table’
    sim.mark.prop: no visible global function definition for ‘runif’
    Undefined global functions or variables:
     as.formula lines pchisq plot read.table runif terms title var
    Consider adding
     importFrom("graphics", "lines", "plot", "title")
     importFrom("stats", "as.formula", "pchisq", "runif", "terms", "var")
     importFrom("utils", "read.table")
    to your NAMESPACE file.
Flavors: r-devel-linux-x86_64-debian-clang, r-devel-linux-x86_64-debian-gcc, r-devel-linux-x86_64-fedora-clang, r-devel-linux-x86_64-fedora-gcc, r-devel-windows-ix86+x86_64, r-patched-linux-x86_64, r-patched-solaris-x86, r-release-linux-x86_64, r-release-windows-ix86+x86_64, r-release-osx-x86_64, r-oldrel-windows-ix86+x86_64, r-oldrel-osx-x86_64

Version: 0.2.5
Check: compiled code
Result: NOTE
    File ‘ibdreg/libs/ibdreg.so’:
     Found no calls to: ‘R_registerRoutines’, ‘R_useDynamicSymbols’
    
    It is good practice to register native routines and to disable symbol
    search.
    
    See ‘Writing portable packages’ in the ‘Writing R Extensions’ manual.
Flavors: r-devel-linux-x86_64-debian-clang, r-devel-linux-x86_64-debian-gcc, r-devel-linux-x86_64-fedora-clang, r-devel-linux-x86_64-fedora-gcc, r-patched-linux-x86_64, r-release-linux-x86_64