CRAN Package Check Results for Package ibdreg

Last updated on 2014-07-26 10:48:26.

Flavor Version Tinstall Tcheck Ttotal Status Flags
r-devel-linux-x86_64-debian-clang 0.2.5 1.35 14.03 15.38 OK
r-devel-linux-x86_64-debian-gcc 0.2.5 1.41 13.64 15.05 OK
r-devel-linux-x86_64-fedora-clang 0.2.5 34.45 NOTE
r-devel-linux-x86_64-fedora-gcc 0.2.5 32.19 NOTE
r-devel-osx-x86_64-clang 0.2.5 29.90 OK
r-devel-windows-ix86+x86_64 0.2.5 7.00 25.00 32.00 OK
r-patched-linux-x86_64 0.2.5 1.47 13.60 15.07 OK
r-patched-solaris-sparc 0.2.5 172.40 OK
r-patched-solaris-x86 0.2.5 43.90 OK
r-release-linux-ix86 0.2.5 2.03 20.45 22.48 OK
r-release-linux-x86_64 0.2.5 1.44 14.31 15.75 OK
r-release-osx-x86_64-mavericks 0.2.5 OK
r-release-windows-ix86+x86_64 0.2.5 10.00 38.00 48.00 OK
r-oldrel-windows-ix86+x86_64 0.2.5 6.00 27.00 33.00 OK

Check Details

Version: 0.2.5
Check: top-level files
Result: NOTE
    Non-standard file/directory found at top level:
     ‘perl’
Flavors: r-devel-linux-x86_64-fedora-clang, r-devel-linux-x86_64-fedora-gcc