CRAN Package Check Results for Package ibdreg

Last updated on 2015-03-06 14:46:58.

Flavor Version Tinstall Tcheck Ttotal Status Flags
r-devel-linux-x86_64-debian-clang 0.2.5 1.34 14.92 16.26 NOTE
r-devel-linux-x86_64-debian-gcc 0.2.5 1.42 14.90 16.32 NOTE
r-devel-linux-x86_64-fedora-clang 0.2.5 30.49 NOTE
r-devel-linux-x86_64-fedora-gcc 0.2.5 29.24 NOTE
r-devel-osx-x86_64-clang 0.2.5 32.99 OK
r-devel-windows-ix86+x86_64 0.2.5 9.00 27.00 36.00 OK
r-patched-linux-x86_64 0.2.5 1.48 16.58 18.05 NOTE
r-patched-solaris-sparc 0.2.5 209.90 OK
r-patched-solaris-x86 0.2.5 43.50 OK
r-release-linux-ix86 0.2.5 2.04 23.79 25.82 NOTE
r-release-linux-x86_64 0.2.5 1.51 15.70 17.21 NOTE
r-release-osx-x86_64-mavericks 0.2.5 OK
r-release-windows-ix86+x86_64 0.2.5 7.00 37.00 44.00 OK
r-oldrel-windows-ix86+x86_64 0.2.5 6.00 27.00 33.00 OK

Check Details

Version: 0.2.5
Check: top-level files
Result: NOTE
    Non-standard file/directory found at top level:
     ‘perl’
Flavors: r-devel-linux-x86_64-debian-clang, r-devel-linux-x86_64-debian-gcc, r-devel-linux-x86_64-fedora-clang, r-devel-linux-x86_64-fedora-gcc, r-patched-linux-x86_64, r-release-linux-ix86, r-release-linux-x86_64