CRAN Package Check Results for Package ibdreg

Last updated on 2015-02-01 17:50:09.

Flavor Version Tinstall Tcheck Ttotal Status Flags
r-devel-linux-x86_64-debian-clang 0.2.5 1.33 14.93 16.26 NOTE
r-devel-linux-x86_64-debian-gcc 0.2.5 3.53 14.85 18.38 NOTE
r-devel-linux-x86_64-fedora-clang 0.2.5 34.04 NOTE
r-devel-linux-x86_64-fedora-gcc 0.2.5 30.49 NOTE
r-devel-osx-x86_64-clang 0.2.5 39.19 OK
r-devel-windows-ix86+x86_64 0.2.5 8.00 26.00 34.00 OK
r-patched-linux-x86_64 0.2.5 1.52 15.67 17.19 NOTE
r-patched-solaris-sparc 0.2.5 191.00 OK
r-patched-solaris-x86 0.2.5 44.50 OK
r-release-linux-ix86 0.2.5 2.04 23.03 25.07 NOTE
r-release-linux-x86_64 0.2.5 1.47 15.62 17.09 NOTE
r-release-osx-x86_64-mavericks 0.2.5 OK
r-release-windows-ix86+x86_64 0.2.5 7.00 37.00 44.00 OK
r-oldrel-windows-ix86+x86_64 0.2.5 6.00 27.00 33.00 OK

Check Details

Version: 0.2.5
Check: top-level files
Result: NOTE
    Non-standard file/directory found at top level:
     ‘perl’
Flavors: r-devel-linux-x86_64-debian-clang, r-devel-linux-x86_64-debian-gcc, r-devel-linux-x86_64-fedora-clang, r-devel-linux-x86_64-fedora-gcc, r-patched-linux-x86_64, r-release-linux-ix86, r-release-linux-x86_64