CRAN Package Check Results for Package ibdreg

Last updated on 2016-12-08 02:48:25.

Flavor Version Tinstall Tcheck Ttotal Status Flags
r-devel-linux-x86_64-debian-clang 0.2.5 1.61 17.14 18.75 NOTE
r-devel-linux-x86_64-debian-gcc 0.2.5 1.52 17.03 18.55 NOTE
r-devel-linux-x86_64-fedora-clang 0.2.5 32.99 NOTE --no-stop-on-test-error
r-devel-linux-x86_64-fedora-gcc 0.2.5 31.76 NOTE --no-stop-on-test-error
r-devel-macos-x86_64-clang 0.2.5 27.51 NOTE
r-devel-windows-ix86+x86_64 0.2.5 12.00 48.00 60.00 NOTE
r-patched-linux-x86_64 0.2.5 1.44 15.49 16.93 NOTE
r-patched-solaris-sparc 0.2.5 169.90 NOTE
r-patched-solaris-x86 0.2.5 35.30 NOTE
r-release-linux-x86_64 0.2.5 1.50 15.37 16.87 NOTE
r-release-osx-x86_64-mavericks 0.2.5 NOTE
r-release-windows-ix86+x86_64 0.2.5 7.00 35.00 42.00 NOTE
r-oldrel-windows-ix86+x86_64 0.2.5 8.00 35.00 43.00 OK

Check Details

Version: 0.2.5
Check: top-level files
Result: NOTE
    Non-standard file/directory found at top level:
     ‘perl’
Flavors: r-devel-linux-x86_64-debian-clang, r-devel-linux-x86_64-debian-gcc, r-patched-linux-x86_64, r-release-linux-x86_64

Version: 0.2.5
Check: R code for possible problems
Result: NOTE
    create.ibd.dat: no visible global function definition for ‘read.table’
    create.pairs.frame: no visible global function definition for ‘terms’
    ibd.moments: no visible global function definition for ‘var’
    ibdreg: no visible global function definition for ‘terms’
    ibdreg: no visible global function definition for ‘as.formula’
    linkage.tests: no visible global function definition for ‘pchisq’
    pchibar: no visible global function definition for ‘pchisq’
    plot.linkage.all: no visible global function definition for ‘plot’
    plot.linkage.all: no visible global function definition for ‘title’
    plotpval: no visible global function definition for ‘plot’
    plotpval: no visible global function definition for ‘lines’
    sim.ibd.var: no visible global function definition for ‘read.table’
    sim.mark.prop: no visible global function definition for ‘runif’
    Undefined global functions or variables:
     as.formula lines pchisq plot read.table runif terms title var
    Consider adding
     importFrom("graphics", "lines", "plot", "title")
     importFrom("stats", "as.formula", "pchisq", "runif", "terms", "var")
     importFrom("utils", "read.table")
    to your NAMESPACE file.
Flavors: r-devel-linux-x86_64-debian-clang, r-devel-linux-x86_64-debian-gcc, r-devel-macos-x86_64-clang, r-devel-windows-ix86+x86_64, r-patched-linux-x86_64, r-patched-solaris-sparc, r-patched-solaris-x86, r-release-linux-x86_64, r-release-osx-x86_64-mavericks, r-release-windows-ix86+x86_64

Version: 0.2.5
Flags: --no-stop-on-test-error
Check: top-level files
Result: NOTE
    Non-standard file/directory found at top level:
     ‘perl’
Flavors: r-devel-linux-x86_64-fedora-clang, r-devel-linux-x86_64-fedora-gcc

Version: 0.2.5
Flags: --no-stop-on-test-error
Check: R code for possible problems
Result: NOTE
    create.ibd.dat: no visible global function definition for ‘read.table’
    create.pairs.frame: no visible global function definition for ‘terms’
    ibd.moments: no visible global function definition for ‘var’
    ibdreg: no visible global function definition for ‘terms’
    ibdreg: no visible global function definition for ‘as.formula’
    linkage.tests: no visible global function definition for ‘pchisq’
    pchibar: no visible global function definition for ‘pchisq’
    plot.linkage.all: no visible global function definition for ‘plot’
    plot.linkage.all: no visible global function definition for ‘title’
    plotpval: no visible global function definition for ‘plot’
    plotpval: no visible global function definition for ‘lines’
    sim.ibd.var: no visible global function definition for ‘read.table’
    sim.mark.prop: no visible global function definition for ‘runif’
    Undefined global functions or variables:
     as.formula lines pchisq plot read.table runif terms title var
    Consider adding
     importFrom("graphics", "lines", "plot", "title")
     importFrom("stats", "as.formula", "pchisq", "runif", "terms", "var")
     importFrom("utils", "read.table")
    to your NAMESPACE file.
Flavors: r-devel-linux-x86_64-fedora-clang, r-devel-linux-x86_64-fedora-gcc