CRAN Package Check Results for Package ibdreg

Last updated on 2014-10-25 11:48:38.

Flavor Version Tinstall Tcheck Ttotal Status Flags
r-devel-linux-x86_64-debian-clang 0.2.5 1.40 15.67 17.07 NOTE
r-devel-linux-x86_64-debian-gcc 0.2.5 1.49 15.89 17.38 NOTE
r-devel-linux-x86_64-fedora-clang 0.2.5 34.60 NOTE
r-devel-linux-x86_64-fedora-gcc 0.2.5 32.48 NOTE
r-devel-osx-x86_64-clang 0.2.5 34.15 OK
r-devel-windows-ix86+x86_64 0.2.5 7.00 26.00 33.00 OK
r-patched-linux-x86_64 0.2.5 1.49 16.59 18.08 NOTE
r-patched-solaris-sparc 0.2.5 190.00 OK
r-patched-solaris-x86 0.2.5 44.10 OK
r-release-linux-ix86 0.2.5 2.10 20.75 22.85 OK
r-release-linux-x86_64 0.2.5 1.47 15.59 17.06 NOTE
r-release-osx-x86_64-mavericks 0.2.5 OK
r-release-windows-ix86+x86_64 0.2.5 10.00 38.00 48.00 OK
r-oldrel-windows-ix86+x86_64 0.2.5 6.00 27.00 33.00 OK

Check Details

Version: 0.2.5
Check: top-level files
Result: NOTE
    Non-standard file/directory found at top level:
     ‘perl’
Flavors: r-devel-linux-x86_64-debian-clang, r-devel-linux-x86_64-debian-gcc, r-devel-linux-x86_64-fedora-clang, r-devel-linux-x86_64-fedora-gcc, r-patched-linux-x86_64, r-release-linux-x86_64