CRAN Package Check Results for Package ibdreg

Last updated on 2015-04-27 23:47:26.

Flavor Version Tinstall Tcheck Ttotal Status Flags
r-devel-linux-x86_64-debian-clang 0.2.5 1.39 15.04 16.43 NOTE
r-devel-linux-x86_64-debian-gcc 0.2.5 1.48 14.97 16.45 NOTE
r-devel-linux-x86_64-fedora-clang 0.2.5 31.45 NOTE
r-devel-linux-x86_64-fedora-gcc 0.2.5 29.73 NOTE
r-devel-osx-x86_64-clang 0.2.5 33.53 OK
r-devel-windows-ix86+x86_64 0.2.5 9.00 28.00 37.00 OK
r-patched-linux-x86_64 0.2.5 1.56 14.70 16.26 NOTE
r-patched-solaris-sparc 0.2.5 195.00 OK
r-patched-solaris-x86 0.2.5 39.90 OK
r-release-linux-x86_64 0.2.5 1.45 14.71 16.16 NOTE
r-release-osx-x86_64-mavericks 0.2.5 OK
r-release-osx-x86_64-snowleopard 0.2.5 OK
r-release-windows-ix86+x86_64 0.2.5 5.00 29.00 34.00 OK
r-oldrel-windows-ix86+x86_64 0.2.5 10.00 30.00 40.00 OK

Check Details

Version: 0.2.5
Check: top-level files
Result: NOTE
    Non-standard file/directory found at top level:
     ‘perl’
Flavors: r-devel-linux-x86_64-debian-clang, r-devel-linux-x86_64-debian-gcc, r-devel-linux-x86_64-fedora-clang, r-devel-linux-x86_64-fedora-gcc, r-release-linux-x86_64