CRAN Package Check Results for Package ibdreg

Last updated on 2016-05-30 09:46:48.

Flavor Version Tinstall Tcheck Ttotal Status Flags
r-devel-linux-x86_64-debian-gcc 0.2.5 1.50 14.95 16.45 NOTE
r-devel-linux-x86_64-fedora-clang 0.2.5 30.00 NOTE
r-devel-linux-x86_64-fedora-gcc 0.2.5 26.26 NOTE
r-devel-osx-x86_64-clang 0.2.5 32.15 NOTE
r-devel-windows-ix86+x86_64 0.2.5 7.00 33.00 40.00 NOTE
r-patched-linux-x86_64 0.2.5 1.36 14.67 16.03 NOTE
r-patched-solaris-sparc 0.2.5 168.10 NOTE
r-patched-solaris-x86 0.2.5 36.50 NOTE
r-release-linux-x86_64 0.2.5 1.39 15.04 16.43 NOTE
r-release-osx-x86_64-mavericks 0.2.5 NOTE
r-release-windows-ix86+x86_64 0.2.5 7.00 42.00 49.00 NOTE
r-oldrel-windows-ix86+x86_64 0.2.5 8.00 28.00 36.00 OK

Check Details

Version: 0.2.5
Check: top-level files
Result: NOTE
    Non-standard file/directory found at top level:
     ‘perl’
Flavors: r-devel-linux-x86_64-debian-gcc, r-devel-linux-x86_64-fedora-clang, r-devel-linux-x86_64-fedora-gcc, r-patched-linux-x86_64, r-release-linux-x86_64

Version: 0.2.5
Check: R code for possible problems
Result: NOTE
    create.ibd.dat: no visible global function definition for ‘read.table’
    create.pairs.frame: no visible global function definition for ‘terms’
    ibd.moments: no visible global function definition for ‘var’
    ibdreg: no visible global function definition for ‘terms’
    ibdreg: no visible global function definition for ‘as.formula’
    linkage.tests: no visible global function definition for ‘pchisq’
    pchibar: no visible global function definition for ‘pchisq’
    plot.linkage.all: no visible global function definition for ‘plot’
    plot.linkage.all: no visible global function definition for ‘title’
    plotpval: no visible global function definition for ‘plot’
    plotpval: no visible global function definition for ‘lines’
    sim.ibd.var: no visible global function definition for ‘read.table’
    sim.mark.prop: no visible global function definition for ‘runif’
    Undefined global functions or variables:
     as.formula lines pchisq plot read.table runif terms title var
    Consider adding
     importFrom("graphics", "lines", "plot", "title")
     importFrom("stats", "as.formula", "pchisq", "runif", "terms", "var")
     importFrom("utils", "read.table")
    to your NAMESPACE file.
Flavors: r-devel-linux-x86_64-debian-gcc, r-devel-linux-x86_64-fedora-clang, r-devel-linux-x86_64-fedora-gcc, r-devel-osx-x86_64-clang, r-devel-windows-ix86+x86_64, r-patched-linux-x86_64, r-patched-solaris-sparc, r-patched-solaris-x86, r-release-linux-x86_64, r-release-osx-x86_64-mavericks, r-release-windows-ix86+x86_64