CRAN Package Check Results for Package ibmAcousticR

Last updated on 2022-05-18 11:52:32 CEST.

Flavor Version Tinstall Tcheck Ttotal Status Flags
r-devel-linux-x86_64-debian-clang 0.2.1 2.26 39.99 42.25 NOTE
r-devel-linux-x86_64-debian-gcc 0.2.1 2.69 30.92 33.61 NOTE
r-devel-linux-x86_64-fedora-clang 0.2.1 54.60 NOTE
r-devel-linux-x86_64-fedora-gcc 0.2.1 51.09 NOTE
r-devel-windows-x86_64 0.2.1 26.00 59.00 85.00 NOTE
r-patched-linux-x86_64 0.2.1 3.39 38.65 42.04 NOTE
r-release-linux-x86_64 0.2.1 2.81 38.28 41.09 NOTE
r-release-macos-arm64 0.2.1 19.00 NOTE
r-release-macos-x86_64 0.2.1 24.00 NOTE
r-release-windows-x86_64 0.2.1 29.00 57.00 86.00 NOTE
r-oldrel-macos-arm64 0.2.1 20.00 NOTE
r-oldrel-macos-x86_64 0.2.1 30.00 NOTE
r-oldrel-windows-ix86+x86_64 0.2.1 7.00 53.00 60.00 NOTE

Check Details

Version: 0.2.1
Check: LazyData
Result: NOTE
     'LazyData' is specified without a 'data' directory
Flavors: r-devel-linux-x86_64-debian-clang, r-devel-linux-x86_64-debian-gcc, r-devel-linux-x86_64-fedora-clang, r-devel-linux-x86_64-fedora-gcc, r-devel-windows-x86_64, r-patched-linux-x86_64, r-release-linux-x86_64, r-release-macos-arm64, r-release-macos-x86_64, r-release-windows-x86_64, r-oldrel-macos-arm64, r-oldrel-macos-x86_64, r-oldrel-windows-ix86+x86_64