CRAN Package Check Results for Package ibmcraftr

Last updated on 2022-08-17 08:51:01 CEST.

Flavor Version Tinstall Tcheck Ttotal Status Flags
r-devel-linux-x86_64-debian-clang 1.0.0 16.36 28.02 44.38 NOTE
r-devel-linux-x86_64-debian-gcc 1.0.0 NOTE
r-devel-linux-x86_64-fedora-clang 1.0.0 74.37 NOTE
r-devel-linux-x86_64-fedora-gcc 1.0.0 68.87 NOTE
r-devel-windows-x86_64 1.0.0 23.00 67.00 90.00 NOTE
r-patched-linux-x86_64 1.0.0 18.39 27.38 45.77 NOTE
r-release-linux-x86_64 1.0.0 17.46 27.48 44.94 NOTE
r-release-macos-arm64 1.0.0 23.00 NOTE
r-release-macos-x86_64 1.0.0 35.00 NOTE
r-release-windows-x86_64 1.0.0 31.00 72.00 103.00 NOTE
r-oldrel-macos-arm64 1.0.0 25.00 NOTE
r-oldrel-macos-x86_64 1.0.0 58.00 NOTE
r-oldrel-windows-ix86+x86_64 1.0.0 48.00 72.00 120.00 NOTE

Check Details

Version: 1.0.0
Check: LazyData
Result: NOTE
     'LazyData' is specified without a 'data' directory
Flavors: r-devel-linux-x86_64-debian-clang, r-devel-linux-x86_64-debian-gcc, r-devel-linux-x86_64-fedora-clang, r-devel-linux-x86_64-fedora-gcc, r-devel-windows-x86_64, r-patched-linux-x86_64, r-release-linux-x86_64, r-release-macos-arm64, r-release-macos-x86_64, r-release-windows-x86_64, r-oldrel-macos-arm64, r-oldrel-macos-x86_64, r-oldrel-windows-ix86+x86_64

Version: 1.0.0
Check: compiled code
Result: NOTE
    File ‘ibmcraftr/libs/ibmcraftr.so’:
     Found no calls to: ‘R_registerRoutines’, ‘R_useDynamicSymbols’
    
    It is good practice to register native routines and to disable symbol
    search.
    
    See ‘Writing portable packages’ in the ‘Writing R Extensions’ manual.
Flavors: r-devel-linux-x86_64-fedora-clang, r-devel-linux-x86_64-fedora-gcc