CRAN Package Check Results for Package ibr

Last updated on 2014-07-26 11:52:21.

Flavor Version Tinstall Tcheck Ttotal Status Flags
r-devel-linux-x86_64-debian-clang 1.4.5 1.85 19.02 20.87 NOTE
r-devel-linux-x86_64-debian-gcc 1.4.5 2.14 18.66 20.80 NOTE
r-devel-linux-x86_64-fedora-clang 1.4.5 41.21 NOTE
r-devel-linux-x86_64-fedora-gcc 1.4.5 39.74 NOTE
r-devel-osx-x86_64-clang 1.4.5 38.47 NOTE
r-devel-windows-ix86+x86_64 1.4.5 11.00 35.00 46.00 NOTE
r-patched-linux-x86_64 1.4.5 1.98 18.57 20.55 NOTE
r-patched-solaris-sparc 1.4.5 234.40 NOTE
r-patched-solaris-x86 1.4.5 53.60 NOTE
r-release-linux-ix86 1.4.5 2.71 25.88 28.59 NOTE
r-release-linux-x86_64 1.4.5 2.00 19.04 21.04 NOTE
r-release-osx-x86_64-mavericks 1.4.5 NOTE
r-release-windows-ix86+x86_64 1.4.5 15.00 51.00 66.00 NOTE
r-oldrel-windows-ix86+x86_64 1.4.5 10.00 35.00 45.00 OK

Check Details

Version: 1.4.5
Check: foreign function calls
Result: NOTE
    Call with DUP = FALSE:
     .C("gaustotal", as.double(departbw), if (contr.sp$dftotal) as.double(rep(1e-10,
     p)) else as.double(1e-10), as.double(x), as.integer(n), as.integer(p),
     as.double(.Machine$double.eps^0.25), maxit = as.integer(contr.sp$dftobwitmax),
     as.double(df), as.integer(contr.sp$dftotal), A = double(n^2),
     Ddemi = double(n), df = double(1), bandwidth = double(p),
     PACKAGE = "ibr", DUP = FALSE)
    DUP = FALSE is deprecated and may be disabled in future versions of R.
Flavors: r-devel-linux-x86_64-debian-clang, r-devel-linux-x86_64-debian-gcc, r-devel-linux-x86_64-fedora-clang, r-devel-linux-x86_64-fedora-gcc, r-devel-osx-x86_64-clang, r-devel-windows-ix86+x86_64, r-patched-linux-x86_64, r-patched-solaris-x86, r-release-linux-ix86, r-release-linux-x86_64, r-release-osx-x86_64-mavericks, r-release-windows-ix86+x86_64

Version: 1.4.5
Check: foreign function calls
Result: NOTE
    Call with DUP = FALSE:
     .C("gaustotal", as.double(departbw), if (contr.sp$dftotal) as.double(rep(1e-10,
     p)) else as.double(1e-10), as.double(x), as.integer(n), as.integer(p),
     as.double(.Machine$double.eps^0.25), maxit = as.integer(contr.sp$dftobwitmax),
     as.double(df), as.integer(contr.sp$dftotal), A = double(n^2),
     Ddemi = double(n), df = double(1), bandwidth = double(p),
     PACKAGE = "ibr", DUP = FALSE)
    See the chapter ‘System and foreign language interfaces’ of the
    ‘Writing R Extensions’ manual.
Flavor: r-patched-solaris-sparc