CRAN Package Check Results for Package ibr

Last updated on 2017-06-23 18:46:34.

Flavor Version Tinstall Tcheck Ttotal Status Flags
r-devel-linux-x86_64-debian-clang 2.0-3 3.99 45.48 49.46 NOTE
r-devel-linux-x86_64-debian-gcc 2.0-3 4.33 42.95 47.28 NOTE
r-devel-linux-x86_64-fedora-clang 2.0-3 102.89 NOTE
r-devel-linux-x86_64-fedora-gcc 2.0-3 101.06 NOTE
r-devel-windows-ix86+x86_64 2.0-3 26.00 129.00 155.00 OK
r-patched-linux-x86_64 2.0-3 4.10 44.98 49.08 NOTE
r-patched-solaris-sparc 2.0-3 512.30 OK
r-patched-solaris-x86 2.0-3 132.30 OK
r-release-linux-x86_64 2.0-3 4.78 43.25 48.03 NOTE
r-release-windows-ix86+x86_64 2.0-3 16.00 127.00 143.00 OK
r-release-osx-x86_64 2.0-3 OK
r-oldrel-windows-ix86+x86_64 2.0-3 22.00 113.00 135.00 OK
r-oldrel-osx-x86_64 2.0-3 OK

Check Details

Version: 2.0-3
Check: foreign function calls
Result: NOTE
    Registration problems:
     symbol ‘nom1’ in the local frame:
     .C(nom1, as.double(xord), as.integer(length(xord)), as.double(yord),
     as.double(gridbw), as.integer(length(gridbw)), as.integer(effold),
     as.integer(neffold), double(length(gridbw)), double(length(gridbw)))
     symbol ‘nom2’ in the local frame:
     .C(nom2, as.double(x), as.integer(n), as.double(y), as.double(bandwidth),
     as.double(x), as.integer(n), double(n), double(1))
     symbol ‘nom2’ in the local frame:
     .C(nom2, as.double(x), as.integer(n), as.double(y), as.double(bandwidth),
     as.double(x), as.integer(n), double(n), double(1), double(n))
     symbol ‘nom’ in the local frame:
     .C(nom, as.double(x), as.integer(length(x)), as.double(y), as.double(object$bandwidth),
     as.double(newdata), as.integer(length(newdata)), double(length(newdata)),
     double(1))
     symbol ‘nom’ in the local frame:
     .C(nom, as.double(x), as.integer(length(x)), as.double(y), as.double(object$bandwidth),
     as.double(newdata), as.integer(length(newdata)), double(length(newdata)),
     double(1), double(length(newdata)))
    See chapter ‘System and foreign language interfaces’ in the ‘Writing R
    Extensions’ manual.
Flavors: r-devel-linux-x86_64-debian-clang, r-devel-linux-x86_64-debian-gcc, r-devel-linux-x86_64-fedora-clang, r-devel-linux-x86_64-fedora-gcc, r-patched-linux-x86_64, r-release-linux-x86_64