CRAN Package Check Results for Package ibr

Last updated on 2014-04-23 07:55:01.

Flavor Version Tinstall Tcheck Ttotal Status Flags
r-devel-linux-x86_64-debian-clang 1.4.5 1.86 19.58 21.44 NOTE
r-devel-linux-x86_64-debian-gcc 1.4.5 2.19 20.03 22.22 NOTE
r-devel-linux-x86_64-fedora-clang 1.4.5 42.10 NOTE
r-devel-linux-x86_64-fedora-gcc 1.4.5 40.30 NOTE
r-devel-osx-x86_64-clang 1.4.5 35.39 NOTE
r-devel-osx-x86_64-gcc 1.4.5 NOTE
r-devel-windows-ix86+x86_64 1.4.5 11.00 34.00 45.00 NOTE
r-patched-linux-x86_64 1.4.5 2.30 19.85 22.16 NOTE
r-patched-solaris-sparc 1.4.5 234.40 NOTE
r-patched-solaris-x86 1.4.5 53.90 NOTE
r-release-linux-ix86 1.4.5 3.00 38.00 41.00 NOTE
r-release-linux-x86_64 1.4.5 2.16 20.06 22.22 NOTE
r-release-osx-x86_64-mavericks 1.4.5 NOTE
r-release-windows-ix86+x86_64 1.4.5 20.00 48.00 68.00 NOTE
r-oldrel-windows-ix86+x86_64 1.4.5 10.00 35.00 45.00 OK

Check Details

Version: 1.4.5
Check: foreign function calls
Result: NOTE
    Call with DUP = FALSE:
     .C("gaustotal", as.double(departbw), if (contr.sp$dftotal) as.double(rep(1e-10,
     p)) else as.double(1e-10), as.double(x), as.integer(n), as.integer(p),
     as.double(.Machine$double.eps^0.25), maxit = as.integer(contr.sp$dftobwitmax),
     as.double(df), as.integer(contr.sp$dftotal), A = double(n^2),
     Ddemi = double(n), df = double(1), bandwidth = double(p),
     PACKAGE = "ibr", DUP = FALSE)
    DUP = FALSE is deprecated and may be disabled in future versions of R.
Flavors: r-devel-linux-x86_64-debian-clang, r-devel-linux-x86_64-debian-gcc, r-devel-linux-x86_64-fedora-clang, r-devel-linux-x86_64-fedora-gcc, r-devel-osx-x86_64-clang, r-devel-osx-x86_64-gcc, r-devel-windows-ix86+x86_64, r-patched-linux-x86_64, r-patched-solaris-x86, r-release-linux-ix86, r-release-linux-x86_64, r-release-osx-x86_64-mavericks, r-release-windows-ix86+x86_64

Version: 1.4.5
Check: foreign function calls
Result: NOTE
    Call with DUP = FALSE:
     .C("gaustotal", as.double(departbw), if (contr.sp$dftotal) as.double(rep(1e-10,
     p)) else as.double(1e-10), as.double(x), as.integer(n), as.integer(p),
     as.double(.Machine$double.eps^0.25), maxit = as.integer(contr.sp$dftobwitmax),
     as.double(df), as.integer(contr.sp$dftotal), A = double(n^2),
     Ddemi = double(n), df = double(1), bandwidth = double(p),
     PACKAGE = "ibr", DUP = FALSE)
    See the chapter ‘System and foreign language interfaces’ of the
    ‘Writing R Extensions’ manual.
Flavor: r-patched-solaris-sparc