CRAN Package Check Results for Package ibr

Last updated on 2014-10-23 21:46:38.

Flavor Version Tinstall Tcheck Ttotal Status Flags
r-devel-linux-x86_64-debian-clang 1.4.5 1.79 21.06 22.85 NOTE
r-devel-linux-x86_64-debian-gcc 1.4.5 2.02 19.24 21.26 NOTE
r-devel-linux-x86_64-fedora-clang 1.4.5 42.84 NOTE
r-devel-linux-x86_64-fedora-gcc 1.4.5 40.49 NOTE
r-devel-osx-x86_64-clang 1.4.5 42.04 NOTE
r-devel-windows-ix86+x86_64 1.4.5 10.00 32.00 42.00 NOTE
r-patched-linux-x86_64 1.4.5 2.06 19.48 21.54 NOTE
r-patched-solaris-sparc 1.4.5 251.60 NOTE
r-patched-solaris-x86 1.4.5 55.50 NOTE
r-release-linux-ix86 1.4.5 3.04 26.43 29.47 NOTE
r-release-linux-x86_64 1.4.5 2.01 19.80 21.81 NOTE
r-release-osx-x86_64-mavericks 1.4.5 NOTE
r-release-windows-ix86+x86_64 1.4.5 15.00 51.00 66.00 NOTE
r-oldrel-windows-ix86+x86_64 1.4.5 10.00 35.00 45.00 OK

Check Details

Version: 1.4.5
Check: foreign function calls
Result: NOTE
    Call with DUP:
     .C("gaustotal", as.double(departbw), if (contr.sp$dftotal) as.double(rep(1e-10,
     p)) else as.double(1e-10), as.double(x), as.integer(n), as.integer(p),
     as.double(.Machine$double.eps^0.25), maxit = as.integer(contr.sp$dftobwitmax),
     as.double(df), as.integer(contr.sp$dftotal), A = double(n^2),
     Ddemi = double(n), df = double(1), bandwidth = double(p),
     PACKAGE = "ibr", DUP = FALSE)
    DUP is no longer supported and will be ignored.
Flavors: r-devel-linux-x86_64-debian-clang, r-devel-linux-x86_64-debian-gcc, r-devel-linux-x86_64-fedora-clang, r-devel-linux-x86_64-fedora-gcc, r-devel-osx-x86_64-clang, r-devel-windows-ix86+x86_64

Version: 1.4.5
Check: foreign function calls
Result: NOTE
    Call with DUP != TRUE:
     .C("gaustotal", as.double(departbw), if (contr.sp$dftotal) as.double(rep(1e-10,
     p)) else as.double(1e-10), as.double(x), as.integer(n), as.integer(p),
     as.double(.Machine$double.eps^0.25), maxit = as.integer(contr.sp$dftobwitmax),
     as.double(df), as.integer(contr.sp$dftotal), A = double(n^2),
     Ddemi = double(n), df = double(1), bandwidth = double(p),
     PACKAGE = "ibr", DUP = FALSE)
    DUP = FALSE is deprecated and will be disabled in future versions of R.
Flavors: r-patched-linux-x86_64, r-patched-solaris-sparc, r-patched-solaris-x86

Version: 1.4.5
Check: foreign function calls
Result: NOTE
    Call with DUP = FALSE:
     .C("gaustotal", as.double(departbw), if (contr.sp$dftotal) as.double(rep(1e-10,
     p)) else as.double(1e-10), as.double(x), as.integer(n), as.integer(p),
     as.double(.Machine$double.eps^0.25), maxit = as.integer(contr.sp$dftobwitmax),
     as.double(df), as.integer(contr.sp$dftotal), A = double(n^2),
     Ddemi = double(n), df = double(1), bandwidth = double(p),
     PACKAGE = "ibr", DUP = FALSE)
    DUP = FALSE is deprecated and may be disabled in future versions of R.
Flavors: r-release-linux-ix86, r-release-linux-x86_64, r-release-osx-x86_64-mavericks, r-release-windows-ix86+x86_64