CRAN Package Check Results for Package ibr

Last updated on 2017-03-23 03:47:53.

Flavor Version Tinstall Tcheck Ttotal Status Flags
r-devel-linux-x86_64-debian-clang 2.0-2 4.17 45.94 50.10 NOTE
r-devel-linux-x86_64-debian-gcc 2.0-2 3.99 45.23 49.22 NOTE
r-devel-linux-x86_64-fedora-clang 2.0-2 107.48 NOTE --no-stop-on-test-error
r-devel-linux-x86_64-fedora-gcc 2.0-2 105.83 NOTE --no-stop-on-test-error
r-devel-macos-x86_64-clang 2.0-2 81.84 NOTE --no-stop-on-test-error
r-devel-windows-ix86+x86_64 2.0-2 16.00 95.00 111.00 OK
r-patched-linux-x86_64 2.0-2 4.03 41.57 45.59 OK
r-patched-solaris-sparc 2.0-2 634.90 OK
r-patched-solaris-x86 2.0-2 139.40 OK
r-release-linux-x86_64 2.0-2 3.85 41.17 45.02 OK
r-release-osx-x86_64-mavericks 2.0-2 OK
r-release-windows-ix86+x86_64 2.0-2 21.00 83.00 104.00 OK
r-oldrel-windows-ix86+x86_64 2.0-2 21.00 122.00 143.00 OK

Check Details

Version: 2.0-2
Check: compiled code
Result: NOTE
    File ‘ibr/libs/ibr.so’:
     Found no calls to: ‘R_registerRoutines’, ‘R_useDynamicSymbols’
    
    It is good practice to register native routines and to disable symbol
    search.
    
    See ‘Writing portable packages’ in the ‘Writing R Extensions’ manual.
Flavors: r-devel-linux-x86_64-debian-clang, r-devel-linux-x86_64-debian-gcc

Version: 2.0-2
Flags: --no-stop-on-test-error
Check: compiled code
Result: NOTE
    File ‘ibr/libs/ibr.so’:
     Found no calls to: ‘R_registerRoutines’, ‘R_useDynamicSymbols’
    
    It is good practice to register native routines and to disable symbol
    search.
    
    See ‘Writing portable packages’ in the ‘Writing R Extensions’ manual.
Flavors: r-devel-linux-x86_64-fedora-clang, r-devel-linux-x86_64-fedora-gcc, r-devel-macos-x86_64-clang