CRAN Package Check Results for Package ibr

Last updated on 2017-02-26 17:51:23.

Flavor Version Tinstall Tcheck Ttotal Status Flags
r-devel-linux-x86_64-debian-clang 2.0-2 4.23 44.82 49.05 NOTE
r-devel-linux-x86_64-debian-gcc 2.0-2 4.06 44.84 48.89 NOTE
r-devel-linux-x86_64-fedora-clang 2.0-2 124.16 NOTE --no-stop-on-test-error
r-devel-linux-x86_64-fedora-gcc 2.0-2 106.01 NOTE --no-stop-on-test-error
r-devel-macos-x86_64-clang 2.0-2 83.74 NOTE --no-stop-on-test-error
r-devel-windows-ix86+x86_64 2.0-2 17.00 128.00 145.00 OK
r-patched-linux-x86_64 2.0-2 3.80 41.27 45.07 OK
r-patched-solaris-sparc 2.0-2 568.80 OK
r-patched-solaris-x86 2.0-2 104.90 OK
r-release-linux-x86_64 2.0-2 3.84 40.67 44.51 OK
r-release-osx-x86_64-mavericks 2.0-2 OK
r-release-windows-ix86+x86_64 2.0-2 18.00 117.00 135.00 OK
r-oldrel-windows-ix86+x86_64 2.0-2 19.00 95.00 114.00 OK

Check Details

Version: 2.0-2
Check: compiled code
Result: NOTE
    File ‘ibr/libs/ibr.so’:
     Found no calls to: ‘R_registerRoutines’, ‘R_useDynamicSymbols’
    
    It is good practice to register native routines and to disable symbol
    search.
    
    See ‘Writing portable packages’ in the ‘Writing R Extensions’ manual.
Flavors: r-devel-linux-x86_64-debian-clang, r-devel-linux-x86_64-debian-gcc

Version: 2.0-2
Flags: --no-stop-on-test-error
Check: compiled code
Result: NOTE
    File ‘ibr/libs/ibr.so’:
     Found no calls to: ‘R_registerRoutines’, ‘R_useDynamicSymbols’
    
    It is good practice to register native routines and to disable symbol
    search.
    
    See ‘Writing portable packages’ in the ‘Writing R Extensions’ manual.
Flavors: r-devel-linux-x86_64-fedora-clang, r-devel-linux-x86_64-fedora-gcc, r-devel-macos-x86_64-clang