CRAN Package Check Results for Package ibr

Last updated on 2014-08-20 10:46:57.

Flavor Version Tinstall Tcheck Ttotal Status Flags
r-devel-linux-x86_64-debian-clang 1.4.5 1.66 18.99 20.65 NOTE
r-devel-linux-x86_64-debian-gcc 1.4.5 2.00 18.87 20.87 NOTE
r-devel-linux-x86_64-fedora-clang 1.4.5 41.90 NOTE
r-devel-linux-x86_64-fedora-gcc 1.4.5 39.32 NOTE
r-devel-osx-x86_64-clang 1.4.5 39.05 NOTE
r-devel-windows-ix86+x86_64 1.4.5 10.00 34.00 44.00 NOTE
r-patched-linux-x86_64 1.4.5 2.11 18.69 20.80 NOTE
r-patched-solaris-sparc 1.4.5 258.50 NOTE
r-patched-solaris-x86 1.4.5 52.70 NOTE
r-release-linux-ix86 1.4.5 2.74 26.85 29.59 NOTE
r-release-linux-x86_64 1.4.5 2.03 19.35 21.38 NOTE
r-release-osx-x86_64-mavericks 1.4.5 NOTE
r-release-windows-ix86+x86_64 1.4.5 15.00 51.00 66.00 NOTE
r-oldrel-windows-ix86+x86_64 1.4.5 10.00 35.00 45.00 OK

Check Details

Version: 1.4.5
Check: foreign function calls
Result: NOTE
    Call with DUP = FALSE:
     .C("gaustotal", as.double(departbw), if (contr.sp$dftotal) as.double(rep(1e-10,
     p)) else as.double(1e-10), as.double(x), as.integer(n), as.integer(p),
     as.double(.Machine$double.eps^0.25), maxit = as.integer(contr.sp$dftobwitmax),
     as.double(df), as.integer(contr.sp$dftotal), A = double(n^2),
     Ddemi = double(n), df = double(1), bandwidth = double(p),
     PACKAGE = "ibr", DUP = FALSE)
    DUP = FALSE is deprecated and may be disabled in future versions of R.
Flavors: r-devel-linux-x86_64-debian-clang, r-devel-linux-x86_64-debian-gcc, r-devel-linux-x86_64-fedora-clang, r-devel-linux-x86_64-fedora-gcc, r-devel-osx-x86_64-clang, r-devel-windows-ix86+x86_64, r-patched-linux-x86_64, r-patched-solaris-sparc, r-patched-solaris-x86, r-release-linux-ix86, r-release-linux-x86_64, r-release-osx-x86_64-mavericks, r-release-windows-ix86+x86_64