CRAN Package Check Results for Package ibr

Last updated on 2019-06-25 09:50:47 CEST.

Flavor Version Tinstall Tcheck Ttotal Status Flags
r-devel-linux-x86_64-debian-clang 2.0-3 14.57 71.26 85.83 OK
r-devel-linux-x86_64-debian-gcc 2.0-3 10.71 57.34 68.05 OK
r-devel-linux-x86_64-fedora-clang 2.0-3 100.55 NOTE
r-devel-linux-x86_64-fedora-gcc 2.0-3 96.72 NOTE
r-devel-windows-ix86+x86_64 2.0-3 39.00 108.00 147.00 OK
r-patched-linux-x86_64 2.0-3 10.96 71.22 82.18 OK
r-patched-solaris-x86 2.0-3 145.50 OK
r-release-linux-x86_64 2.0-3 13.10 71.92 85.02 OK
r-release-windows-ix86+x86_64 2.0-3 26.00 137.00 163.00 OK
r-release-osx-x86_64 2.0-3 OK
r-oldrel-windows-ix86+x86_64 2.0-3 19.00 96.00 115.00 OK
r-oldrel-osx-x86_64 2.0-3 OK

Check Details

Version: 2.0-3
Check: foreign function calls
Result: NOTE
    Registration problems:
     symbol ‘nom1’ in the local frame:
     .C(nom1, as.double(xord), as.integer(length(xord)), as.double(yord),
     as.double(gridbw), as.integer(length(gridbw)), as.integer(effold),
     as.integer(neffold), double(length(gridbw)), double(length(gridbw)))
     symbol ‘nom2’ in the local frame:
     .C(nom2, as.double(x), as.integer(n), as.double(y), as.double(bandwidth),
     as.double(x), as.integer(n), double(n), double(1))
     symbol ‘nom2’ in the local frame:
     .C(nom2, as.double(x), as.integer(n), as.double(y), as.double(bandwidth),
     as.double(x), as.integer(n), double(n), double(1), double(n))
     symbol ‘nom’ in the local frame:
     .C(nom, as.double(x), as.integer(length(x)), as.double(y), as.double(object$bandwidth),
     as.double(newdata), as.integer(length(newdata)), double(length(newdata)),
     double(1))
     symbol ‘nom’ in the local frame:
     .C(nom, as.double(x), as.integer(length(x)), as.double(y), as.double(object$bandwidth),
     as.double(newdata), as.integer(length(newdata)), double(length(newdata)),
     double(1), double(length(newdata)))
    See chapter ‘System and foreign language interfaces’ in the ‘Writing R
    Extensions’ manual.
Flavors: r-devel-linux-x86_64-fedora-clang, r-devel-linux-x86_64-fedora-gcc