CRAN Package Check Results for Package ibr

Last updated on 2017-10-20 04:47:12.

Flavor Version Tinstall Tcheck Ttotal Status Flags
r-devel-linux-x86_64-debian-clang 2.0-3 4.23 42.77 47.00 NOTE
r-devel-linux-x86_64-debian-gcc 2.0-3 4.53 46.19 50.72 NOTE
r-devel-linux-x86_64-fedora-clang 2.0-3 104.01 NOTE
r-devel-linux-x86_64-fedora-gcc 2.0-3 103.29 NOTE
r-devel-windows-ix86+x86_64 2.0-3 19.00 99.00 118.00 OK
r-patched-linux-x86_64 2.0-3 4.26 43.23 47.49 NOTE
r-patched-solaris-x86 2.0-3 134.30 OK
r-release-linux-x86_64 2.0-3 4.00 44.27 48.26 NOTE
r-release-windows-ix86+x86_64 2.0-3 22.00 91.00 113.00 OK
r-release-osx-x86_64 2.0-3 OK
r-oldrel-windows-ix86+x86_64 2.0-3 13.00 110.00 123.00 OK
r-oldrel-osx-x86_64 2.0-3 OK

Check Details

Version: 2.0-3
Check: foreign function calls
Result: NOTE
    Registration problems:
     symbol ‘nom1’ in the local frame:
     .C(nom1, as.double(xord), as.integer(length(xord)), as.double(yord),
     as.double(gridbw), as.integer(length(gridbw)), as.integer(effold),
     as.integer(neffold), double(length(gridbw)), double(length(gridbw)))
     symbol ‘nom2’ in the local frame:
     .C(nom2, as.double(x), as.integer(n), as.double(y), as.double(bandwidth),
     as.double(x), as.integer(n), double(n), double(1))
     symbol ‘nom2’ in the local frame:
     .C(nom2, as.double(x), as.integer(n), as.double(y), as.double(bandwidth),
     as.double(x), as.integer(n), double(n), double(1), double(n))
     symbol ‘nom’ in the local frame:
     .C(nom, as.double(x), as.integer(length(x)), as.double(y), as.double(object$bandwidth),
     as.double(newdata), as.integer(length(newdata)), double(length(newdata)),
     double(1))
     symbol ‘nom’ in the local frame:
     .C(nom, as.double(x), as.integer(length(x)), as.double(y), as.double(object$bandwidth),
     as.double(newdata), as.integer(length(newdata)), double(length(newdata)),
     double(1), double(length(newdata)))
    See chapter ‘System and foreign language interfaces’ in the ‘Writing R
    Extensions’ manual.
Flavors: r-devel-linux-x86_64-debian-clang, r-devel-linux-x86_64-debian-gcc, r-devel-linux-x86_64-fedora-clang, r-devel-linux-x86_64-fedora-gcc, r-patched-linux-x86_64, r-release-linux-x86_64