CRAN Package Check Results for Package ibr

Last updated on 2018-04-25 15:47:59 CEST.

Flavor Version Tinstall Tcheck Ttotal Status Flags
r-devel-linux-x86_64-debian-clang 2.0-3 9.48 68.13 77.61 NOTE
r-devel-linux-x86_64-debian-gcc 2.0-3 8.84 54.24 63.08 NOTE
r-devel-linux-x86_64-fedora-clang 2.0-3 96.51 NOTE
r-devel-linux-x86_64-fedora-gcc 2.0-3 92.85 NOTE
r-devel-windows-ix86+x86_64 2.0-3 26.00 98.00 124.00 OK
r-patched-linux-x86_64 2.0-3 10.80 67.45 78.25 NOTE
r-patched-solaris-x86 2.0-3 132.90 OK
r-release-linux-x86_64 2.0-3 8.87 67.53 76.40 NOTE
r-release-windows-ix86+x86_64 2.0-3 26.00 98.00 124.00 OK
r-release-osx-x86_64 2.0-3 OK
r-oldrel-windows-ix86+x86_64 2.0-3 17.00 125.00 142.00 OK
r-oldrel-osx-x86_64 2.0-3 OK

Check Details

Version: 2.0-3
Check: foreign function calls
Result: NOTE
    Registration problems:
     symbol ‘nom1’ in the local frame:
     .C(nom1, as.double(xord), as.integer(length(xord)), as.double(yord),
     as.double(gridbw), as.integer(length(gridbw)), as.integer(effold),
     as.integer(neffold), double(length(gridbw)), double(length(gridbw)))
     symbol ‘nom2’ in the local frame:
     .C(nom2, as.double(x), as.integer(n), as.double(y), as.double(bandwidth),
     as.double(x), as.integer(n), double(n), double(1))
     symbol ‘nom2’ in the local frame:
     .C(nom2, as.double(x), as.integer(n), as.double(y), as.double(bandwidth),
     as.double(x), as.integer(n), double(n), double(1), double(n))
     symbol ‘nom’ in the local frame:
     .C(nom, as.double(x), as.integer(length(x)), as.double(y), as.double(object$bandwidth),
     as.double(newdata), as.integer(length(newdata)), double(length(newdata)),
     double(1))
     symbol ‘nom’ in the local frame:
     .C(nom, as.double(x), as.integer(length(x)), as.double(y), as.double(object$bandwidth),
     as.double(newdata), as.integer(length(newdata)), double(length(newdata)),
     double(1), double(length(newdata)))
    See chapter ‘System and foreign language interfaces’ in the ‘Writing R
    Extensions’ manual.
Flavors: r-devel-linux-x86_64-debian-clang, r-devel-linux-x86_64-debian-gcc, r-devel-linux-x86_64-fedora-clang, r-devel-linux-x86_64-fedora-gcc, r-patched-linux-x86_64, r-release-linux-x86_64