CRAN Package Check Results for Package ibr

Last updated on 2017-04-30 05:48:26.

Flavor Version Tinstall Tcheck Ttotal Status Flags
r-devel-linux-x86_64-debian-clang 2.0-2 4.03 46.09 50.11 NOTE
r-devel-linux-x86_64-debian-gcc 2.0-2 4.17 45.61 49.78 NOTE
r-devel-linux-x86_64-fedora-clang 2.0-2 112.38 NOTE --no-stop-on-test-error
r-devel-linux-x86_64-fedora-gcc 2.0-2 105.62 NOTE --no-stop-on-test-error
r-devel-windows-ix86+x86_64 2.0-2 25.00 135.00 160.00 OK
r-patched-linux-x86_64 2.0-2 4.02 45.11 49.13 NOTE
r-patched-solaris-sparc 2.0-2 634.90 OK
r-patched-solaris-x86 2.0-2 137.60 OK
r-release-linux-x86_64 2.0-2 4.12 45.04 49.15 NOTE
r-release-windows-ix86+x86_64 2.0-2 26.00 128.00 154.00 OK
r-release-osx-x86_64 2.0-2 OK
r-oldrel-windows-ix86+x86_64 2.0-2 21.00 117.00 138.00 OK
r-oldrel-osx-x86_64 2.0-2 OK

Check Details

Version: 2.0-2
Check: compiled code
Result: NOTE
    File ‘ibr/libs/ibr.so’:
     Found no calls to: ‘R_registerRoutines’, ‘R_useDynamicSymbols’
    
    It is good practice to register native routines and to disable symbol
    search.
    
    See ‘Writing portable packages’ in the ‘Writing R Extensions’ manual.
Flavors: r-devel-linux-x86_64-debian-clang, r-devel-linux-x86_64-debian-gcc, r-patched-linux-x86_64, r-release-linux-x86_64

Version: 2.0-2
Flags: --no-stop-on-test-error
Check: compiled code
Result: NOTE
    File ‘ibr/libs/ibr.so’:
     Found no calls to: ‘R_registerRoutines’, ‘R_useDynamicSymbols’
    
    It is good practice to register native routines and to disable symbol
    search.
    
    See ‘Writing portable packages’ in the ‘Writing R Extensions’ manual.
Flavors: r-devel-linux-x86_64-fedora-clang, r-devel-linux-x86_64-fedora-gcc