CRAN Package Check Results for Package ibr

Last updated on 2015-07-06 11:48:07.

Flavor Version Tinstall Tcheck Ttotal Status Flags
r-devel-linux-x86_64-debian-clang 1.4.5 1.72 18.49 20.21 NOTE
r-devel-linux-x86_64-debian-gcc 1.4.5 2.03 17.58 19.61 NOTE
r-devel-linux-x86_64-fedora-clang 1.4.5 37.33 NOTE
r-devel-linux-x86_64-fedora-gcc 1.4.5 35.08 NOTE
r-devel-osx-x86_64-clang 1.4.5 35.26 NOTE
r-devel-windows-ix86+x86_64 1.4.5 12.00 50.00 62.00 NOTE
r-patched-linux-x86_64 1.4.5 2.18 18.21 20.39 NOTE
r-patched-solaris-sparc 1.4.5 247.00 NOTE
r-patched-solaris-x86 1.4.5 50.20 NOTE
r-release-linux-x86_64 1.4.5 2.06 18.35 20.41 NOTE
r-release-osx-x86_64-mavericks 1.4.5 NOTE
r-release-windows-ix86+x86_64 1.4.5 12.00 34.00 46.00 NOTE
r-oldrel-windows-ix86+x86_64 1.4.5 17.00 37.00 54.00 NOTE

Check Details

Version: 1.4.5
Check: DESCRIPTION meta-information
Result: NOTE
    Malformed Description field: should contain one or more complete sentences.
Flavors: r-devel-linux-x86_64-debian-clang, r-devel-linux-x86_64-debian-gcc, r-devel-linux-x86_64-fedora-clang, r-devel-linux-x86_64-fedora-gcc, r-devel-osx-x86_64-clang, r-devel-windows-ix86+x86_64, r-patched-linux-x86_64, r-patched-solaris-sparc, r-patched-solaris-x86, r-release-linux-x86_64, r-release-osx-x86_64-mavericks, r-release-windows-ix86+x86_64

Version: 1.4.5
Check: S3 generic/method consistency
Result: NOTE
    Found the following apparent S3 methods exported but not registered:
     predict.ibr predict.npregression print.summary.npregression
    See section ‘Registering S3 methods’ in the ‘Writing R Extensions’
    manual.
Flavors: r-devel-linux-x86_64-debian-clang, r-devel-linux-x86_64-debian-gcc, r-devel-linux-x86_64-fedora-clang, r-devel-linux-x86_64-fedora-gcc, r-devel-osx-x86_64-clang, r-patched-linux-x86_64, r-patched-solaris-sparc, r-patched-solaris-x86, r-release-linux-x86_64

Version: 1.4.5
Check: foreign function calls
Result: NOTE
    Call with DUP:
     .C("gaustotal", as.double(departbw), if (contr.sp$dftotal) as.double(rep(1e-10,
     p)) else as.double(1e-10), as.double(x), as.integer(n), as.integer(p),
     as.double(.Machine$double.eps^0.25), maxit = as.integer(contr.sp$dftobwitmax),
     as.double(df), as.integer(contr.sp$dftotal), A = double(n^2),
     Ddemi = double(n), df = double(1), bandwidth = double(p),
     PACKAGE = "ibr", DUP = FALSE)
    DUP is no longer supported and will be ignored.
Flavors: r-devel-linux-x86_64-debian-clang, r-devel-linux-x86_64-debian-gcc, r-devel-linux-x86_64-fedora-clang, r-devel-linux-x86_64-fedora-gcc, r-devel-osx-x86_64-clang, r-devel-windows-ix86+x86_64, r-patched-linux-x86_64, r-patched-solaris-sparc, r-patched-solaris-x86, r-release-linux-x86_64, r-release-osx-x86_64-mavericks, r-release-windows-ix86+x86_64

Version: 1.4.5
Check: R code for possible problems
Result: NOTE
    bwchoice: no visible global function definition for ‘uniroot’
    cvobs : <anonymous>: no visible global function definition for
     ‘na.omit’
    ibr: no visible global function definition for ‘uniroot’
    iterchoiceA: no visible global function definition for ‘optimize’
    iterchoiceAcv: no visible global function definition for ‘optimize’
    iterchoiceS1: no visible global function definition for ‘optimize’
    iterchoiceS1cv: no visible global function definition for ‘optimize’
    lambdachoice: no visible global function definition for ‘uniroot’
    plot.forwardibr: no visible global function definition for ‘image’
    plot.forwardibr: no visible global function definition for ‘text’
    plot.forwardibr: no visible global function definition for ‘abline’
    plot.ibr: no visible global function definition for ‘residuals’
    plot.ibr: no visible global function definition for ‘predict’
    print.summary.ibr: no visible global function definition for ‘quantile’
    print.summary.npregression: no visible global function definition for
     ‘quantile’
    Undefined global functions or variables:
     abline image na.omit optimize predict quantile residuals text uniroot
Flavors: r-devel-linux-x86_64-debian-clang, r-devel-linux-x86_64-debian-gcc, r-devel-linux-x86_64-fedora-clang, r-devel-linux-x86_64-fedora-gcc, r-devel-windows-ix86+x86_64

Version: 1.4.5
Check: foreign function calls
Result: NOTE
    Call with DUP != TRUE:
     .C("gaustotal", as.double(departbw), if (contr.sp$dftotal) as.double(rep(1e-10,
     p)) else as.double(1e-10), as.double(x), as.integer(n), as.integer(p),
     as.double(.Machine$double.eps^0.25), maxit = as.integer(contr.sp$dftobwitmax),
     as.double(df), as.integer(contr.sp$dftotal), A = double(n^2),
     Ddemi = double(n), df = double(1), bandwidth = double(p),
     PACKAGE = "ibr", DUP = FALSE)
    DUP = FALSE is deprecated and will be disabled in future versions of R.
Flavor: r-oldrel-windows-ix86+x86_64