CRAN Package Check Results for Package ibr

Last updated on 2015-05-30 11:50:17.

Flavor Version Tinstall Tcheck Ttotal Status Flags
r-devel-linux-x86_64-debian-clang 1.4.5 1.70 18.32 20.02 NOTE
r-devel-linux-x86_64-debian-gcc 1.4.5 2.10 18.62 20.72 NOTE
r-devel-linux-x86_64-fedora-clang 1.4.5 38.64 NOTE
r-devel-linux-x86_64-fedora-gcc 1.4.5 36.09 NOTE
r-devel-osx-x86_64-clang 1.4.5 38.63 NOTE
r-devel-windows-ix86+x86_64 1.4.5 12.00 35.00 47.00 NOTE
r-patched-linux-x86_64 1.4.5 2.04 18.15 20.19 NOTE
r-patched-solaris-sparc 1.4.5 247.00 NOTE
r-patched-solaris-x86 1.4.5 50.30 NOTE
r-release-linux-x86_64 1.4.5 2.08 18.26 20.33 NOTE
r-release-osx-x86_64-mavericks 1.4.5 NOTE
r-release-osx-x86_64-snowleopard 1.4.5 NOTE
r-release-windows-ix86+x86_64 1.4.5 9.00 39.00 48.00 NOTE
r-oldrel-windows-ix86+x86_64 1.4.5 17.00 37.00 54.00 NOTE

Check Details

Version: 1.4.5
Check: DESCRIPTION meta-information
Result: NOTE
    Malformed Description field: should contain one or more complete sentences.
Flavors: r-devel-linux-x86_64-debian-clang, r-devel-linux-x86_64-debian-gcc, r-devel-linux-x86_64-fedora-clang, r-devel-linux-x86_64-fedora-gcc, r-devel-osx-x86_64-clang, r-devel-windows-ix86+x86_64, r-patched-linux-x86_64, r-patched-solaris-sparc, r-patched-solaris-x86, r-release-linux-x86_64, r-release-osx-x86_64-mavericks, r-release-osx-x86_64-snowleopard, r-release-windows-ix86+x86_64

Version: 1.4.5
Check: S3 generic/method consistency
Result: NOTE
    Found the following apparent S3 methods exported but not registered:
     predict.ibr predict.npregression print.summary.npregression
    See section ‘Registering S3 methods’ in the ‘Writing R Extensions’
    manual.
Flavors: r-devel-linux-x86_64-debian-clang, r-devel-linux-x86_64-debian-gcc, r-devel-linux-x86_64-fedora-clang, r-devel-linux-x86_64-fedora-gcc, r-devel-osx-x86_64-clang, r-patched-linux-x86_64, r-patched-solaris-sparc, r-patched-solaris-x86, r-release-linux-x86_64

Version: 1.4.5
Check: foreign function calls
Result: NOTE
    Call with DUP:
     .C("gaustotal", as.double(departbw), if (contr.sp$dftotal) as.double(rep(1e-10,
     p)) else as.double(1e-10), as.double(x), as.integer(n), as.integer(p),
     as.double(.Machine$double.eps^0.25), maxit = as.integer(contr.sp$dftobwitmax),
     as.double(df), as.integer(contr.sp$dftotal), A = double(n^2),
     Ddemi = double(n), df = double(1), bandwidth = double(p),
     PACKAGE = "ibr", DUP = FALSE)
    DUP is no longer supported and will be ignored.
Flavors: r-devel-linux-x86_64-debian-clang, r-devel-linux-x86_64-debian-gcc, r-devel-linux-x86_64-fedora-clang, r-devel-linux-x86_64-fedora-gcc, r-devel-osx-x86_64-clang, r-devel-windows-ix86+x86_64, r-patched-linux-x86_64, r-patched-solaris-sparc, r-patched-solaris-x86, r-release-linux-x86_64, r-release-osx-x86_64-mavericks, r-release-osx-x86_64-snowleopard, r-release-windows-ix86+x86_64

Version: 1.4.5
Check: foreign function calls
Result: NOTE
    Call with DUP != TRUE:
     .C("gaustotal", as.double(departbw), if (contr.sp$dftotal) as.double(rep(1e-10,
     p)) else as.double(1e-10), as.double(x), as.integer(n), as.integer(p),
     as.double(.Machine$double.eps^0.25), maxit = as.integer(contr.sp$dftobwitmax),
     as.double(df), as.integer(contr.sp$dftotal), A = double(n^2),
     Ddemi = double(n), df = double(1), bandwidth = double(p),
     PACKAGE = "ibr", DUP = FALSE)
    DUP = FALSE is deprecated and will be disabled in future versions of R.
Flavor: r-oldrel-windows-ix86+x86_64