CRAN Package Check Results for Package ic.infer

Last updated on 2014-04-23 12:48:20.

Flavor Version Tinstall Tcheck Ttotal Status Flags
r-devel-linux-x86_64-debian-clang 1.1-4 2.58 64.28 66.85 OK
r-devel-linux-x86_64-debian-gcc 1.1-4 2.71 64.19 66.90 OK
r-devel-linux-x86_64-fedora-clang 1.1-4 134.60 OK
r-devel-linux-x86_64-fedora-gcc 1.1-4 132.07 OK
r-devel-osx-x86_64-clang 1.1-4 101.43 OK
r-devel-osx-x86_64-gcc 1.1-4 WARN
r-devel-windows-ix86+x86_64 1.1-4 7.00 96.00 103.00 OK
r-patched-linux-x86_64 1.1-4 2.38 63.73 66.12 OK
r-patched-solaris-sparc 1.1-4 710.30 OK
r-patched-solaris-x86 1.1-4 157.60 OK
r-release-linux-ix86 1.1-4 4.00 110.00 114.00 OK
r-release-linux-x86_64 1.1-4 2.40 64.38 66.78 OK
r-release-osx-x86_64-mavericks 1.1-4 WARN
r-release-osx-x86_64-snowleopard 1.1-4 WARN
r-release-windows-ix86+x86_64 1.1-4 7.00 97.00 104.00 OK
r-oldrel-windows-ix86+x86_64 1.1-4 8.00 93.00 101.00 OK

Check Details

Version: 1.1-4
Check: package dependencies
Result: NOTE
    Package suggested but not available for checking: ‘relaimpo’
Flavor: r-devel-osx-x86_64-gcc

Version: 1.1-4
Check: running R code from vignettes
Result: WARNING
    Errors in running code in vignettes:
    when running code in ‘ic.infer.rnw’
     ...
    
    > require(relaimpo, quietly = TRUE)
    Warning in library(package, lib.loc = lib.loc, character.only = TRUE, logical.return = TRUE, :
     there is no package called 'relaimpo'
    
    > calc.relimp(limo.bodyfat)$lmg
    
     When sourcing 'ic.infer.R':
    Error: could not find function "calc.relimp"
    Execution halted
Flavor: r-devel-osx-x86_64-gcc

Version: 1.1-4
Check: re-building of vignette outputs
Result: NOTE
    Error in re-building vignettes:
     ...
    Warning in library(package, lib.loc = lib.loc, character.only = TRUE, logical.return = TRUE, :
     there is no package called 'relaimpo'
    
    Error: processing vignette 'ic.infer.rnw' failed with diagnostics:
     chunk 19 (label = bodyfat.calcrelimp)
    Error in eval(expr, envir, enclos) :
     could not find function "calc.relimp"
    Execution halted
Flavor: r-devel-osx-x86_64-gcc

Version: 1.1-4
Check: PDF version of manual
Result: WARNING
    LaTeX errors when creating PDF version.
    This typically indicates Rd problems.
    LaTeX errors found:
    ! LaTeX Error: File `upquote.sty' not found.
    
    Type X to quit or <RETURN> to proceed,
    or enter new name. (Default extension: sty)
    
    3f4aa29f/Rd2.tex:8: ==> Fatal error occurred, no output PDF file produced!
Flavor: r-release-osx-x86_64-mavericks

Version: 1.1-4
Check: examples
Result: WARNING
    checking a package with encoding 'latin1' in an ASCII locale
    
     OK
Flavor: r-release-osx-x86_64-snowleopard