CRAN Package Check Results for Package ic.infer

Last updated on 2015-02-01 05:47:55.

Flavor Version Tinstall Tcheck Ttotal Status Flags
r-devel-linux-x86_64-debian-clang 1.1-5 1.72 56.87 58.59 NOTE
r-devel-linux-x86_64-debian-gcc 1.1-5 1.66 55.55 57.21 NOTE
r-devel-linux-x86_64-fedora-clang 1.1-5 124.32 NOTE
r-devel-linux-x86_64-fedora-gcc 1.1-5 105.89 NOTE
r-devel-osx-x86_64-clang 1.1-5 110.04 NOTE
r-devel-windows-ix86+x86_64 1.1-5 9.00 85.00 94.00 OK
r-patched-linux-x86_64 1.1-5 2.29 64.83 67.12 OK
r-patched-solaris-sparc 1.1-5 715.20 OK
r-patched-solaris-x86 1.1-5 154.00 OK
r-release-linux-ix86 1.1-5 2.72 83.54 86.26 OK
r-release-linux-x86_64 1.1-5 2.40 64.29 66.69 OK
r-release-osx-x86_64-mavericks 1.1-5 OK
r-release-osx-x86_64-snowleopard 1.1-5 OK
r-release-windows-ix86+x86_64 1.1-5 9.00 97.00 106.00 OK
r-oldrel-windows-ix86+x86_64 1.1-5 9.00 104.00 113.00 OK

Check Details

Version: 1.1-5
Check: S3 generic/method consistency
Result: NOTE
    Found the following apparent S3 methods exported but not registered:
     or.relimp.default or.relimp.lm orlm.default orlm.lm print.ict
     print.orest print.orlm summary.ict summary.orest summary.orlm
     plot.orlm coef.orlm
    See section ‘Registering S3 methods’ in the ‘Writing R Extensions’
    manual.
Flavors: r-devel-linux-x86_64-debian-clang, r-devel-linux-x86_64-debian-gcc, r-devel-linux-x86_64-fedora-clang, r-devel-linux-x86_64-fedora-gcc, r-devel-osx-x86_64-clang