CRAN Package Check Results for Package ic.infer

Last updated on 2014-08-02 03:50:54.

Flavor Version Tinstall Tcheck Ttotal Status Flags
r-devel-linux-x86_64-debian-clang 1.1-4 2.24 64.55 66.79 OK
r-devel-linux-x86_64-debian-gcc 1.1-5 2.89 63.44 66.33 OK
r-devel-linux-x86_64-fedora-clang 1.1-5 74.46 OK
r-devel-linux-x86_64-fedora-gcc 1.1-5 72.61 OK
r-devel-osx-x86_64-clang 1.1-4 123.82 OK
r-devel-windows-ix86+x86_64 1.1-4 8.00 95.00 103.00 OK
r-patched-linux-x86_64 1.1-4 2.21 63.33 65.54 OK
r-patched-solaris-sparc 1.1-5 659.70 OK
r-patched-solaris-x86 1.1-5 139.70 OK
r-release-linux-ix86 1.1-4 2.80 84.62 87.42 OK
r-release-linux-x86_64 1.1-4 2.28 66.16 68.45 OK
r-release-osx-x86_64-mavericks 1.1-4 OK
r-release-osx-x86_64-snowleopard 1.1-4 WARN
r-release-windows-ix86+x86_64 1.1-5 8.00 91.00 99.00 OK
r-oldrel-windows-ix86+x86_64 1.1-4 10.00 119.00 129.00 OK

Check Details

Version: 1.1-4
Check: examples
Result: WARNING
    checking a package with encoding 'latin1' in an ASCII locale
    
     OK
Flavor: r-release-osx-x86_64-snowleopard