CRAN Package Check Results for Package ic.infer

Last updated on 2015-03-05 17:49:07.

Flavor Version Tinstall Tcheck Ttotal Status Flags
r-devel-linux-x86_64-debian-clang 1.1-5 1.75 57.50 59.25 NOTE
r-devel-linux-x86_64-debian-gcc 1.1-5 1.65 55.97 57.62 NOTE
r-devel-linux-x86_64-fedora-clang 1.1-5 109.17 NOTE
r-devel-linux-x86_64-fedora-gcc 1.1-5 105.78 NOTE
r-devel-osx-x86_64-clang 1.1-5 96.98 NOTE
r-devel-windows-ix86+x86_64 1.1-5 5.00 84.00 89.00 OK
r-patched-linux-x86_64 1.1-5 2.28 65.10 67.38 OK
r-patched-solaris-sparc 1.1-5 758.80 OK
r-patched-solaris-x86 1.1-5 154.70 OK
r-release-linux-ix86 1.1-5 2.76 84.42 87.18 OK
r-release-linux-x86_64 1.1-5 2.24 65.79 68.03 OK
r-release-osx-x86_64-mavericks 1.1-5 OK
r-release-osx-x86_64-snowleopard 1.1-5 OK
r-release-windows-ix86+x86_64 1.1-5 7.00 95.00 102.00 OK
r-oldrel-windows-ix86+x86_64 1.1-5 9.00 124.00 133.00 OK

Check Details

Version: 1.1-5
Check: S3 generic/method consistency
Result: NOTE
    Found the following apparent S3 methods exported but not registered:
     coef.orlm or.relimp.default or.relimp.lm orlm.default orlm.lm
     plot.orlm print.ict print.orest print.orlm summary.ict summary.orest
     summary.orlm
    See section ‘Registering S3 methods’ in the ‘Writing R Extensions’
    manual.
Flavors: r-devel-linux-x86_64-debian-clang, r-devel-linux-x86_64-debian-gcc, r-devel-linux-x86_64-fedora-clang, r-devel-linux-x86_64-fedora-gcc, r-devel-osx-x86_64-clang