CRAN Package Check Results for Package ic.infer

Last updated on 2018-02-23 13:47:36 CET.

Flavor Version Tinstall Tcheck Ttotal Status Flags
r-devel-linux-x86_64-debian-clang 1.1-6 3.38 82.58 85.96 OK
r-devel-linux-x86_64-debian-gcc 1.1-6 3.57 63.55 67.12 OK
r-devel-linux-x86_64-fedora-clang 1.1-6 106.41 OK
r-devel-linux-x86_64-fedora-gcc 1.1-6 103.03 OK
r-devel-windows-ix86+x86_64 1.1-6 9.00 137.00 146.00 OK
r-patched-linux-x86_64 1.1-6 1.77 86.28 88.05 OK
r-patched-solaris-x86 1.1-6 132.50 OK
r-release-linux-x86_64 1.1-6 2.64 85.74 88.38 OK
r-release-windows-ix86+x86_64 1.1-6 7.00 138.00 145.00 OK
r-release-osx-x86_64 1.1-6 OK
r-oldrel-windows-ix86+x86_64 1.1-6 5.00 133.00 138.00 OK
r-oldrel-osx-x86_64 1.1-5 NOTE

Check Details

Version: 1.1-5
Check: R code for possible problems
Result: NOTE
    boot.orlm: no visible global function definition for ‘weights’
    ic.test: no visible global function definition for ‘pnorm’
    ic.test: no visible global function definition for ‘pt’
    make.mon.ui: no visible global function definition for ‘contrasts’
    or.relimp.lm: no visible global function definition for ‘coef’
    or.relimp.lm: no visible global function definition for ‘weights’
    or.relimp.lm: no visible global function definition for ‘cov.wt’
    orlm.forboot: no visible global function definition for ‘cov.wt’
    orlm.forboot.fixed: no visible global function definition for ‘lm’
    orlm.lm: no visible global function definition for ‘coef’
    orlm.lm: no visible global function definition for ‘weights’
    orlm.lm: no visible global function definition for ‘vcov’
    orlm.lm: no visible global function definition for ‘model.matrix’
    orlm.lm: no visible global function definition for ‘weighted.mean’
    pbetabar: no visible global function definition for ‘pbeta’
    pchibar: no visible global function definition for ‘pchisq’
    plot.orlm: no visible binding for global variable ‘panel.smooth’
    plot.orlm: no visible binding for global variable ‘points’
    plot.orlm : text.id: no visible global function definition for ‘text’
    plot.orlm: no visible global function definition for ‘par’
    plot.orlm: no visible global function definition for ‘extendrange’
    plot.orlm: no visible global function definition for ‘plot’
    plot.orlm: no visible global function definition for ‘title’
    plot.orlm: no visible global function definition for ‘mtext’
    plot.orlm: no visible global function definition for ‘strheight’
    plot.orlm: no visible global function definition for ‘abline’
    print.orlm: no visible global function definition for ‘coef’
    summary.orlm: no visible global function definition for ‘coef’
    Undefined global functions or variables:
     abline coef contrasts cov.wt extendrange lm model.matrix mtext
     panel.smooth par pbeta pchisq plot pnorm points pt strheight text
     title vcov weighted.mean weights
    Consider adding
     importFrom("grDevices", "extendrange")
     importFrom("graphics", "abline", "mtext", "panel.smooth", "par",
     "plot", "points", "strheight", "text", "title")
     importFrom("stats", "coef", "contrasts", "cov.wt", "lm",
     "model.matrix", "pbeta", "pchisq", "pnorm", "pt", "vcov",
     "weighted.mean", "weights")
    to your NAMESPACE file.
Flavor: r-oldrel-osx-x86_64