CRAN Package Check Results for Package icaOcularCorrection

Last updated on 2014-10-30 23:47:18.

Flavor Version Tinstall Tcheck Ttotal Status Flags
r-devel-linux-x86_64-debian-clang 3.0.0 3.51 44.39 47.90 NOTE
r-devel-linux-x86_64-debian-gcc 3.0.0 3.46 42.77 46.23 NOTE
r-devel-linux-x86_64-fedora-clang 3.0.0 109.94 NOTE
r-devel-linux-x86_64-fedora-gcc 3.0.0 104.95 NOTE
r-devel-osx-x86_64-clang 3.0.0 90.90 NOTE
r-devel-windows-ix86+x86_64 3.0.0 10.00 63.00 73.00 NOTE
r-patched-linux-x86_64 3.0.0 3.68 44.11 47.80 NOTE
r-patched-solaris-sparc 3.0.0 588.90 NOTE
r-patched-solaris-x86 3.0.0 141.00 NOTE
r-release-linux-ix86 3.0.0 4.70 53.30 58.00 NOTE
r-release-linux-x86_64 3.0.0 3.99 45.04 49.03 NOTE
r-release-osx-x86_64-mavericks 3.0.0 NOTE
r-release-osx-x86_64-snowleopard 3.0.0 ERROR
r-release-windows-ix86+x86_64 3.0.0 10.00 61.00 71.00 NOTE
r-oldrel-windows-ix86+x86_64 3.0.0 9.00 57.00 66.00 NOTE

Check Details

Version: 3.0.0
Check: dependencies in R code
Result: NOTE
    'library' or 'require' calls to packages already attached by Depends:
     ‘fastICA’ ‘mgcv’
     Please remove these calls from your code.
    See the information on DESCRIPTION files in the chapter ‘Creating R
    packages’ of the ‘Writing R Extensions’ manual.
Flavors: r-devel-linux-x86_64-debian-clang, r-devel-linux-x86_64-debian-gcc, r-devel-linux-x86_64-fedora-clang, r-devel-linux-x86_64-fedora-gcc, r-devel-osx-x86_64-clang, r-devel-windows-ix86+x86_64, r-patched-linux-x86_64, r-patched-solaris-sparc, r-patched-solaris-x86, r-release-linux-ix86, r-release-linux-x86_64, r-release-osx-x86_64-mavericks, r-release-windows-ix86+x86_64, r-oldrel-windows-ix86+x86_64

Version: 3.0.0
Check: re-building of vignette outputs
Result: NOTE
    Error in re-building vignettes:
     ...
    Error in texi2dvi(file = file, pdf = TRUE, clean = clean, quiet = quiet, :
     Running 'texi2dvi' on 'vignette.tex' failed.
    LaTeX errors:
    ! LaTeX Error: File `apa6.cls' not found.
    
    Type X to quit or <RETURN> to proceed,
    or enter new name. (Default extension: cls)
    Calls: buildVignettes -> texi2pdf -> texi2dvi
    Execution halted
Flavor: r-release-osx-x86_64-mavericks

Version: 3.0.0
Check: whether package can be installed
Result: ERROR
    Installation failed.
Flavor: r-release-osx-x86_64-snowleopard