CRAN Package Check Results for Package icaOcularCorrection

Last updated on 2015-08-03 21:47:24.

Flavor Version Tinstall Tcheck Ttotal Status Flags
r-devel-linux-x86_64-debian-clang 3.0.0 2.95 38.34 41.29 NOTE
r-devel-linux-x86_64-debian-gcc 3.0.0 2.88 36.56 39.44 NOTE
r-devel-linux-x86_64-fedora-clang 3.0.0 83.21 NOTE
r-devel-linux-x86_64-fedora-gcc 3.0.0 79.39 NOTE
r-devel-osx-x86_64-clang 3.0.0 67.02 NOTE
r-devel-windows-ix86+x86_64 3.0.0 7.00 60.00 67.00 NOTE
r-patched-linux-x86_64 3.0.0 2.85 37.79 40.64 NOTE
r-patched-solaris-sparc 3.0.0 474.10 NOTE
r-patched-solaris-x86 3.0.0 109.00 NOTE
r-release-linux-x86_64 3.0.0 2.88 37.95 40.83 NOTE
r-release-osx-x86_64-mavericks 3.0.0 NOTE
r-release-windows-ix86+x86_64 3.0.0 12.00 91.00 103.00 NOTE
r-oldrel-windows-ix86+x86_64 3.0.0 11.00 104.00 115.00 NOTE

Check Details

Version: 3.0.0
Check: DESCRIPTION meta-information
Result: NOTE
    Malformed Title field: should not end in a period.
Flavors: r-devel-linux-x86_64-debian-clang, r-devel-linux-x86_64-debian-gcc, r-devel-linux-x86_64-fedora-clang, r-devel-linux-x86_64-fedora-gcc, r-devel-osx-x86_64-clang, r-devel-windows-ix86+x86_64, r-patched-linux-x86_64, r-patched-solaris-sparc, r-patched-solaris-x86, r-release-linux-x86_64, r-release-osx-x86_64-mavericks, r-release-windows-ix86+x86_64

Version: 3.0.0
Check: dependencies in R code
Result: NOTE
    'library' or 'require' calls to packages already attached by Depends:
     ‘fastICA’ ‘mgcv’
     Please remove these calls from your code.
    'library' or 'require' call to ‘wavethresh’ in package code.
     Please use :: or requireNamespace() instead.
     See section 'Suggested packages' in the 'Writing R Extensions' manual.
Flavors: r-devel-linux-x86_64-debian-clang, r-devel-linux-x86_64-debian-gcc, r-devel-linux-x86_64-fedora-clang, r-devel-linux-x86_64-fedora-gcc, r-devel-osx-x86_64-clang, r-devel-windows-ix86+x86_64, r-patched-linux-x86_64, r-patched-solaris-sparc, r-patched-solaris-x86, r-release-linux-x86_64, r-release-osx-x86_64-mavericks, r-release-windows-ix86+x86_64, r-oldrel-windows-ix86+x86_64

Version: 3.0.0
Check: S3 generic/method consistency
Result: NOTE
    Found the following apparent S3 methods exported but not registered:
     summary.icac update.icac
    See section ‘Registering S3 methods’ in the ‘Writing R Extensions’
    manual.
Flavors: r-devel-linux-x86_64-debian-clang, r-devel-linux-x86_64-debian-gcc, r-devel-linux-x86_64-fedora-clang, r-devel-linux-x86_64-fedora-gcc, r-devel-osx-x86_64-clang, r-patched-linux-x86_64, r-patched-solaris-sparc, r-patched-solaris-x86, r-release-linux-x86_64

Version: 3.0.0
Check: R code for possible problems
Result: NOTE
    get.peaks: no visible global function definition for ‘plot’
    get.peaks: no visible global function definition for ‘lines’
    get.peaks: no visible global function definition for ‘locator’
    get.peaks: no visible global function definition for ‘dev.off’
    icac: no visible global function definition for ‘txtProgressBar’
    icac: no visible global function definition for ‘setTxtProgressBar’
    icac: no visible global function definition for ‘cor’
    plot_avgba: no visible global function definition for ‘par’
    plot_avgba: no visible global function definition for ‘devAskNewPage’
    plot_avgba: no visible global function definition for ‘layout’
    plot_avgba: no visible global function definition for ‘plot’
    plot_avgba: no visible global function definition for ‘text’
    plot_avgba: no visible global function definition for ‘lines’
    plot_nic: no visible global function definition for ‘cor’
    plot_nic: no visible global function definition for ‘plot’
    plot_nic: no visible global function definition for ‘lines’
    plot_nic: no visible global function definition for ‘mtext’
    plot_nic: no visible global function definition for ‘legend’
    plot_trba: no visible global function definition for ‘par’
    plot_trba: no visible global function definition for ‘devAskNewPage’
    plot_trba: no visible global function definition for ‘layout’
    plot_trba: no visible global function definition for ‘plot’
    plot_trba: no visible global function definition for ‘text’
    plot_trba: no visible global function definition for ‘lines’
    plot_tric: no visible global function definition for ‘par’
    plot_tric: no visible global function definition for ‘devAskNewPage’
    plot_tric: no visible global function definition for ‘layout’
    plot_tric: no visible global function definition for ‘plot’
    plot_tric: no visible global function definition for ‘text’
    plot_tric: no visible global function definition for ‘cor’
    plot_tric: no visible global function definition for ‘lines’
    topo_ic: no visible global function definition for ‘mtext’
    topo_ic: no visible global function definition for ‘points’
    Undefined global functions or variables:
     cor dev.off devAskNewPage layout legend lines locator mtext par plot
     points setTxtProgressBar text txtProgressBar
    Consider adding
     importFrom("grDevices", "dev.off", "devAskNewPage")
     importFrom("graphics", "layout", "legend", "lines", "locator", "mtext",
     "par", "plot", "points", "text")
     importFrom("stats", "cor")
     importFrom("utils", "setTxtProgressBar", "txtProgressBar")
    to your NAMESPACE.
Flavors: r-devel-linux-x86_64-debian-clang, r-devel-linux-x86_64-debian-gcc, r-devel-linux-x86_64-fedora-clang, r-devel-linux-x86_64-fedora-gcc, r-devel-windows-ix86+x86_64