CRAN Package Check Results for Package icaOcularCorrection

Last updated on 2015-03-27 15:47:15.

Flavor Version Tinstall Tcheck Ttotal Status Flags
r-devel-linux-x86_64-debian-clang 3.0.0 3.12 37.20 40.32 NOTE
r-devel-linux-x86_64-debian-gcc 3.0.0 2.88 36.90 39.78 NOTE
r-devel-linux-x86_64-fedora-clang 3.0.0 82.51 NOTE
r-devel-linux-x86_64-fedora-gcc 3.0.0 78.11 NOTE
r-devel-osx-x86_64-clang 3.0.0 78.23 NOTE
r-prerel-windows-ix86+x86_64 3.0.0 8.00 55.00 63.00 NOTE
r-prerel-linux-x86_64 3.0.0 2.95 37.12 40.08 NOTE
r-prerel-solaris-sparc 3.0.0 462.70 NOTE
r-prerel-solaris-x86 3.0.0 103.50 NOTE
r-release-linux-x86_64 3.0.0 4.48 46.84 51.32 NOTE
r-release-osx-x86_64-mavericks 3.0.0 NOTE
r-release-osx-x86_64-snowleopard 3.0.0 ERROR
r-release-windows-ix86+x86_64 3.0.0 10.00 67.00 77.00 NOTE
r-oldrel-windows-ix86+x86_64 3.0.0 9.00 63.00 72.00 NOTE

Check Details

Version: 3.0.0
Check: DESCRIPTION meta-information
Result: NOTE
    Malformed Title field: should not end in a period.
Flavors: r-devel-linux-x86_64-debian-clang, r-devel-linux-x86_64-debian-gcc, r-devel-linux-x86_64-fedora-clang, r-devel-linux-x86_64-fedora-gcc, r-devel-osx-x86_64-clang, r-prerel-windows-ix86+x86_64, r-prerel-linux-x86_64, r-prerel-solaris-sparc, r-prerel-solaris-x86

Version: 3.0.0
Check: dependencies in R code
Result: NOTE
    'library' or 'require' calls to packages already attached by Depends:
     ‘fastICA’ ‘mgcv’
     Please remove these calls from your code.
    'library' or 'require' call to ‘wavethresh’ in package code.
     Please use :: or requireNamespace() instead.
     See section 'Suggested packages' in the 'Writing R Extensions' manual.
Flavors: r-devel-linux-x86_64-debian-clang, r-devel-linux-x86_64-debian-gcc, r-devel-linux-x86_64-fedora-clang, r-devel-linux-x86_64-fedora-gcc, r-devel-osx-x86_64-clang, r-prerel-windows-ix86+x86_64, r-prerel-linux-x86_64, r-prerel-solaris-sparc, r-prerel-solaris-x86, r-release-linux-x86_64, r-release-windows-ix86+x86_64

Version: 3.0.0
Check: S3 generic/method consistency
Result: NOTE
    Found the following apparent S3 methods exported but not registered:
     summary.icac update.icac
    See section ‘Registering S3 methods’ in the ‘Writing R Extensions’
    manual.
Flavors: r-devel-linux-x86_64-debian-clang, r-devel-linux-x86_64-debian-gcc, r-devel-linux-x86_64-fedora-clang, r-devel-linux-x86_64-fedora-gcc, r-devel-osx-x86_64-clang, r-prerel-linux-x86_64

Version: 3.0.0
Check: dependencies in R code
Result: NOTE
    'library' or 'require' calls to packages already attached by Depends:
     ‘fastICA’ ‘mgcv’
     Please remove these calls from your code.
    See the information on DESCRIPTION files in the chapter ‘Creating R
    packages’ of the ‘Writing R Extensions’ manual.
Flavors: r-release-osx-x86_64-mavericks, r-oldrel-windows-ix86+x86_64

Version: 3.0.0
Check: whether package can be installed
Result: ERROR
    Installation failed.
Flavor: r-release-osx-x86_64-snowleopard