CRAN Package Check Results for Package icaOcularCorrection

Last updated on 2014-04-23 07:55:01.

Flavor Version Tinstall Tcheck Ttotal Status Flags
r-devel-linux-x86_64-debian-clang 3.0.0 4.02 44.21 48.23 NOTE
r-devel-linux-x86_64-debian-gcc 3.0.0 4.18 43.07 47.25 NOTE
r-devel-linux-x86_64-fedora-clang 3.0.0 114.97 NOTE
r-devel-linux-x86_64-fedora-gcc 3.0.0 110.49 NOTE
r-devel-osx-x86_64-clang 3.0.0 83.24 NOTE
r-devel-osx-x86_64-gcc 3.0.0 NOTE
r-devel-windows-ix86+x86_64 3.0.0 10.00 62.00 72.00 NOTE
r-patched-linux-x86_64 3.0.0 4.07 42.76 46.84 NOTE
r-patched-solaris-sparc 3.0.0 564.10 NOTE
r-patched-solaris-x86 3.0.0 145.50 NOTE
r-release-linux-ix86 3.0.0 6.00 75.00 81.00 NOTE
r-release-linux-x86_64 3.0.0 3.83 43.24 47.07 NOTE
r-release-osx-x86_64-mavericks 3.0.0 WARN
r-release-osx-x86_64-snowleopard 3.0.0 ERROR
r-release-windows-ix86+x86_64 3.0.0 11.00 61.00 72.00 NOTE
r-oldrel-windows-ix86+x86_64 3.0.0 10.00 62.00 72.00 NOTE

Check Details

Version: 3.0.0
Check: dependencies in R code
Result: NOTE
    'library' or 'require' calls to packages already attached by Depends:
     ‘fastICA’ ‘mgcv’
     Please remove these calls from your code.
    See the information on DESCRIPTION files in the chapter ‘Creating R
    packages’ of the ‘Writing R Extensions’ manual.
Flavors: r-devel-linux-x86_64-debian-clang, r-devel-linux-x86_64-debian-gcc, r-devel-linux-x86_64-fedora-clang, r-devel-linux-x86_64-fedora-gcc, r-devel-osx-x86_64-clang, r-devel-osx-x86_64-gcc, r-devel-windows-ix86+x86_64, r-patched-linux-x86_64, r-patched-solaris-sparc, r-patched-solaris-x86, r-release-linux-ix86, r-release-linux-x86_64, r-release-osx-x86_64-mavericks, r-release-windows-ix86+x86_64, r-oldrel-windows-ix86+x86_64

Version: 3.0.0
Check: re-building of vignette outputs
Result: NOTE
    Error in re-building vignettes:
     ...
    Error in texi2dvi(file = file, pdf = TRUE, clean = clean, quiet = quiet, :
     Running 'texi2dvi' on 'vignette.tex' failed.
    LaTeX errors:
    ! LaTeX Error: File `apa6.cls' not found.
    
    Type X to quit or <RETURN> to proceed,
    or enter new name. (Default extension: cls)
    Calls: buildVignettes -> texi2pdf -> texi2dvi
    Execution halted
Flavor: r-release-osx-x86_64-mavericks

Version: 3.0.0
Check: PDF version of manual
Result: WARNING
    LaTeX errors when creating PDF version.
    This typically indicates Rd problems.
    LaTeX errors found:
    ! LaTeX Error: File `upquote.sty' not found.
    
    Type X to quit or <RETURN> to proceed,
    or enter new name. (Default extension: sty)
    
    6c2701fc/Rd2.tex:8: ==> Fatal error occurred, no output PDF file produced!
Flavor: r-release-osx-x86_64-mavericks

Version: 3.0.0
Check: whether package can be installed
Result: ERROR
    Installation failed.
    See ‘/Volumes/XT3/Builds/R-dev-web/QA/Simon/packages/snowleopard-x86_64/results/3.1/icaOcularCorrection.Rcheck/00install.out’ for details.
Flavor: r-release-osx-x86_64-snowleopard