CRAN Package Check Results for Package icaOcularCorrection

Last updated on 2015-01-26 03:52:26.

Flavor Version Tinstall Tcheck Ttotal Status Flags
r-devel-linux-x86_64-debian-clang 3.0.0 3.50 40.80 44.31 NOTE
r-devel-linux-x86_64-debian-gcc 3.0.0 3.43 39.45 42.88 NOTE
r-devel-linux-x86_64-fedora-clang 3.0.0 106.62 NOTE
r-devel-linux-x86_64-fedora-gcc 3.0.0 107.32 NOTE
r-devel-osx-x86_64-clang 3.0.0 92.29 NOTE
r-devel-windows-ix86+x86_64 3.0.0 12.00 56.00 68.00 NOTE
r-patched-linux-x86_64 3.0.0 3.84 44.49 48.32 NOTE
r-patched-solaris-sparc 3.0.0 568.10 NOTE
r-patched-solaris-x86 3.0.0 142.00 NOTE
r-release-linux-ix86 3.0.0 4.35 51.23 55.58 NOTE
r-release-linux-x86_64 3.0.0 3.79 45.14 48.93 NOTE
r-release-osx-x86_64-mavericks 3.0.0 NOTE
r-release-osx-x86_64-snowleopard 3.0.0 ERROR
r-release-windows-ix86+x86_64 3.0.0 10.00 69.00 79.00 NOTE
r-oldrel-windows-ix86+x86_64 3.0.0 9.00 63.00 72.00 NOTE

Check Details

Version: 3.0.0
Check: dependencies in R code
Result: NOTE
    'library' or 'require' calls to packages already attached by Depends:
     ‘fastICA’ ‘mgcv’
     Please remove these calls from your code.
    'library' or 'require' call to ‘wavethresh’ in package code.
     Please use :: or requireNamespace() instead.
     See section 'Suggested packages' in the 'Writing R Extensions' manual.
Flavors: r-devel-linux-x86_64-debian-clang, r-devel-linux-x86_64-debian-gcc, r-devel-linux-x86_64-fedora-clang, r-devel-linux-x86_64-fedora-gcc, r-devel-osx-x86_64-clang, r-devel-windows-ix86+x86_64

Version: 3.0.0
Check: S3 generic/method consistency
Result: NOTE
    Found the following apparent S3 methods exported but not registered:
     summary.icac update.icac
    See section ‘Registering S3 methods’ in the ‘Writing R Extensions’
    manual.
Flavors: r-devel-linux-x86_64-fedora-clang, r-devel-linux-x86_64-fedora-gcc, r-devel-osx-x86_64-clang

Version: 3.0.0
Check: dependencies in R code
Result: NOTE
    'library' or 'require' calls to packages already attached by Depends:
     ‘fastICA’ ‘mgcv’
     Please remove these calls from your code.
    See the information on DESCRIPTION files in the chapter ‘Creating R
    packages’ of the ‘Writing R Extensions’ manual.
Flavors: r-patched-linux-x86_64, r-patched-solaris-sparc, r-patched-solaris-x86, r-release-linux-ix86, r-release-linux-x86_64, r-release-osx-x86_64-mavericks, r-release-windows-ix86+x86_64, r-oldrel-windows-ix86+x86_64

Version: 3.0.0
Check: whether package can be installed
Result: ERROR
    Installation failed.
Flavor: r-release-osx-x86_64-snowleopard