CRAN Package Check Results for Package icaOcularCorrection

Last updated on 2015-05-22 19:48:07.

Flavor Version Tinstall Tcheck Ttotal Status Flags
r-devel-linux-x86_64-debian-clang 3.0.0 2.97 37.99 40.96 NOTE
r-devel-linux-x86_64-debian-gcc 3.0.0 2.88 36.74 39.62 NOTE
r-devel-linux-x86_64-fedora-clang 3.0.0 84.41 NOTE
r-devel-linux-x86_64-fedora-gcc 3.0.0 80.11 NOTE
r-devel-osx-x86_64-clang 3.0.0 73.78 NOTE
r-devel-windows-ix86+x86_64 3.0.0 12.00 57.00 69.00 NOTE
r-patched-linux-x86_64 3.0.0 2.88 37.24 40.13 NOTE
r-patched-solaris-sparc 3.0.0 458.10 NOTE
r-patched-solaris-x86 3.0.0 107.80 NOTE
r-release-linux-x86_64 3.0.0 3.00 37.56 40.55 NOTE
r-release-osx-x86_64-mavericks 3.0.0 NOTE
r-release-osx-x86_64-snowleopard 3.0.0 NOTE
r-release-windows-ix86+x86_64 3.0.0 9.00 54.00 63.00 NOTE
r-oldrel-windows-ix86+x86_64 3.0.0 10.00 71.00 81.00 NOTE

Check Details

Version: 3.0.0
Check: DESCRIPTION meta-information
Result: NOTE
    Malformed Title field: should not end in a period.
Flavors: r-devel-linux-x86_64-debian-clang, r-devel-linux-x86_64-debian-gcc, r-devel-linux-x86_64-fedora-clang, r-devel-linux-x86_64-fedora-gcc, r-devel-osx-x86_64-clang, r-devel-windows-ix86+x86_64, r-patched-linux-x86_64, r-patched-solaris-sparc, r-patched-solaris-x86, r-release-linux-x86_64, r-release-osx-x86_64-mavericks, r-release-osx-x86_64-snowleopard, r-release-windows-ix86+x86_64

Version: 3.0.0
Check: dependencies in R code
Result: NOTE
    'library' or 'require' calls to packages already attached by Depends:
     ‘fastICA’ ‘mgcv’
     Please remove these calls from your code.
    'library' or 'require' call to ‘wavethresh’ in package code.
     Please use :: or requireNamespace() instead.
     See section 'Suggested packages' in the 'Writing R Extensions' manual.
Flavors: r-devel-linux-x86_64-debian-clang, r-devel-linux-x86_64-debian-gcc, r-devel-linux-x86_64-fedora-clang, r-devel-linux-x86_64-fedora-gcc, r-devel-osx-x86_64-clang, r-devel-windows-ix86+x86_64, r-patched-linux-x86_64, r-patched-solaris-sparc, r-patched-solaris-x86, r-release-linux-x86_64, r-release-osx-x86_64-mavericks, r-release-osx-x86_64-snowleopard, r-release-windows-ix86+x86_64, r-oldrel-windows-ix86+x86_64

Version: 3.0.0
Check: S3 generic/method consistency
Result: NOTE
    Found the following apparent S3 methods exported but not registered:
     summary.icac update.icac
    See section ‘Registering S3 methods’ in the ‘Writing R Extensions’
    manual.
Flavors: r-devel-linux-x86_64-debian-clang, r-devel-linux-x86_64-debian-gcc, r-devel-linux-x86_64-fedora-clang, r-devel-linux-x86_64-fedora-gcc, r-devel-osx-x86_64-clang, r-patched-linux-x86_64, r-patched-solaris-sparc, r-patched-solaris-x86, r-release-linux-x86_64