CRAN Package Check Results for Package icaOcularCorrection

Last updated on 2014-09-17 18:46:53.

Flavor Version Tinstall Tcheck Ttotal Status Flags
r-devel-linux-x86_64-debian-clang 3.0.0 3.58 44.28 47.86 NOTE
r-devel-linux-x86_64-debian-gcc 3.0.0 3.48 42.01 45.48 NOTE
r-devel-linux-x86_64-fedora-clang 3.0.0 112.23 NOTE
r-devel-linux-x86_64-fedora-gcc 3.0.0 107.22 NOTE
r-devel-osx-x86_64-clang 3.0.0 88.69 NOTE
r-devel-windows-ix86+x86_64 3.0.0 10.00 56.00 66.00 NOTE
r-patched-linux-x86_64 3.0.0 3.81 43.78 47.59 NOTE
r-patched-solaris-sparc 3.0.0 588.90 NOTE
r-patched-solaris-x86 3.0.0 140.10 NOTE
r-release-linux-ix86 3.0.0 4.54 53.03 57.57 NOTE
r-release-linux-x86_64 3.0.0 3.83 45.33 49.16 NOTE
r-release-osx-x86_64-mavericks 3.0.0 NOTE
r-release-osx-x86_64-snowleopard 3.0.0 ERROR
r-release-windows-ix86+x86_64 3.0.0 10.00 66.00 76.00 NOTE
r-oldrel-windows-ix86+x86_64 3.0.0 10.00 61.00 71.00 NOTE

Check Details

Version: 3.0.0
Check: dependencies in R code
Result: NOTE
    'library' or 'require' calls to packages already attached by Depends:
     ‘fastICA’ ‘mgcv’
     Please remove these calls from your code.
    See the information on DESCRIPTION files in the chapter ‘Creating R
    packages’ of the ‘Writing R Extensions’ manual.
Flavors: r-devel-linux-x86_64-debian-clang, r-devel-linux-x86_64-debian-gcc, r-devel-linux-x86_64-fedora-clang, r-devel-linux-x86_64-fedora-gcc, r-devel-osx-x86_64-clang, r-devel-windows-ix86+x86_64, r-patched-linux-x86_64, r-patched-solaris-sparc, r-patched-solaris-x86, r-release-linux-ix86, r-release-linux-x86_64, r-release-osx-x86_64-mavericks, r-release-windows-ix86+x86_64, r-oldrel-windows-ix86+x86_64

Version: 3.0.0
Check: re-building of vignette outputs
Result: NOTE
    Error in re-building vignettes:
     ...
    Error in texi2dvi(file = file, pdf = TRUE, clean = clean, quiet = quiet, :
     Running 'texi2dvi' on 'vignette.tex' failed.
    LaTeX errors:
    ! LaTeX Error: File `apa6.cls' not found.
    
    Type X to quit or <RETURN> to proceed,
    or enter new name. (Default extension: cls)
    Calls: buildVignettes -> texi2pdf -> texi2dvi
    Execution halted
Flavor: r-release-osx-x86_64-mavericks

Version: 3.0.0
Check: whether package can be installed
Result: ERROR
    Installation failed.
Flavor: r-release-osx-x86_64-snowleopard