CRAN Package Check Results for Package icaOcularCorrection

Last updated on 2014-07-23 13:47:51.

Flavor Version Tinstall Tcheck Ttotal Status Flags
r-devel-linux-x86_64-debian-clang 3.0.0 3.90 42.48 46.38 NOTE
r-devel-linux-x86_64-debian-gcc 3.0.0 3.66 41.61 45.28 NOTE
r-devel-linux-x86_64-fedora-clang 3.0.0 116.99 NOTE
r-devel-linux-x86_64-fedora-gcc 3.0.0 112.32 NOTE
r-devel-osx-x86_64-clang 3.0.0 88.45 NOTE
r-devel-windows-ix86+x86_64 3.0.0 10.00 61.00 71.00 NOTE
r-patched-linux-x86_64 3.0.0 3.74 42.01 45.74 NOTE
r-patched-solaris-sparc 3.0.0 564.10 NOTE
r-patched-solaris-x86 3.0.0 147.90 NOTE
r-release-linux-ix86 3.0.0 4.74 52.19 56.92 NOTE
r-release-linux-x86_64 3.0.0 4.02 42.76 46.78 NOTE
r-release-osx-x86_64-mavericks 3.0.0 NOTE
r-release-osx-x86_64-snowleopard 3.0.0 ERROR
r-release-windows-ix86+x86_64 3.0.0 1.00 1.00 2.00 ERROR
r-oldrel-windows-ix86+x86_64 3.0.0 2.00 1.00 3.00 ERROR

Check Details

Version: 3.0.0
Check: dependencies in R code
Result: NOTE
    'library' or 'require' calls to packages already attached by Depends:
     ‘fastICA’ ‘mgcv’
     Please remove these calls from your code.
    See the information on DESCRIPTION files in the chapter ‘Creating R
    packages’ of the ‘Writing R Extensions’ manual.
Flavors: r-devel-linux-x86_64-debian-clang, r-devel-linux-x86_64-debian-gcc, r-devel-linux-x86_64-fedora-clang, r-devel-linux-x86_64-fedora-gcc, r-devel-osx-x86_64-clang, r-devel-windows-ix86+x86_64, r-patched-linux-x86_64, r-patched-solaris-sparc, r-patched-solaris-x86, r-release-linux-ix86, r-release-linux-x86_64, r-release-osx-x86_64-mavericks

Version: 3.0.0
Check: re-building of vignette outputs
Result: NOTE
    Error in re-building vignettes:
     ...
    Error in texi2dvi(file = file, pdf = TRUE, clean = clean, quiet = quiet, :
     Running 'texi2dvi' on 'vignette.tex' failed.
    LaTeX errors:
    ! LaTeX Error: File `apa6.cls' not found.
    
    Type X to quit or <RETURN> to proceed,
    or enter new name. (Default extension: cls)
    Calls: buildVignettes -> texi2pdf -> texi2dvi
    Execution halted
Flavor: r-release-osx-x86_64-mavericks

Version: 3.0.0
Check: whether package can be installed
Result: ERROR
    Installation failed.
    See ‘/Volumes/XT3/Builds/R-dev-web/QA/Simon/packages/snowleopard-x86_64/results/3.1/icaOcularCorrection.Rcheck/00install.out’ for details.
Flavor: r-release-osx-x86_64-snowleopard

Version: 3.0.0
Check: whether package can be installed
Result: ERROR
    Installation failed.
    See 'd:/Rcompile/CRANpkg/local/3.1/icaOcularCorrection.Rcheck/00install.out' for details.
Flavor: r-release-windows-ix86+x86_64

Version: 3.0.0
Check: whether package can be installed
Result: ERROR
    Installation failed.
    See 'd:/Rcompile/CRANpkg/local/3.0/icaOcularCorrection.Rcheck/00install.out' for details.
Flavor: r-oldrel-windows-ix86+x86_64