CRAN Package Check Results for Package icd.data

Last updated on 2019-03-23 01:51:48 CET.

Flavor Version Tinstall Tcheck Ttotal Status Flags
r-devel-linux-x86_64-debian-clang 1.0 57.19 31.90 89.09 OK
r-devel-linux-x86_64-debian-gcc 1.0 56.15 26.44 82.59 OK
r-devel-linux-x86_64-fedora-clang 1.0 121.33 NOTE
r-devel-linux-x86_64-fedora-gcc 1.0 121.35 NOTE
r-devel-windows-ix86+x86_64 1.0 101.00 57.00 158.00 OK
r-patched-linux-x86_64 1.0 57.54 30.31 87.85 OK
r-patched-solaris-x86 1.0 226.40 NOTE
r-release-linux-x86_64 1.0 55.04 30.16 85.20 OK
r-release-windows-ix86+x86_64 1.0 83.00 46.00 129.00 OK
r-release-osx-x86_64 1.0 NOTE
r-oldrel-windows-ix86+x86_64 1.0 95.00 60.00 155.00 OK
r-oldrel-osx-x86_64 1.0 NOTE

Check Details

Version: 1.0
Check: data for non-ASCII characters
Result: NOTE
     Note: found 55 marked UTF-8 strings
Flavors: r-devel-linux-x86_64-fedora-clang, r-devel-linux-x86_64-fedora-gcc, r-patched-solaris-x86, r-release-osx-x86_64, r-oldrel-osx-x86_64