CRAN Package Check Results for Package icertool

Last updated on 2022-12-02 06:51:16 CET.

Flavor Version Tinstall Tcheck Ttotal Status Flags
r-devel-linux-x86_64-debian-clang 0.0.3 3.18 25.30 28.48 OK
r-devel-linux-x86_64-debian-gcc 0.0.3 2.16 19.64 21.80 OK
r-devel-linux-x86_64-fedora-clang 0.0.3 46.11 NOTE
r-devel-linux-x86_64-fedora-gcc 0.0.3 45.58 NOTE
r-devel-windows-x86_64 0.0.3 16.00 58.00 74.00 OK
r-patched-linux-x86_64 0.0.3 2.27 24.22 26.49 OK
r-release-linux-x86_64 0.0.3 1.94 25.78 27.72 OK
r-release-macos-arm64 0.0.3 18.00 NOTE
r-release-macos-x86_64 0.0.3 24.00 NOTE
r-release-windows-x86_64 0.0.3 10.00 60.00 70.00 OK
r-oldrel-macos-arm64 0.0.3 18.00 NOTE
r-oldrel-macos-x86_64 0.0.3 22.00 NOTE
r-oldrel-windows-ix86+x86_64 0.0.3 9.00 49.00 58.00 OK

Check Details

Version: 0.0.3
Check: dependencies in R code
Result: NOTE
    Namespaces in Imports field not imported from:
     ‘digest’ ‘purrr’ ‘tidyverse’
     All declared Imports should be used.
Flavors: r-devel-linux-x86_64-fedora-clang, r-devel-linux-x86_64-fedora-gcc, r-release-macos-arm64, r-release-macos-x86_64, r-oldrel-macos-arm64, r-oldrel-macos-x86_64