CRAN Package Check Results for Package iconr

Last updated on 2021-04-15 03:49:26 CEST.

Flavor Version Tinstall Tcheck Ttotal Status Flags
r-devel-linux-x86_64-debian-clang 0.1.0 2.76 57.66 60.42 NOTE
r-devel-linux-x86_64-debian-gcc 0.1.0 2.55 37.14 39.69 NOTE
r-devel-linux-x86_64-fedora-clang 0.1.0 77.66 NOTE
r-devel-linux-x86_64-fedora-gcc 0.1.0 60.83 NOTE
r-devel-windows-ix86+x86_64 0.1.0 7.00 67.00 74.00 NOTE
r-devel-windows-x86_64-gcc10-UCRT 0.1.0 NOTE
r-patched-linux-x86_64 0.1.0 3.37 46.59 49.96 OK
r-patched-solaris-x86 0.1.0 91.10 NOTE
r-release-linux-x86_64 0.1.0 3.02 45.93 48.95 OK
r-release-macos-x86_64 0.1.0 OK
r-release-windows-ix86+x86_64 0.1.0 5.00 69.00 74.00 OK
r-oldrel-macos-x86_64 0.1.0 OK
r-oldrel-windows-ix86+x86_64 0.1.0 5.00 54.00 59.00 OK

Check Details

Version: 0.1.0
Check: LazyData
Result: NOTE
     'LazyData' is specified without a 'data' directory
Flavors: r-devel-linux-x86_64-debian-clang, r-devel-linux-x86_64-debian-gcc, r-devel-linux-x86_64-fedora-clang, r-devel-linux-x86_64-fedora-gcc, r-devel-windows-ix86+x86_64, r-devel-windows-x86_64-gcc10-UCRT

Version: 0.1.0
Check: installed package size
Result: NOTE
     installed size is 5.5Mb
     sub-directories of 1Mb or more:
     doc 2.8Mb
     help 1.9Mb
Flavor: r-patched-solaris-x86