CRAN Package Check Results for Package icosa

Last updated on 2019-07-24 04:46:19 CEST.

Flavor Version Tinstall Tcheck Ttotal Status Flags
r-devel-linux-x86_64-debian-clang 0.9.81 48.07 299.37 347.44 WARN
r-devel-linux-x86_64-debian-gcc 0.9.81 40.71 234.12 274.83 OK
r-devel-linux-x86_64-fedora-clang 0.9.81 449.01 WARN
r-devel-linux-x86_64-fedora-gcc 0.9.81 427.18 NOTE
r-devel-windows-ix86+x86_64 0.9.81 90.00 222.00 312.00 NOTE --no-vignettes
r-patched-linux-x86_64 0.9.81 47.66 294.07 341.73 OK
r-patched-solaris-x86 0.9.81 526.40 NOTE
r-release-linux-x86_64 0.9.81 46.87 293.47 340.34 OK
r-release-windows-ix86+x86_64 0.9.81 90.00 234.00 324.00 NOTE --no-vignettes
r-release-osx-x86_64 0.9.81 WARN
r-oldrel-windows-ix86+x86_64 0.9.81 112.00 151.00 263.00 NOTE --no-vignettes
r-oldrel-osx-x86_64 0.9.81 NOTE

Check Details

Version: 0.9.81
Check: whether package can be installed
Result: WARN
    Found the following significant warnings:
     RccpSource_.cpp:978:54: warning: explicitly assigning value of variable of type 'Rcpp::NumericVector' (aka 'Vector<14>') to itself [-Wself-assign-overloaded]
Flavors: r-devel-linux-x86_64-debian-clang, r-devel-linux-x86_64-fedora-clang

Version: 0.9.81
Check: installed package size
Result: NOTE
     installed size is 6.5Mb
     sub-directories of 1Mb or more:
     doc 1.9Mb
     extdata 1.4Mb
     libs 2.4Mb
Flavors: r-devel-linux-x86_64-fedora-clang, r-release-osx-x86_64, r-oldrel-osx-x86_64

Version: 0.9.81
Check: dependencies in R code
Result: NOTE
    Namespace in Imports field not imported from: ‘rgdal’
     All declared Imports should be used.
Flavors: r-devel-linux-x86_64-fedora-clang, r-devel-linux-x86_64-fedora-gcc, r-patched-solaris-x86, r-release-osx-x86_64, r-oldrel-osx-x86_64

Version: 0.9.81
Flags: --no-vignettes
Check: installed package size
Result: NOTE
     installed size is 5.9Mb
     sub-directories of 1Mb or more:
     doc 1.9Mb
     extdata 1.4Mb
     libs 1.9Mb
Flavors: r-devel-windows-ix86+x86_64, r-release-windows-ix86+x86_64, r-oldrel-windows-ix86+x86_64

Version: 0.9.81
Check: whether package can be installed
Result: WARN
    Found the following significant warnings:
     RccpSource_.cpp:978:54: warning: explicitly assigning value of variable of type 'Rcpp::NumericVector' (aka 'Vector<14>') to itself [-Wself-assign-overloaded]
     Warning: 'rgl_init' failed, running with rgl.useNULL = TRUE
Flavor: r-release-osx-x86_64