Last updated on 2022-05-25 14:52:54 CEST.
Flavor | Version | Tinstall | Tcheck | Ttotal | Status | Flags |
---|---|---|---|---|---|---|
r-devel-linux-x86_64-debian-clang | 0.10.1 | 57.44 | 114.33 | 171.77 | ERROR | |
r-devel-linux-x86_64-debian-gcc | 0.10.1 | 42.10 | 86.78 | 128.88 | ERROR | |
r-devel-linux-x86_64-fedora-clang | 0.10.1 | 644.93 | NOTE | |||
r-devel-linux-x86_64-fedora-gcc | 0.10.1 | 595.89 | NOTE | |||
r-devel-windows-x86_64 | 0.10.1 | 80.00 | 134.00 | 214.00 | OK | --no-vignettes |
r-patched-linux-x86_64 | 0.10.1 | 44.72 | 107.67 | 152.39 | ERROR | |
r-release-linux-x86_64 | 0.10.1 | ERROR | ||||
r-release-macos-arm64 | 0.10.1 | 233.00 | WARN | |||
r-release-macos-x86_64 | 0.10.1 | 218.00 | WARN | |||
r-release-windows-x86_64 | 0.10.1 | 113.00 | 134.00 | 247.00 | OK | --no-vignettes |
r-oldrel-macos-arm64 | 0.10.1 | 111.00 | OK | |||
r-oldrel-macos-x86_64 | 0.10.1 | 200.00 | OK | |||
r-oldrel-windows-ix86+x86_64 | 0.10.1 | 116.00 | 174.00 | 290.00 | OK | --no-vignettes |
Version: 0.10.1
Check: re-building of vignette outputs
Result: ERROR
Error(s) in re-building vignettes:
...
--- re-building 'icosa.Rmd' using rmarkdown
Error: processing vignette 'icosa.Rmd' failed with diagnostics:
Invalid path to Chrome
--- failed re-building 'icosa.Rmd'
SUMMARY: processing the following file failed:
'icosa.Rmd'
Error: Vignette re-building failed.
Execution halted
Flavors: r-devel-linux-x86_64-debian-clang, r-devel-linux-x86_64-debian-gcc, r-patched-linux-x86_64, r-release-linux-x86_64
Version: 0.10.1
Check: for detritus in the temp directory
Result: NOTE
Found the following files/directories:
‘Crashpad’
Flavors: r-devel-linux-x86_64-fedora-clang, r-devel-linux-x86_64-fedora-gcc
Version: 0.10.1
Check: for missing documentation entries
Result: WARN
Undocumented S4 methods:
generic 'values<-' and siglist 'gridlayer,ANY'
All user-level objects in a package (including S4 classes and methods)
should have documentation entries.
See chapter ‘Writing R documentation files’ in the ‘Writing R
Extensions’ manual.
Flavors: r-release-macos-arm64, r-release-macos-x86_64