CRAN Package Check Results for Package idealstan

Last updated on 2019-08-20 22:47:18 CEST.

Flavor Version Tinstall Tcheck Ttotal Status Flags
r-devel-linux-x86_64-debian-clang 0.7.2 411.83 99.60 511.43 NOTE
r-devel-linux-x86_64-debian-gcc 0.7.2 382.58 88.54 471.12 NOTE
r-devel-linux-x86_64-fedora-clang 0.7.2 720.21 WARN
r-devel-linux-x86_64-fedora-gcc 0.7.2 808.85 NOTE
r-devel-windows-ix86+x86_64 0.7.2 839.00 301.00 1140.00 NOTE
r-patched-linux-x86_64 0.7.2 402.27 111.06 513.33 NOTE
r-patched-solaris-x86 0.7.2 697.10 NOTE
r-release-linux-x86_64 0.7.2 389.79 110.44 500.23 NOTE
r-release-windows-ix86+x86_64 0.7.2 575.00 179.00 754.00 NOTE
r-release-osx-x86_64 0.7.2 NOTE
r-oldrel-windows-ix86+x86_64 0.7.2 818.00 248.00 1066.00 NOTE
r-oldrel-osx-x86_64 0.7.2 NOTE

Check Details

Version: 0.7.2
Check: for GNU extensions in Makefiles
Result: NOTE
    GNU make is a SystemRequirements.
Flavors: r-devel-linux-x86_64-debian-clang, r-devel-linux-x86_64-debian-gcc, r-devel-linux-x86_64-fedora-clang, r-devel-linux-x86_64-fedora-gcc, r-devel-windows-ix86+x86_64, r-patched-linux-x86_64, r-patched-solaris-x86, r-release-linux-x86_64, r-release-windows-ix86+x86_64, r-release-osx-x86_64, r-oldrel-windows-ix86+x86_64, r-oldrel-osx-x86_64

Version: 0.7.2
Check: whether package can be installed
Result: WARN
    Found the following significant warnings:
     /data/gannet/ripley/R/test-clang/StanHeaders/include/stan/math/prim/mat/err/is_lower_triangular.hpp:25:27: warning: 'ptr_fun<double, double>' is deprecated [-Wdeprecated-declarations]
Flavor: r-devel-linux-x86_64-fedora-clang

Version: 0.7.2
Check: installed package size
Result: NOTE
     installed size is 75.0Mb
     sub-directories of 1Mb or more:
     doc 1.1Mb
     libs 73.2Mb
Flavors: r-devel-linux-x86_64-fedora-clang, r-devel-windows-ix86+x86_64, r-patched-solaris-x86, r-release-windows-ix86+x86_64, r-release-osx-x86_64, r-oldrel-windows-ix86+x86_64, r-oldrel-osx-x86_64