CRAN Package Check Results for Package idealstan

Last updated on 2019-05-23 08:51:03 CEST.

Flavor Version Tinstall Tcheck Ttotal Status Flags
r-devel-linux-x86_64-debian-clang 0.7.1 400.25 96.65 496.90 NOTE
r-devel-linux-x86_64-debian-gcc 0.7.1 370.39 86.80 457.19 NOTE
r-devel-linux-x86_64-fedora-clang 0.7.1 802.74 NOTE
r-devel-linux-x86_64-fedora-gcc 0.7.1 686.63 NOTE
r-devel-windows-ix86+x86_64 0.7.1 595.00 259.00 854.00 NOTE
r-patched-linux-x86_64 0.7.1 413.45 108.36 521.81 NOTE
r-patched-solaris-x86 0.7.1 630.30 NOTE
r-release-linux-x86_64 0.7.1 405.24 106.70 511.94 NOTE
r-release-windows-ix86+x86_64 0.7.1 861.00 189.00 1050.00 NOTE
r-release-osx-x86_64 0.7.1 NOTE
r-oldrel-windows-ix86+x86_64 0.7.1 615.00 177.00 792.00 NOTE
r-oldrel-osx-x86_64 0.7.1 NOTE

Check Details

Version: 0.7.1
Check: for GNU extensions in Makefiles
Result: NOTE
    GNU make is a SystemRequirements.
Flavors: r-devel-linux-x86_64-debian-clang, r-devel-linux-x86_64-debian-gcc, r-devel-linux-x86_64-fedora-clang, r-devel-linux-x86_64-fedora-gcc, r-devel-windows-ix86+x86_64, r-patched-linux-x86_64, r-patched-solaris-x86, r-release-linux-x86_64, r-release-windows-ix86+x86_64, r-release-osx-x86_64, r-oldrel-windows-ix86+x86_64, r-oldrel-osx-x86_64

Version: 0.7.1
Check: installed package size
Result: NOTE
     installed size is 64.8Mb
     sub-directories of 1Mb or more:
     libs 63.7Mb
Flavors: r-devel-linux-x86_64-fedora-clang, r-devel-windows-ix86+x86_64, r-patched-solaris-x86, r-release-windows-ix86+x86_64, r-release-osx-x86_64, r-oldrel-windows-ix86+x86_64, r-oldrel-osx-x86_64