CRAN Package Check Results for Package idefix

Last updated on 2022-01-16 20:48:24 CET.

Flavor Version Tinstall Tcheck Ttotal Status Flags
r-devel-linux-x86_64-debian-clang 1.0.1 39.16 71.33 110.49 OK
r-devel-linux-x86_64-debian-gcc 1.0.1 32.40 54.43 86.83 OK
r-devel-linux-x86_64-fedora-clang 1.0.1 159.06 NOTE
r-devel-linux-x86_64-fedora-gcc 1.0.1 137.67 OK
r-devel-windows-x86_64-new-UL 1.0.1 60.00 115.00 175.00 OK
r-devel-windows-x86_64-new-TK 1.0.1 OK
r-patched-linux-x86_64 1.0.1 40.71 69.51 110.22 OK
r-release-linux-x86_64 1.0.1 OK
r-release-macos-arm64 1.0.1 OK
r-release-macos-x86_64 1.0.1 OK
r-release-windows-ix86+x86_64 1.0.1 113.00 137.00 250.00 OK
r-oldrel-macos-x86_64 1.0.1 OK
r-oldrel-windows-ix86+x86_64 1.0.1 110.00 128.00 238.00 OK

Check Details

Version: 1.0.1
Check: Rd cross-references
Result: NOTE
    Undeclared packages ‘bayesm’, ‘ChoiceModelR’, ‘RSGHB’ in Rd xrefs
Flavor: r-devel-linux-x86_64-fedora-clang