CRAN Package Check Results for Package idendr0

Last updated on 2021-01-22 03:50:39 CET.

Flavor Version Tinstall Tcheck Ttotal Status Flags
r-devel-linux-x86_64-debian-clang 1.5.3 6.81 40.88 47.69 NOTE
r-devel-linux-x86_64-debian-gcc 1.5.3 4.59 31.72 36.31 NOTE
r-devel-linux-x86_64-fedora-clang 1.5.3 68.00 NOTE
r-devel-linux-x86_64-fedora-gcc 1.5.3 57.08 NOTE
r-devel-windows-ix86+x86_64 1.5.3 9.00 48.00 57.00 OK
r-patched-linux-x86_64 1.5.3 5.94 38.58 44.52 NOTE
r-patched-solaris-x86 1.5.3 73.50 NOTE
r-release-linux-x86_64 1.5.3 6.57 39.24 45.81 NOTE
r-release-macos-x86_64 1.5.3 NOTE
r-release-windows-ix86+x86_64 1.5.3 7.00 50.00 57.00 OK
r-oldrel-macos-x86_64 1.5.3 NOTE
r-oldrel-windows-ix86+x86_64 1.5.3 5.00 36.00 41.00 OK

Check Details

Version: 1.5.3
Check: package dependencies
Result: NOTE
    Package suggested but not available for checking: 'rggobi'
Flavors: r-devel-linux-x86_64-debian-clang, r-devel-linux-x86_64-debian-gcc, r-devel-linux-x86_64-fedora-clang, r-devel-linux-x86_64-fedora-gcc, r-patched-linux-x86_64, r-patched-solaris-x86, r-release-linux-x86_64, r-release-macos-x86_64, r-oldrel-macos-x86_64