CRAN Package Check Results for Package idmc

Last updated on 2025-01-24 08:49:51 CET.

Flavor Version Tinstall Tcheck Ttotal Status Flags
r-devel-linux-x86_64-debian-clang 0.3.1 3.91 35.06 38.97 NOTE
r-devel-linux-x86_64-debian-gcc 0.3.1 2.97 26.52 29.49 NOTE
r-devel-linux-x86_64-fedora-clang 0.3.1 63.93 OK
r-devel-linux-x86_64-fedora-gcc 0.3.1 72.64 OK
r-devel-windows-x86_64 0.3.1 6.00 55.00 61.00 OK
r-patched-linux-x86_64 0.3.1 3.13 33.32 36.45 OK
r-release-linux-x86_64 0.3.1 2.65 33.42 36.07 OK
r-release-macos-arm64 0.3.1 29.00 OK
r-release-macos-x86_64 0.3.1 46.00 OK
r-release-windows-x86_64 0.3.1 5.00 54.00 59.00 OK
r-oldrel-macos-arm64 0.3.1 31.00 OK
r-oldrel-macos-x86_64 0.3.1 54.00 OK
r-oldrel-windows-x86_64 0.3.1 7.00 57.00 64.00 OK

Check Details

Version: 0.3.1
Check: DESCRIPTION meta-information
Result: NOTE Missing dependency on R >= 4.1.0 because package code uses the pipe |> or function shorthand \(...) syntax added in R 4.1.0. File(s) using such syntax: ‘idmc_transform_daily.R’ Flavors: r-devel-linux-x86_64-debian-clang, r-devel-linux-x86_64-debian-gcc