CRAN Package Check Results for Package idmc

Last updated on 2024-02-28 17:48:29 CET.

Flavor Version Tinstall Tcheck Ttotal Status Flags
r-devel-linux-x86_64-debian-clang 0.3.0 5.01 43.09 48.10 OK
r-devel-linux-x86_64-debian-gcc 0.3.0 3.96 32.98 36.94 OK
r-devel-linux-x86_64-fedora-clang 0.3.0 60.35 NOTE
r-devel-linux-x86_64-fedora-gcc 0.3.0 71.27 OK
r-devel-windows-x86_64 0.3.0 5.00 54.00 59.00 OK
r-patched-linux-x86_64 0.3.0 4.99 42.00 46.99 OK
r-release-linux-x86_64 0.3.0 3.05 41.54 44.59 OK
r-release-macos-arm64 0.3.0 30.00 OK
r-release-macos-x86_64 0.3.0 49.00 OK
r-release-windows-x86_64 0.3.0 7.00 58.00 65.00 OK
r-oldrel-macos-arm64 0.3.0 25.00 OK
r-oldrel-windows-x86_64 0.3.0 8.00 61.00 69.00 OK

Check Details

Version: 0.3.0
Check: Rd cross-references
Result: NOTE Undeclared package ‘tibble’ in Rd xrefs Flavor: r-devel-linux-x86_64-fedora-clang