CRAN Package Check Results for Package idr

Last updated on 2017-10-19 01:46:18.

Flavor Version Tinstall Tcheck Ttotal Status Flags
r-devel-linux-x86_64-debian-clang 1.2 0.62 11.95 12.57 NOTE
r-devel-linux-x86_64-debian-gcc 1.2 0.84 12.64 13.48 NOTE
r-devel-linux-x86_64-fedora-clang 1.2 21.98 NOTE
r-devel-linux-x86_64-fedora-gcc 1.2 21.11 NOTE
r-devel-windows-ix86+x86_64 1.2 2.00 28.00 30.00 NOTE
r-patched-linux-x86_64 1.2 0.70 11.91 12.61 NOTE
r-patched-solaris-x86 1.2 30.70 NOTE
r-release-linux-x86_64 1.2 0.66 11.79 12.44 NOTE
r-release-windows-ix86+x86_64 1.2 3.00 27.00 30.00 NOTE
r-release-osx-x86_64 1.2 NOTE
r-oldrel-windows-ix86+x86_64 1.2 2.00 25.00 27.00 NOTE
r-oldrel-osx-x86_64 1.2 NOTE

Check Details

Version: 1.2
Check: DESCRIPTION meta-information
Result: NOTE
    Malformed Description field: should contain one or more complete sentences.
Flavors: r-devel-linux-x86_64-debian-clang, r-devel-linux-x86_64-debian-gcc, r-devel-linux-x86_64-fedora-clang, r-devel-linux-x86_64-fedora-gcc, r-devel-windows-ix86+x86_64, r-patched-linux-x86_64, r-patched-solaris-x86, r-release-linux-x86_64, r-release-windows-ix86+x86_64, r-release-osx-x86_64, r-oldrel-windows-ix86+x86_64, r-oldrel-osx-x86_64

Version: 1.2
Check: R code for possible problems
Result: NOTE
    comp.uri: no visible global function definition for ‘quantile’
    est.IDR: no visible global function definition for ‘ecdf’
    get.pseudo.mix: no visible global function definition for ‘pnorm’
    get.uri.2d: no visible global function definition for ‘smooth.spline’
    get.uri.2d: no visible global function definition for ‘predict’
    Undefined global functions or variables:
     ecdf pnorm predict quantile smooth.spline
    Consider adding
     importFrom("stats", "ecdf", "pnorm", "predict", "quantile",
     "smooth.spline")
    to your NAMESPACE file.
Flavors: r-devel-linux-x86_64-debian-clang, r-devel-linux-x86_64-debian-gcc, r-devel-linux-x86_64-fedora-clang, r-devel-linux-x86_64-fedora-gcc, r-devel-windows-ix86+x86_64, r-patched-linux-x86_64, r-patched-solaris-x86, r-release-linux-x86_64, r-release-windows-ix86+x86_64, r-release-osx-x86_64, r-oldrel-windows-ix86+x86_64, r-oldrel-osx-x86_64