CRAN Package Check Results for Package idr

Last updated on 2016-12-06 13:48:34.

Flavor Version Tinstall Tcheck Ttotal Status Flags
r-devel-linux-x86_64-debian-clang 1.2 0.67 12.51 13.19 NOTE
r-devel-linux-x86_64-debian-gcc 1.2 0.69 11.33 12.01 NOTE
r-devel-linux-x86_64-fedora-clang 1.2 21.75 NOTE --no-stop-on-test-error
r-devel-linux-x86_64-fedora-gcc 1.2 20.18 NOTE --no-stop-on-test-error
r-devel-macos-x86_64-clang 1.2 18.92 NOTE
r-devel-windows-ix86+x86_64 1.2 3.00 37.00 40.00 NOTE
r-patched-linux-x86_64 1.2 0.61 10.35 10.95 NOTE
r-patched-solaris-sparc 1.2 118.90 NOTE
r-patched-solaris-x86 1.2 26.50 NOTE
r-release-linux-x86_64 1.2 0.67 10.09 10.76 NOTE
r-release-osx-x86_64-mavericks 1.2 NOTE
r-release-windows-ix86+x86_64 1.2 2.00 25.00 27.00 NOTE
r-oldrel-windows-ix86+x86_64 1.2 2.00 25.00 27.00 NOTE

Check Details

Version: 1.2
Check: DESCRIPTION meta-information
Result: NOTE
    Malformed Description field: should contain one or more complete sentences.
Flavors: r-devel-linux-x86_64-debian-clang, r-devel-linux-x86_64-debian-gcc, r-devel-macos-x86_64-clang, r-devel-windows-ix86+x86_64, r-patched-linux-x86_64, r-patched-solaris-sparc, r-patched-solaris-x86, r-release-linux-x86_64, r-release-osx-x86_64-mavericks, r-release-windows-ix86+x86_64, r-oldrel-windows-ix86+x86_64

Version: 1.2
Check: R code for possible problems
Result: NOTE
    comp.uri: no visible global function definition for ‘quantile’
    est.IDR: no visible global function definition for ‘ecdf’
    get.pseudo.mix: no visible global function definition for ‘pnorm’
    get.uri.2d: no visible global function definition for ‘smooth.spline’
    get.uri.2d: no visible global function definition for ‘predict’
    Undefined global functions or variables:
     ecdf pnorm predict quantile smooth.spline
    Consider adding
     importFrom("stats", "ecdf", "pnorm", "predict", "quantile",
     "smooth.spline")
    to your NAMESPACE file.
Flavors: r-devel-linux-x86_64-debian-clang, r-devel-linux-x86_64-debian-gcc, r-devel-macos-x86_64-clang, r-devel-windows-ix86+x86_64, r-patched-linux-x86_64, r-patched-solaris-sparc, r-patched-solaris-x86, r-release-linux-x86_64, r-release-osx-x86_64-mavericks, r-release-windows-ix86+x86_64

Version: 1.2
Flags: --no-stop-on-test-error
Check: DESCRIPTION meta-information
Result: NOTE
    Malformed Description field: should contain one or more complete sentences.
Flavors: r-devel-linux-x86_64-fedora-clang, r-devel-linux-x86_64-fedora-gcc

Version: 1.2
Flags: --no-stop-on-test-error
Check: R code for possible problems
Result: NOTE
    comp.uri: no visible global function definition for ‘quantile’
    est.IDR: no visible global function definition for ‘ecdf’
    get.pseudo.mix: no visible global function definition for ‘pnorm’
    get.uri.2d: no visible global function definition for ‘smooth.spline’
    get.uri.2d: no visible global function definition for ‘predict’
    Undefined global functions or variables:
     ecdf pnorm predict quantile smooth.spline
    Consider adding
     importFrom("stats", "ecdf", "pnorm", "predict", "quantile",
     "smooth.spline")
    to your NAMESPACE file.
Flavors: r-devel-linux-x86_64-fedora-clang, r-devel-linux-x86_64-fedora-gcc