CRAN Package Check Results for Package idr

Last updated on 2015-03-26 23:47:45.

Flavor Version Tinstall Tcheck Ttotal Status Flags
r-devel-linux-x86_64-debian-clang 1.2 0.63 10.40 11.03 NOTE
r-devel-linux-x86_64-debian-gcc 1.2 0.66 10.16 10.82 NOTE
r-devel-linux-x86_64-fedora-clang 1.2 21.05 NOTE
r-devel-linux-x86_64-fedora-gcc 1.2 19.84 NOTE
r-devel-osx-x86_64-clang 1.2 27.81 NOTE
r-prerel-windows-ix86+x86_64 1.2 3.00 18.00 21.00 NOTE
r-prerel-linux-x86_64 1.2 0.74 10.46 11.20 NOTE
r-prerel-solaris-sparc 1.2 126.60 NOTE
r-prerel-solaris-x86 1.2 28.70 NOTE
r-release-linux-x86_64 1.2 0.92 11.12 12.04 OK
r-release-osx-x86_64-mavericks 1.2 OK
r-release-osx-x86_64-snowleopard 1.2 OK
r-release-windows-ix86+x86_64 1.2 4.00 19.00 23.00 OK
r-oldrel-windows-ix86+x86_64 1.2 3.00 21.00 24.00 OK

Check Details

Version: 1.2
Check: DESCRIPTION meta-information
Result: NOTE
    Malformed Description field: should contain one or more complete sentences.
Flavors: r-devel-linux-x86_64-debian-clang, r-devel-linux-x86_64-debian-gcc, r-devel-linux-x86_64-fedora-clang, r-devel-linux-x86_64-fedora-gcc, r-devel-osx-x86_64-clang, r-prerel-windows-ix86+x86_64, r-prerel-linux-x86_64, r-prerel-solaris-sparc, r-prerel-solaris-x86