CRAN Package Check Results for Package idr

Last updated on 2015-08-01 23:47:18.

Flavor Version Tinstall Tcheck Ttotal Status Flags
r-devel-linux-x86_64-debian-clang 1.2 0.62 9.72 10.34 NOTE
r-devel-linux-x86_64-debian-gcc 1.2 0.60 9.71 10.31 NOTE
r-devel-linux-x86_64-fedora-clang 1.2 20.49 NOTE
r-devel-linux-x86_64-fedora-gcc 1.2 18.97 NOTE
r-devel-osx-x86_64-clang 1.2 20.01 NOTE
r-devel-windows-ix86+x86_64 1.2 3.00 31.00 34.00 NOTE
r-patched-linux-x86_64 1.2 0.79 10.32 11.11 NOTE
r-patched-solaris-sparc 1.2 131.00 NOTE
r-patched-solaris-x86 1.2 29.80 NOTE
r-release-linux-x86_64 1.2 0.65 10.26 10.91 NOTE
r-release-osx-x86_64-mavericks 1.2 NOTE
r-release-windows-ix86+x86_64 1.2 3.00 17.00 20.00 NOTE
r-oldrel-windows-ix86+x86_64 1.2 4.00 19.00 23.00 OK

Check Details

Version: 1.2
Check: DESCRIPTION meta-information
Result: NOTE
    Malformed Description field: should contain one or more complete sentences.
Flavors: r-devel-linux-x86_64-debian-clang, r-devel-linux-x86_64-debian-gcc, r-devel-linux-x86_64-fedora-clang, r-devel-linux-x86_64-fedora-gcc, r-devel-osx-x86_64-clang, r-devel-windows-ix86+x86_64, r-patched-linux-x86_64, r-patched-solaris-sparc, r-patched-solaris-x86, r-release-linux-x86_64, r-release-osx-x86_64-mavericks, r-release-windows-ix86+x86_64

Version: 1.2
Check: R code for possible problems
Result: NOTE
    comp.uri: no visible global function definition for ‘quantile’
    est.IDR: no visible global function definition for ‘ecdf’
    get.pseudo.mix: no visible global function definition for ‘pnorm’
    get.uri.2d: no visible global function definition for ‘smooth.spline’
    get.uri.2d: no visible global function definition for ‘predict’
    Undefined global functions or variables:
     ecdf pnorm predict quantile smooth.spline
    Consider adding
     importFrom("stats", "ecdf", "pnorm", "predict", "quantile",
     "smooth.spline")
    to your NAMESPACE.
Flavors: r-devel-linux-x86_64-debian-clang, r-devel-linux-x86_64-debian-gcc, r-devel-linux-x86_64-fedora-clang, r-devel-linux-x86_64-fedora-gcc, r-devel-windows-ix86+x86_64