CRAN Package Check Results for Package idr

Last updated on 2015-05-28 17:47:50.

Flavor Version Tinstall Tcheck Ttotal Status Flags
r-devel-linux-x86_64-debian-clang 1.2 0.63 10.24 10.87 NOTE
r-devel-linux-x86_64-debian-gcc 1.2 0.62 10.18 10.80 NOTE
r-devel-linux-x86_64-fedora-clang 1.2 21.21 NOTE
r-devel-linux-x86_64-fedora-gcc 1.2 20.67 NOTE
r-devel-osx-x86_64-clang 1.2 24.10 NOTE
r-devel-windows-ix86+x86_64 1.2 3.00 18.00 21.00 NOTE
r-patched-linux-x86_64 1.2 0.58 10.46 11.04 NOTE
r-patched-solaris-sparc 1.2 125.10 NOTE
r-patched-solaris-x86 1.2 29.50 NOTE
r-release-linux-x86_64 1.2 0.58 10.36 10.94 NOTE
r-release-osx-x86_64-mavericks 1.2 NOTE
r-release-osx-x86_64-snowleopard 1.2 NOTE
r-release-windows-ix86+x86_64 1.2 2.00 19.00 21.00 NOTE
r-oldrel-windows-ix86+x86_64 1.2 4.00 19.00 23.00 OK

Check Details

Version: 1.2
Check: DESCRIPTION meta-information
Result: NOTE
    Malformed Description field: should contain one or more complete sentences.
Flavors: r-devel-linux-x86_64-debian-clang, r-devel-linux-x86_64-debian-gcc, r-devel-linux-x86_64-fedora-clang, r-devel-linux-x86_64-fedora-gcc, r-devel-osx-x86_64-clang, r-devel-windows-ix86+x86_64, r-patched-linux-x86_64, r-patched-solaris-sparc, r-patched-solaris-x86, r-release-linux-x86_64, r-release-osx-x86_64-mavericks, r-release-osx-x86_64-snowleopard, r-release-windows-ix86+x86_64