CRAN Package Check Results for Package idr

Last updated on 2015-04-25 15:46:15.

Flavor Version Tinstall Tcheck Ttotal Status Flags
r-devel-linux-x86_64-debian-clang 1.2 0.63 10.34 10.98 NOTE
r-devel-linux-x86_64-debian-gcc 1.2 0.87 10.17 11.04 NOTE
r-devel-linux-x86_64-fedora-clang 1.2 21.25 NOTE
r-devel-linux-x86_64-fedora-gcc 1.2 19.82 NOTE
r-devel-osx-x86_64-clang 1.2 23.98 NOTE
r-devel-windows-ix86+x86_64 1.2 2.00 19.00 21.00 NOTE
r-patched-linux-x86_64 1.2 0.59 10.84 11.44 NOTE
r-patched-solaris-sparc 1.2 126.60 NOTE
r-patched-solaris-x86 1.2 29.30 NOTE
r-release-linux-x86_64 1.2 0.59 10.41 11.00 NOTE
r-release-osx-x86_64-mavericks 1.2 NOTE
r-release-osx-x86_64-snowleopard 1.2 NOTE
r-release-windows-ix86+x86_64 1.2 2.00 19.00 21.00 NOTE
r-oldrel-windows-ix86+x86_64 1.2 4.00 19.00 23.00 OK

Check Details

Version: 1.2
Check: DESCRIPTION meta-information
Result: NOTE
    Malformed Description field: should contain one or more complete sentences.
Flavors: r-devel-windows-ix86+x86_64, r-release-windows-ix86+x86_64