CRAN Package Check Results for Package iemiscdata

Last updated on 2018-09-22 05:49:01 CEST.

Flavor Version Tinstall Tcheck Ttotal Status Flags
r-devel-linux-x86_64-debian-clang 0.6.1 1.30 22.57 23.87 NOTE
r-devel-linux-x86_64-debian-gcc 0.6.1 0.93 18.46 19.39 NOTE
r-devel-linux-x86_64-fedora-clang 0.6.1 28.73 NOTE
r-devel-linux-x86_64-fedora-gcc 0.6.1 27.52 NOTE
r-devel-windows-ix86+x86_64 0.6.1 6.00 47.00 53.00 NOTE
r-patched-linux-x86_64 0.6.1 0.96 21.03 21.99 NOTE
r-patched-solaris-x86 0.6.1 38.80 NOTE
r-release-linux-x86_64 0.6.1 1.00 21.18 22.18 NOTE
r-release-windows-ix86+x86_64 0.6.1 3.00 49.00 52.00 NOTE
r-release-osx-x86_64 0.6.1 NOTE
r-oldrel-windows-ix86+x86_64 0.6.1 3.00 50.00 53.00 OK
r-oldrel-osx-x86_64 0.6.1 NOTE

Check Details

Version: 0.6.1
Check: package dependencies
Result: NOTE
    Package suggested but not available for checking: ‘ie2miscdata’
Flavors: r-devel-linux-x86_64-debian-clang, r-devel-linux-x86_64-debian-gcc, r-devel-linux-x86_64-fedora-clang, r-devel-linux-x86_64-fedora-gcc, r-devel-windows-ix86+x86_64, r-patched-linux-x86_64, r-patched-solaris-x86, r-release-linux-x86_64, r-release-windows-ix86+x86_64, r-release-osx-x86_64

Version: 0.6.1
Check: data for non-ASCII characters
Result: NOTE
     Note: found 1 marked UTF-8 string
Flavors: r-devel-linux-x86_64-fedora-clang, r-devel-linux-x86_64-fedora-gcc, r-patched-solaris-x86, r-release-osx-x86_64, r-oldrel-osx-x86_64