CRAN Package Check Results for Package iemiscdata

Last updated on 2018-11-21 08:48:41 CET.

Flavor Version Tinstall Tcheck Ttotal Status Flags
r-devel-linux-x86_64-debian-clang 0.6.1 1.23 22.08 23.31 NOTE
r-devel-linux-x86_64-debian-gcc 0.6.1 0.81 18.05 18.86 NOTE
r-devel-linux-x86_64-fedora-clang 0.6.1 27.84 NOTE
r-devel-linux-x86_64-fedora-gcc 0.6.1 27.24 NOTE
r-devel-windows-ix86+x86_64 0.6.1 7.00 36.00 43.00 NOTE
r-patched-linux-x86_64 0.6.1 1.21 21.34 22.55 NOTE
r-patched-solaris-x86 0.6.1 40.80 NOTE
r-release-linux-x86_64 0.6.1 1.24 21.26 22.50 NOTE
r-release-windows-ix86+x86_64 0.6.1 3.00 53.00 56.00 NOTE
r-release-osx-x86_64 0.6.1 NOTE
r-oldrel-windows-ix86+x86_64 0.6.1 6.00 59.00 65.00 OK
r-oldrel-osx-x86_64 0.6.1 NOTE

Check Details

Version: 0.6.1
Check: package dependencies
Result: NOTE
    Package suggested but not available for checking: ‘ie2miscdata’
Flavors: r-devel-linux-x86_64-debian-clang, r-devel-linux-x86_64-debian-gcc, r-devel-linux-x86_64-fedora-clang, r-devel-linux-x86_64-fedora-gcc, r-devel-windows-ix86+x86_64, r-patched-linux-x86_64, r-patched-solaris-x86, r-release-linux-x86_64, r-release-windows-ix86+x86_64, r-release-osx-x86_64

Version: 0.6.1
Check: data for non-ASCII characters
Result: NOTE
     Note: found 1 marked UTF-8 string
Flavors: r-devel-linux-x86_64-fedora-clang, r-devel-linux-x86_64-fedora-gcc, r-patched-solaris-x86, r-release-osx-x86_64, r-oldrel-osx-x86_64