CRAN Package Check Results for Package iemiscdata

Last updated on 2019-07-23 15:47:57 CEST.

Flavor Version Tinstall Tcheck Ttotal Status Flags
r-devel-linux-x86_64-debian-clang 0.6.1 1.87 23.72 25.59 NOTE
r-devel-linux-x86_64-debian-gcc 0.6.1 1.38 19.12 20.50 NOTE
r-devel-linux-x86_64-fedora-clang 0.6.1 30.82 NOTE
r-devel-linux-x86_64-fedora-gcc 0.6.1 29.97 NOTE
r-devel-windows-ix86+x86_64 0.6.1 6.00 60.00 66.00 NOTE
r-patched-linux-x86_64 0.6.1 1.71 23.42 25.13 NOTE
r-patched-solaris-x86 0.6.1 47.40 NOTE
r-release-linux-x86_64 0.6.1 1.91 23.55 25.46 NOTE
r-release-windows-ix86+x86_64 0.6.1 5.00 38.00 43.00 NOTE
r-release-osx-x86_64 0.6.1 NOTE
r-oldrel-windows-ix86+x86_64 0.6.1 5.00 52.00 57.00 NOTE
r-oldrel-osx-x86_64 0.6.1 NOTE

Check Details

Version: 0.6.1
Check: package dependencies
Result: NOTE
    Package suggested but not available for checking: 'ie2miscdata'
Flavors: r-devel-linux-x86_64-debian-clang, r-devel-linux-x86_64-debian-gcc, r-devel-linux-x86_64-fedora-clang, r-devel-linux-x86_64-fedora-gcc, r-devel-windows-ix86+x86_64, r-patched-linux-x86_64, r-patched-solaris-x86, r-release-linux-x86_64, r-release-windows-ix86+x86_64, r-release-osx-x86_64, r-oldrel-windows-ix86+x86_64, r-oldrel-osx-x86_64

Version: 0.6.1
Check: data for non-ASCII characters
Result: NOTE
     Note: found 1 marked UTF-8 string
Flavors: r-devel-linux-x86_64-fedora-clang, r-devel-linux-x86_64-fedora-gcc, r-patched-solaris-x86, r-release-osx-x86_64, r-oldrel-osx-x86_64