CRAN Package Check Results for Package iemiscdata

Last updated on 2019-02-20 10:47:21 CET.

Flavor Version Tinstall Tcheck Ttotal Status Flags
r-devel-linux-x86_64-debian-clang 0.6.1 1.44 23.73 25.17 NOTE
r-devel-linux-x86_64-debian-gcc 0.6.1 1.39 19.03 20.42 NOTE
r-devel-linux-x86_64-fedora-clang 0.6.1 31.55 NOTE
r-devel-linux-x86_64-fedora-gcc 0.6.1 29.64 NOTE
r-devel-windows-ix86+x86_64 0.6.1 6.00 41.00 47.00 NOTE
r-patched-linux-x86_64 0.6.1 NOTE
r-patched-solaris-x86 0.6.1 42.00 NOTE
r-release-linux-x86_64 0.6.1 1.34 21.39 22.73 NOTE
r-release-windows-ix86+x86_64 0.6.1 3.00 55.00 58.00 NOTE
r-release-osx-x86_64 0.6.1 NOTE
r-oldrel-windows-ix86+x86_64 0.6.1 4.00 40.00 44.00 OK
r-oldrel-osx-x86_64 0.6.1 NOTE

Check Details

Version: 0.6.1
Check: package dependencies
Result: NOTE
    Package suggested but not available for checking: ‘ie2miscdata’
Flavors: r-devel-linux-x86_64-debian-clang, r-devel-linux-x86_64-debian-gcc, r-devel-linux-x86_64-fedora-clang, r-devel-linux-x86_64-fedora-gcc, r-devel-windows-ix86+x86_64, r-patched-linux-x86_64, r-patched-solaris-x86, r-release-linux-x86_64, r-release-windows-ix86+x86_64, r-release-osx-x86_64

Version: 0.6.1
Check: data for non-ASCII characters
Result: NOTE
     Note: found 1 marked UTF-8 string
Flavors: r-devel-linux-x86_64-fedora-clang, r-devel-linux-x86_64-fedora-gcc, r-patched-solaris-x86, r-release-osx-x86_64, r-oldrel-osx-x86_64