CRAN Package Check Results for Package iemisctext

Last updated on 2020-02-29 07:50:15 CET.

Flavor Version Tinstall Tcheck Ttotal Status Flags
r-devel-linux-x86_64-debian-clang 0.9.99 2.13 25.60 27.73 OK
r-devel-linux-x86_64-debian-gcc 0.9.99 1.71 20.91 22.62 OK
r-devel-linux-x86_64-fedora-clang 0.9.99 34.90 NOTE
r-devel-linux-x86_64-fedora-gcc 0.9.99 34.14 NOTE
r-devel-windows-ix86+x86_64 0.9.99 8.00 45.00 53.00 OK
r-devel-windows-ix86+x86_64-gcc8 0.9.99 6.00 45.00 51.00 OK
r-patched-linux-x86_64 0.9.99 1.64 24.15 25.79 OK
r-patched-solaris-x86 0.9.99 49.70 NOTE
r-release-linux-x86_64 0.9.99 1.42 23.84 25.26 OK
r-release-windows-ix86+x86_64 0.9.99 5.00 67.00 72.00 OK
r-release-osx-x86_64 0.9.99 NOTE
r-oldrel-windows-ix86+x86_64 0.9.99 3.00 45.00 48.00 OK
r-oldrel-osx-x86_64 0.9.99 NOTE

Check Details

Version: 0.9.99
Check: data for non-ASCII characters
Result: NOTE
     Note: found 40 marked UTF-8 strings
Flavors: r-devel-linux-x86_64-fedora-clang, r-devel-linux-x86_64-fedora-gcc, r-patched-solaris-x86, r-release-osx-x86_64, r-oldrel-osx-x86_64