CRAN Package Check Results for Package ifa

Last updated on 2015-08-01 08:51:47.

Flavor Version Tinstall Tcheck Ttotal Status Flags
r-devel-linux-x86_64-debian-clang 7.0 2.65 9.73 12.38 NOTE
r-devel-linux-x86_64-debian-gcc 7.0 2.73 9.67 12.40 NOTE
r-devel-linux-x86_64-fedora-clang 7.0 24.06 NOTE
r-devel-linux-x86_64-fedora-gcc 7.0 22.90 NOTE
r-devel-osx-x86_64-clang 7.0 24.13 NOTE
r-patched-linux-x86_64 7.0 2.72 10.67 13.39 NOTE
r-patched-solaris-sparc 7.0 197.80 ERROR
r-patched-solaris-x86 7.0 56.80 ERROR
r-release-linux-x86_64 7.0 2.86 9.94 12.79 NOTE
r-release-osx-x86_64-mavericks 7.0 WARN

Check Details

Version: 7.0
Check: DESCRIPTION meta-information
Result: NOTE
    Malformed Description field: should contain one or more complete sentences.
Flavors: r-devel-linux-x86_64-debian-clang, r-devel-linux-x86_64-debian-gcc, r-devel-linux-x86_64-fedora-clang, r-devel-linux-x86_64-fedora-gcc, r-devel-osx-x86_64-clang, r-patched-linux-x86_64, r-patched-solaris-sparc, r-patched-solaris-x86, r-release-linux-x86_64, r-release-osx-x86_64-mavericks

Version: 7.0
Check: R code for possible problems
Result: NOTE
    NB: .First.lib is obsolete and will not be used in R >= 3.0.0
    
    ifa.em: no visible global function definition for ‘runif’
    ifa.init.pca: no visible global function definition for ‘var’
    ifa.init.pca: no visible global function definition for ‘cor’
    ifa.init.pca: no visible global function definition for ‘runif’
    ifa.init.random: no visible global function definition for ‘runif’
    ifa.init.random: no visible global function definition for ‘var’
    Undefined global functions or variables:
     cor runif var
    Consider adding
     importFrom("stats", "cor", "runif", "var")
    to your NAMESPACE.
Flavors: r-devel-linux-x86_64-debian-clang, r-devel-linux-x86_64-debian-gcc, r-devel-linux-x86_64-fedora-clang, r-devel-linux-x86_64-fedora-gcc

Version: 7.0
Check: R code for possible problems
Result: NOTE
    NB: .First.lib is obsolete and will not be used in R >= 3.0.0
Flavors: r-devel-osx-x86_64-clang, r-patched-linux-x86_64, r-patched-solaris-sparc, r-patched-solaris-x86, r-release-linux-x86_64, r-release-osx-x86_64-mavericks

Version: 7.0
Check: examples
Result: ERROR
    Running examples in ‘ifa-Ex.R’ failed
    The error most likely occurred in:
    
    > ### Name: ifa.aic
    > ### Title: A function to compute the AIC
    > ### Aliases: ifa.aic
    > ### Keywords: multivariate
    >
    > ### ** Examples
    >
    > data(memory)
    > fit<-ifa.em(memory$x,c(2,2),it=50,eps=0.001)
    
     *** caught segfault ***
    address 14122f54, cause 'memory not mapped'
    
    Traceback:
     1: mean(r[1:(niter - 2)], na.rm = T)
     2: ifa.em(memory$x, c(2, 2), it = 50, eps = 0.001)
    aborting ...
Flavor: r-patched-solaris-sparc

Version: 7.0
Check: examples
Result: ERROR
    Running examples in ‘ifa-Ex.R’ failed
    The error most likely occurred in:
    
    > ### Name: ifa.em
    > ### Title: Fitting an Independent Factor Analysis model by the EM algorithm
    > ### Aliases: ifa.em
    > ### Keywords: multivariate
    >
    > ### ** Examples
    >
    > data(memory)
    
     *** caught segfault ***
    address 1d3add3c, cause 'memory not mapped'
Flavor: r-patched-solaris-x86

Version: 7.0
Check: whether package can be installed
Result: WARN
    Found the following significant warnings:
     Warning: Possible change of value in conversion from REAL(8) to REAL(4) at (1)
Flavor: r-release-osx-x86_64-mavericks