CRAN Package Check Results for Package ifa

Last updated on 2016-08-27 04:50:56.

Flavor Version Tinstall Tcheck Ttotal Status Flags
r-devel-linux-x86_64-debian-clang 7.0 2.65 10.07 12.73 NOTE
r-devel-linux-x86_64-debian-gcc 7.0 3.42 12.39 15.81 NOTE
r-devel-linux-x86_64-fedora-clang 7.0 21.66 NOTE
r-devel-linux-x86_64-fedora-gcc 7.0 20.46 NOTE
r-devel-osx-x86_64-clang 7.0 19.89 NOTE
r-devel-windows-ix86+x86_64 7.0 16.00 41.00 57.00 NOTE
r-patched-linux-x86_64 7.0 2.47 9.63 12.10 NOTE
r-patched-solaris-sparc 7.0 178.40 ERROR
r-patched-solaris-x86 7.0 52.50 ERROR
r-release-linux-x86_64 7.0 2.52 10.04 12.56 NOTE
r-release-osx-x86_64-mavericks 7.0 WARN
r-release-windows-ix86+x86_64 7.0 11.00 30.00 41.00 NOTE

Check Details

Version: 7.0
Check: DESCRIPTION meta-information
Result: NOTE
    Malformed Description field: should contain one or more complete sentences.
Flavors: r-devel-linux-x86_64-debian-clang, r-devel-linux-x86_64-debian-gcc, r-devel-linux-x86_64-fedora-clang, r-devel-linux-x86_64-fedora-gcc, r-devel-osx-x86_64-clang, r-devel-windows-ix86+x86_64, r-patched-linux-x86_64, r-patched-solaris-sparc, r-patched-solaris-x86, r-release-linux-x86_64, r-release-osx-x86_64-mavericks, r-release-windows-ix86+x86_64

Version: 7.0
Check: R code for possible problems
Result: NOTE
    NB: .First.lib is obsolete and will not be used in R >= 3.0.0
    
    ifa.em: no visible global function definition for ‘runif’
    ifa.init.pca: no visible global function definition for ‘var’
    ifa.init.pca: no visible global function definition for ‘cor’
    ifa.init.pca: no visible global function definition for ‘runif’
    ifa.init.random: no visible global function definition for ‘runif’
    ifa.init.random: no visible global function definition for ‘var’
    Undefined global functions or variables:
     cor runif var
    Consider adding
     importFrom("stats", "cor", "runif", "var")
    to your NAMESPACE file.
Flavors: r-devel-linux-x86_64-debian-clang, r-devel-linux-x86_64-debian-gcc, r-devel-linux-x86_64-fedora-clang, r-devel-linux-x86_64-fedora-gcc, r-devel-osx-x86_64-clang, r-devel-windows-ix86+x86_64, r-patched-linux-x86_64, r-patched-solaris-sparc, r-patched-solaris-x86, r-release-linux-x86_64, r-release-osx-x86_64-mavericks, r-release-windows-ix86+x86_64

Version: 7.0
Check: examples
Result: ERROR
    Running examples in ‘ifa-Ex.R’ failed
    The error most likely occurred in:
    
    > ### Name: ifa.bic
    > ### Title: A function to compute the BIC
    > ### Aliases: ifa.bic
    > ### Keywords: multivariate
    >
    > ### ** Examples
    >
    > data(memory)
    
     *** caught segfault ***
    address 9, cause 'memory not mapped'
    
    Traceback:
     1: grepl("\\.[^.]+\\.(gz|bz2|xz)$", x)
     2: fileExt(file)
     3: data(memory)
    An irrecoverable exception occurred. R is aborting now ...
Flavor: r-patched-solaris-sparc

Version: 7.0
Check: examples
Result: ERROR
    Running examples in ‘ifa-Ex.R’ failed
    The error most likely occurred in:
    
    > ### Name: ifa.bic
    > ### Title: A function to compute the BIC
    > ### Aliases: ifa.bic
    > ### Keywords: multivariate
    >
    > ### ** Examples
    >
    > data(memory)
    
     *** caught segfault ***
    address a61a78f8, cause 'memory not mapped'
    
    Traceback:
     1: sub(".*\\.", "", x)
     2: fileExt(file)
     3: data(memory)
    An irrecoverable exception occurred. R is aborting now ...
Flavor: r-patched-solaris-x86

Version: 7.0
Check: whether package can be installed
Result: WARN
    Found the following significant warnings:
     Warning: Possible change of value in conversion from REAL(8) to REAL(4) at (1)
Flavor: r-release-osx-x86_64-mavericks