CRAN Package Check Results for Package ifa

Last updated on 2014-07-24 07:49:20.

Flavor Version Tinstall Tcheck Ttotal Status Flags
r-devel-linux-x86_64-debian-clang 7.0 2.64 9.95 12.59 NOTE
r-devel-linux-x86_64-debian-gcc 7.0 2.58 9.64 12.22 NOTE
r-devel-linux-x86_64-fedora-clang 7.0 24.97 NOTE
r-devel-linux-x86_64-fedora-gcc 7.0 23.75 NOTE
r-devel-osx-x86_64-clang 7.0 26.23 NOTE
r-patched-linux-x86_64 7.0 2.67 10.04 12.70 NOTE
r-patched-solaris-sparc 7.0 195.60 NOTE
r-patched-solaris-x86 7.0 63.40 ERROR
r-release-linux-ix86 7.0 4.01 16.23 20.24 NOTE
r-release-linux-x86_64 7.0 2.73 10.22 12.95 NOTE
r-release-osx-x86_64-mavericks 7.0 WARN
r-release-osx-x86_64-snowleopard 7.0 NOTE

Check Details

Version: 7.0
Check: R code for possible problems
Result: NOTE
    NB: .First.lib is obsolete and will not be used in R >= 3.0.0
Flavors: r-devel-linux-x86_64-debian-clang, r-devel-linux-x86_64-debian-gcc, r-devel-linux-x86_64-fedora-clang, r-devel-linux-x86_64-fedora-gcc, r-devel-osx-x86_64-clang, r-patched-linux-x86_64, r-patched-solaris-sparc, r-patched-solaris-x86, r-release-linux-ix86, r-release-linux-x86_64, r-release-osx-x86_64-mavericks, r-release-osx-x86_64-snowleopard

Version: 7.0
Check: examples
Result: ERROR
    Running examples in ‘ifa-Ex.R’ failed
    The error most likely occurred in:
    
    > ### Name: ifa.bic
    > ### Title: A function to compute the BIC
    > ### Aliases: ifa.bic
    > ### Keywords: multivariate
    >
    > ### ** Examples
    >
    > data(memory)
    
     *** caught segfault ***
    address 144959bc, cause 'memory not mapped'
    
    Traceback:
     1: sub(".*\\.", "", x)
     2: fileExt(file)
     3: data(memory)
    aborting ...
Flavor: r-patched-solaris-x86

Version: 7.0
Check: whether package can be installed
Result: WARNING
    Found the following significant warnings:
     Warning: Possible change of value in conversion from REAL(8) to REAL(4) at (1)
     Warning: Possible change of value in conversion from REAL(8) to REAL(4) at (1)
     Warning: Possible change of value in conversion from REAL(8) to REAL(4) at (1)
     Warning: Possible change of value in conversion from REAL(8) to REAL(4) at (1)
     Warning: Possible change of value in conversion from REAL(8) to REAL(4) at (1)
    See ‘/Builds/CRAN-QA-Simon/packages/mavericks-x86_64/results/3.1/ifa.Rcheck/00install.out’ for details.
Flavor: r-release-osx-x86_64-mavericks