CRAN Package Check Results for Package ifa

Last updated on 2014-08-01 13:46:59.

Flavor Version Tinstall Tcheck Ttotal Status Flags
r-devel-linux-x86_64-debian-clang 7.0 3.37 9.80 13.17 NOTE
r-devel-linux-x86_64-debian-gcc 7.0 2.64 10.21 12.86 NOTE
r-devel-linux-x86_64-fedora-clang 7.0 24.74 NOTE
r-devel-linux-x86_64-fedora-gcc 7.0 23.50 NOTE
r-devel-osx-x86_64-clang 7.0 27.02 NOTE
r-patched-linux-x86_64 7.0 2.65 10.06 12.71 NOTE
r-patched-solaris-sparc 7.0 195.30 ERROR
r-patched-solaris-x86 7.0 61.00 ERROR
r-release-linux-ix86 7.0 4.00 16.16 20.15 NOTE
r-release-linux-x86_64 7.0 2.94 10.02 12.95 NOTE
r-release-osx-x86_64-mavericks 7.0 WARN
r-release-osx-x86_64-snowleopard 7.0 NOTE

Check Details

Version: 7.0
Check: R code for possible problems
Result: NOTE
    NB: .First.lib is obsolete and will not be used in R >= 3.0.0
Flavors: r-devel-linux-x86_64-debian-clang, r-devel-linux-x86_64-debian-gcc, r-devel-linux-x86_64-fedora-clang, r-devel-linux-x86_64-fedora-gcc, r-devel-osx-x86_64-clang, r-patched-linux-x86_64, r-patched-solaris-sparc, r-patched-solaris-x86, r-release-linux-ix86, r-release-linux-x86_64, r-release-osx-x86_64-mavericks, r-release-osx-x86_64-snowleopard

Version: 7.0
Check: examples
Result: ERROR
    Running examples in ifa-Ex.R failed
    The error most likely occurred in:
    
    > ### Name: ifa.bic
    > ### Title: A function to compute the BIC
    > ### Aliases: ifa.bic
    > ### Keywords: multivariate
    >
    > ### ** Examples
    >
    > data(memory)
    
     *** caught segfault ***
    address 3fc72fcc, cause 'memory not mapped'
    
    Traceback:
     1: grepl("\\.[^.]+\\.(gz|bz2|xz)$", x)
     2: fileExt(file)
     3: data(memory)
    aborting ...
Flavor: r-patched-solaris-sparc

Version: 7.0
Check: examples
Result: ERROR
    Running examples in ifa-Ex.R failed
    The error most likely occurred in:
    
    > ### Name: ifa.bic
    > ### Title: A function to compute the BIC
    > ### Aliases: ifa.bic
    > ### Keywords: multivariate
    >
    > ### ** Examples
    >
    > data(memory)
    
     *** caught segfault ***
    address 144959bc, cause 'memory not mapped'
    
    Traceback:
     1: sub(".*\\.", "", x)
     2: fileExt(file)
     3: data(memory)
    aborting ...
Flavor: r-patched-solaris-x86

Version: 7.0
Check: whether package can be installed
Result: WARNING
    Found the following significant warnings:
     Warning: Possible change of value in conversion from REAL(8) to REAL(4) at (1)
     Warning: Possible change of value in conversion from REAL(8) to REAL(4) at (1)
     Warning: Possible change of value in conversion from REAL(8) to REAL(4) at (1)
     Warning: Possible change of value in conversion from REAL(8) to REAL(4) at (1)
     Warning: Possible change of value in conversion from REAL(8) to REAL(4) at (1)
Flavor: r-release-osx-x86_64-mavericks