CRAN Package Check Results for Package ifa

Last updated on 2014-04-24 09:49:03.

Flavor Version Tinstall Tcheck Ttotal Status Flags
r-devel-linux-x86_64-debian-clang 7.0 2.75 10.49 13.24 NOTE
r-devel-linux-x86_64-debian-gcc 7.0 2.71 10.34 13.04 NOTE
r-devel-linux-x86_64-fedora-clang 7.0 24.91 NOTE
r-devel-linux-x86_64-fedora-gcc 7.0 23.87 NOTE
r-devel-osx-x86_64-clang 7.0 24.95 NOTE
r-devel-osx-x86_64-gcc 7.0 NOTE
r-patched-linux-x86_64 7.0 2.96 10.36 13.31 NOTE
r-patched-solaris-sparc 7.0 195.60 NOTE
r-patched-solaris-x86 7.0 61.50 NOTE
r-release-linux-ix86 7.0 5.00 24.00 29.00 NOTE
r-release-linux-x86_64 7.0 2.79 10.38 13.17 NOTE
r-release-osx-x86_64-mavericks 7.0 WARN
r-release-osx-x86_64-snowleopard 7.0 NOTE

Check Details

Version: 7.0
Check: R code for possible problems
Result: NOTE
    NB: .First.lib is obsolete and will not be used in R >= 3.0.0
Flavors: r-devel-linux-x86_64-debian-clang, r-devel-linux-x86_64-debian-gcc, r-devel-linux-x86_64-fedora-clang, r-devel-linux-x86_64-fedora-gcc, r-devel-osx-x86_64-clang, r-devel-osx-x86_64-gcc, r-patched-linux-x86_64, r-patched-solaris-sparc, r-patched-solaris-x86, r-release-linux-ix86, r-release-linux-x86_64, r-release-osx-x86_64-mavericks, r-release-osx-x86_64-snowleopard

Version: 7.0
Check: whether package can be installed
Result: WARNING
    Found the following significant warnings:
     Warning: Possible change of value in conversion from REAL(8) to REAL(4) at (1)
     Warning: Possible change of value in conversion from REAL(8) to REAL(4) at (1)
     Warning: Possible change of value in conversion from REAL(8) to REAL(4) at (1)
     Warning: Possible change of value in conversion from REAL(8) to REAL(4) at (1)
     Warning: Possible change of value in conversion from REAL(8) to REAL(4) at (1)
    See ‘/Builds/CRAN-QA-Simon/packages/mavericks-x86_64/results/3.1/ifa.Rcheck/00install.out’ for details.
Flavor: r-release-osx-x86_64-mavericks