CRAN Package Check Results for Package ifa

Last updated on 2015-09-02 05:47:10.

Flavor Version Tinstall Tcheck Ttotal Status Flags
r-devel-linux-x86_64-debian-clang 7.0 2.74 9.52 12.26 NOTE
r-devel-linux-x86_64-debian-gcc 7.0 2.58 9.56 12.14 NOTE
r-devel-linux-x86_64-fedora-clang 7.0 24.20 NOTE
r-devel-linux-x86_64-fedora-gcc 7.0 22.18 NOTE
r-devel-osx-x86_64-clang 7.0 22.72 NOTE
r-patched-linux-x86_64 7.0 2.98 10.65 13.63 NOTE
r-patched-solaris-sparc 7.0 197.80 ERROR
r-patched-solaris-x86 7.0 63.70 ERROR
r-release-linux-x86_64 7.0 2.73 10.26 12.99 NOTE
r-release-osx-x86_64-mavericks 7.0 WARN

Check Details

Version: 7.0
Check: DESCRIPTION meta-information
Result: NOTE
    Malformed Description field: should contain one or more complete sentences.
Flavors: r-devel-linux-x86_64-debian-clang, r-devel-linux-x86_64-debian-gcc, r-devel-linux-x86_64-fedora-clang, r-devel-linux-x86_64-fedora-gcc, r-devel-osx-x86_64-clang, r-patched-linux-x86_64, r-patched-solaris-sparc, r-patched-solaris-x86, r-release-linux-x86_64, r-release-osx-x86_64-mavericks

Version: 7.0
Check: R code for possible problems
Result: NOTE
    NB: .First.lib is obsolete and will not be used in R >= 3.0.0
    
    ifa.em: no visible global function definition for ‘runif’
    ifa.init.pca: no visible global function definition for ‘var’
    ifa.init.pca: no visible global function definition for ‘cor’
    ifa.init.pca: no visible global function definition for ‘runif’
    ifa.init.random: no visible global function definition for ‘runif’
    ifa.init.random: no visible global function definition for ‘var’
    Undefined global functions or variables:
     cor runif var
    Consider adding
     importFrom("stats", "cor", "runif", "var")
    to your NAMESPACE.
Flavors: r-devel-linux-x86_64-debian-clang, r-devel-linux-x86_64-debian-gcc, r-devel-linux-x86_64-fedora-clang, r-devel-linux-x86_64-fedora-gcc

Version: 7.0
Check: R code for possible problems
Result: NOTE
    NB: .First.lib is obsolete and will not be used in R >= 3.0.0
Flavors: r-devel-osx-x86_64-clang, r-patched-linux-x86_64, r-patched-solaris-sparc, r-patched-solaris-x86, r-release-linux-x86_64, r-release-osx-x86_64-mavericks

Version: 7.0
Check: examples
Result: ERROR
    Running examples in ‘ifa-Ex.R’ failed
    The error most likely occurred in:
    
    > ### Name: ifa.aic
    > ### Title: A function to compute the AIC
    > ### Aliases: ifa.aic
    > ### Keywords: multivariate
    >
    > ### ** Examples
    >
    > data(memory)
    > fit<-ifa.em(memory$x,c(2,2),it=50,eps=0.001)
    
     *** caught segfault ***
    address 14122f54, cause 'memory not mapped'
    
    Traceback:
     1: mean(r[1:(niter - 2)], na.rm = T)
     2: ifa.em(memory$x, c(2, 2), it = 50, eps = 0.001)
    aborting ...
Flavor: r-patched-solaris-sparc

Version: 7.0
Check: examples
Result: ERROR
    Running examples in ‘ifa-Ex.R’ failed
    The error most likely occurred in:
    
    > ### Name: ifa.em
    > ### Title: Fitting an Independent Factor Analysis model by the EM algorithm
    > ### Aliases: ifa.em
    > ### Keywords: multivariate
    >
    > ### ** Examples
    >
    > data(memory)
    
     *** caught segfault ***
    address 3fc5bab2, cause 'memory not mapped'
    
    Traceback:
     1: sys.call()
     2: match(x, table, nomatch = 0L)
     3: names(sys.call()) %in% c("", "exact")
     4: `[[.data.frame`(x, name)
     5: x[[name]]
     6: `$.data.frame`(file.info(x, extra_cols = FALSE), "isdir")
     7: file.info(x, extra_cols = FALSE)$isdir
     8: file_test("-f", file.path(p, "Rdata.zip"))
     9: data(memory)
    aborting ...
Flavor: r-patched-solaris-x86

Version: 7.0
Check: whether package can be installed
Result: WARN
    Found the following significant warnings:
     Warning: Possible change of value in conversion from REAL(8) to REAL(4) at (1)
Flavor: r-release-osx-x86_64-mavericks