CRAN Package Check Results for Package ifa

Last updated on 2015-03-31 19:51:06.

Flavor Version Tinstall Tcheck Ttotal Status Flags
r-devel-linux-x86_64-debian-clang 7.0 2.76 9.72 12.48 NOTE
r-devel-linux-x86_64-debian-gcc 7.0 2.69 9.69 12.38 NOTE
r-devel-linux-x86_64-fedora-clang 7.0 23.46 NOTE
r-devel-linux-x86_64-fedora-gcc 7.0 22.21 NOTE
r-devel-osx-x86_64-clang 7.0 30.47 NOTE
r-prerel-linux-x86_64 7.0 2.78 9.60 12.37 NOTE
r-prerel-solaris-sparc 7.0 192.80 ERROR
r-prerel-solaris-x86 7.0 60.20 ERROR
r-release-linux-x86_64 7.0 2.78 10.52 13.30 NOTE
r-release-osx-x86_64-mavericks 7.0 WARN
r-release-osx-x86_64-snowleopard 7.0 NOTE

Check Details

Version: 7.0
Check: DESCRIPTION meta-information
Result: NOTE
    Malformed Description field: should contain one or more complete sentences.
Flavors: r-devel-linux-x86_64-debian-clang, r-devel-linux-x86_64-debian-gcc, r-devel-linux-x86_64-fedora-clang, r-devel-linux-x86_64-fedora-gcc, r-devel-osx-x86_64-clang, r-prerel-linux-x86_64, r-prerel-solaris-sparc, r-prerel-solaris-x86

Version: 7.0
Check: R code for possible problems
Result: NOTE
    NB: .First.lib is obsolete and will not be used in R >= 3.0.0
Flavors: r-devel-linux-x86_64-debian-clang, r-devel-linux-x86_64-debian-gcc, r-devel-linux-x86_64-fedora-clang, r-devel-linux-x86_64-fedora-gcc, r-devel-osx-x86_64-clang, r-prerel-linux-x86_64, r-prerel-solaris-sparc, r-prerel-solaris-x86, r-release-linux-x86_64, r-release-osx-x86_64-mavericks, r-release-osx-x86_64-snowleopard

Version: 7.0
Check: examples
Result: ERROR
    Running examples in ‘ifa-Ex.R’ failed
    The error most likely occurred in:
    
    > ### Name: ifa.aic
    > ### Title: A function to compute the AIC
    > ### Aliases: ifa.aic
    > ### Keywords: multivariate
    >
    > ### ** Examples
    >
    > data(memory)
    > fit<-ifa.em(memory$x,c(2,2),it=50,eps=0.001)
    
     *** caught segfault ***
    address 144b5b8c, cause 'memory not mapped'
    
    Traceback:
     1: mean(r[1:(niter - 2)], na.rm = T)
     2: ifa.em(memory$x, c(2, 2), it = 50, eps = 0.001)
    aborting ...
Flavor: r-prerel-solaris-sparc

Version: 7.0
Check: examples
Result: ERROR
    Running examples in ‘ifa-Ex.R’ failed
    The error most likely occurred in:
    
    > ### Name: ifa.bic
    > ### Title: A function to compute the BIC
    > ### Aliases: ifa.bic
    > ### Keywords: multivariate
    >
    > ### ** Examples
    >
    > data(memory)
    > fit<-ifa.em(memory$x,c(2,2),it=50,eps=0.001)
    
     *** caught segfault ***
    address caccae3b, cause 'memory not mapped'
    
    Traceback:
     1: all.equal(object, t(object), tolerance = tol, ...)
     2: isSymmetric.matrix(x)
     3: eigen(ALA)
     4: diag(eigen(ALA)$values[1:L])
     5: ifa.init.pca(y, L)
     6: ifa.em(memory$x, c(2, 2), it = 50, eps = 0.001)
    aborting ...
Flavor: r-prerel-solaris-x86

Version: 7.0
Check: whether package can be installed
Result: WARN
    Found the following significant warnings:
     Warning: Possible change of value in conversion from REAL(8) to REAL(4) at (1)
Flavor: r-release-osx-x86_64-mavericks