CRAN Package Check Results for Package ifa

Last updated on 2015-07-04 16:46:27.

Flavor Version Tinstall Tcheck Ttotal Status Flags
r-devel-linux-x86_64-debian-clang 7.0 2.70 9.22 11.92 NOTE
r-devel-linux-x86_64-debian-gcc 7.0 2.60 8.90 11.50 NOTE
r-devel-linux-x86_64-fedora-clang 7.0 21.85 NOTE
r-devel-linux-x86_64-fedora-gcc 7.0 20.74 NOTE
r-devel-osx-x86_64-clang 7.0 22.78 NOTE
r-patched-linux-x86_64 7.0 2.62 9.60 12.22 NOTE
r-patched-solaris-sparc 7.0 185.20 ERROR
r-patched-solaris-x86 7.0 57.70 ERROR
r-release-linux-x86_64 7.0 2.59 9.65 12.24 NOTE
r-release-osx-x86_64-mavericks 7.0 WARN

Check Details

Version: 7.0
Check: DESCRIPTION meta-information
Result: NOTE
    Malformed Description field: should contain one or more complete sentences.
Flavors: r-devel-linux-x86_64-debian-clang, r-devel-linux-x86_64-debian-gcc, r-devel-linux-x86_64-fedora-clang, r-devel-linux-x86_64-fedora-gcc, r-devel-osx-x86_64-clang, r-patched-linux-x86_64, r-patched-solaris-sparc, r-patched-solaris-x86, r-release-linux-x86_64, r-release-osx-x86_64-mavericks

Version: 7.0
Check: R code for possible problems
Result: NOTE
    NB: .First.lib is obsolete and will not be used in R >= 3.0.0
    
    ifa.em: no visible global function definition for ‘runif’
    ifa.init.pca: no visible global function definition for ‘var’
    ifa.init.pca: no visible global function definition for ‘cor’
    ifa.init.pca: no visible global function definition for ‘runif’
    ifa.init.random: no visible global function definition for ‘runif’
    ifa.init.random: no visible global function definition for ‘var’
    Undefined global functions or variables:
     cor runif var
Flavors: r-devel-linux-x86_64-debian-clang, r-devel-linux-x86_64-debian-gcc, r-devel-linux-x86_64-fedora-clang, r-devel-linux-x86_64-fedora-gcc

Version: 7.0
Check: R code for possible problems
Result: NOTE
    NB: .First.lib is obsolete and will not be used in R >= 3.0.0
Flavors: r-devel-osx-x86_64-clang, r-patched-linux-x86_64, r-patched-solaris-sparc, r-patched-solaris-x86, r-release-linux-x86_64, r-release-osx-x86_64-mavericks

Version: 7.0
Check: examples
Result: ERROR
    Running examples in ‘ifa-Ex.R’ failed
    The error most likely occurred in:
    
    > ### Name: ifa.aic
    > ### Title: A function to compute the AIC
    > ### Aliases: ifa.aic
    > ### Keywords: multivariate
    >
    > ### ** Examples
    >
    > data(memory)
    > fit<-ifa.em(memory$x,c(2,2),it=50,eps=0.001)
    > ifa.aic(fit)
    
     *** caught segfault ***
    address 0, cause 'memory not mapped'
    aborting ...
Flavor: r-patched-solaris-sparc

Version: 7.0
Check: examples
Result: ERROR
    Running examples in ‘ifa-Ex.R’ failed
    The error most likely occurred in:
    
    > ### Name: ifa.em
    > ### Title: Fitting an Independent Factor Analysis model by the EM algorithm
    > ### Aliases: ifa.em
    > ### Keywords: multivariate
    >
    > ### ** Examples
    >
    > data(memory)
    
     *** caught segfault ***
    address 1cbbbcec, cause 'memory not mapped'
Flavor: r-patched-solaris-x86

Version: 7.0
Check: whether package can be installed
Result: WARN
    Found the following significant warnings:
     Warning: Possible change of value in conversion from REAL(8) to REAL(4) at (1)
Flavor: r-release-osx-x86_64-mavericks