CRAN Package Check Results for Package ifa

Last updated on 2014-11-28 03:47:36.

Flavor Version Tinstall Tcheck Ttotal Status Flags
r-devel-linux-x86_64-debian-clang 7.0 2.78 10.74 13.52 NOTE
r-devel-linux-x86_64-debian-gcc 7.0 2.86 10.35 13.21 NOTE
r-devel-linux-x86_64-fedora-clang 7.0 26.73 NOTE
r-devel-linux-x86_64-fedora-gcc 7.0 28.78 NOTE
r-devel-osx-x86_64-clang 7.0 27.94 NOTE
r-patched-linux-x86_64 7.0 2.78 10.44 13.22 NOTE
r-patched-solaris-sparc 7.0 181.80 ERROR
r-patched-solaris-x86 7.0 59.50 ERROR
r-release-linux-ix86 7.0 3.84 16.08 19.92 NOTE
r-release-linux-x86_64 7.0 2.81 10.37 13.18 NOTE
r-release-osx-x86_64-mavericks 7.0 WARN
r-release-osx-x86_64-snowleopard 7.0 NOTE

Check Details

Version: 7.0
Check: R code for possible problems
Result: NOTE
    NB: .First.lib is obsolete and will not be used in R >= 3.0.0
Flavors: r-devel-linux-x86_64-debian-clang, r-devel-linux-x86_64-debian-gcc, r-devel-linux-x86_64-fedora-clang, r-devel-linux-x86_64-fedora-gcc, r-devel-osx-x86_64-clang, r-patched-linux-x86_64, r-patched-solaris-sparc, r-patched-solaris-x86, r-release-linux-ix86, r-release-linux-x86_64, r-release-osx-x86_64-mavericks, r-release-osx-x86_64-snowleopard

Version: 7.0
Check: examples
Result: ERROR
    Running examples in ‘ifa-Ex.R’ failed
    The error most likely occurred in:
    
    > ### Name: ifa.bic
    > ### Title: A function to compute the BIC
    > ### Aliases: ifa.bic
    > ### Keywords: multivariate
    >
    > ### ** Examples
    >
    > data(memory)
    
     *** caught segfault ***
    address 3fc72fcc, cause 'memory not mapped'
    
    Traceback:
     1: grepl("\\.[^.]+\\.(gz|bz2|xz)$", x)
     2: fileExt(file)
     3: data(memory)
    aborting ...
Flavor: r-patched-solaris-sparc

Version: 7.0
Check: examples
Result: ERROR
    Running examples in ‘ifa-Ex.R’ failed
    The error most likely occurred in:
    
    > ### Name: ifa.bic
    > ### Title: A function to compute the BIC
    > ### Aliases: ifa.bic
    > ### Keywords: multivariate
    >
    > ### ** Examples
    >
    > data(memory)
    
     *** caught segfault ***
    address a61a78f8, cause 'memory not mapped'
    
    Traceback:
     1: sub(".*\\.", "", x)
     2: fileExt(file)
     3: data(memory)
    aborting ...
Flavor: r-patched-solaris-x86

Version: 7.0
Check: whether package can be installed
Result: WARN
    Found the following significant warnings:
     Warning: Possible change of value in conversion from REAL(8) to REAL(4) at (1)
     Warning: Possible change of value in conversion from REAL(8) to REAL(4) at (1)
     Warning: Possible change of value in conversion from REAL(8) to REAL(4) at (1)
     Warning: Possible change of value in conversion from REAL(8) to REAL(4) at (1)
     Warning: Possible change of value in conversion from REAL(8) to REAL(4) at (1)
Flavor: r-release-osx-x86_64-mavericks