CRAN Package Check Results for Package ifultools

Last updated on 2014-07-25 23:48:37.

Flavor Version Tinstall Tcheck Ttotal Status Flags
r-devel-linux-x86_64-debian-clang 2.0-0 14.74 24.78 39.52 NOTE
r-devel-linux-x86_64-debian-gcc 2.0-0 24.84 23.94 48.78 WARN
r-devel-linux-x86_64-fedora-clang 2.0-0 80.10 NOTE
r-devel-linux-x86_64-fedora-gcc 2.0-0 85.89 WARN
r-devel-osx-x86_64-clang 2.0-0 68.16 NOTE
r-devel-windows-ix86+x86_64 2.0-0 114.00 46.00 160.00 WARN
r-patched-linux-x86_64 2.0-0 25.25 25.30 50.55 WARN
r-patched-solaris-sparc 2.0-0 519.80 NOTE
r-patched-solaris-x86 2.0-0 125.80 NOTE
r-release-linux-ix86 2.0-0 30.58 31.88 62.46 WARN
r-release-linux-x86_64 2.0-0 24.97 25.27 50.24 WARN
r-release-osx-x86_64-mavericks 2.0-0 NOTE
r-release-osx-x86_64-snowleopard 2.0-0 OK
r-release-windows-ix86+x86_64 2.0-0 114.00 50.00 164.00 WARN
r-oldrel-windows-ix86+x86_64 2.0-0 116.00 48.00 164.00 NOTE

Check Details

Version: 2.0-0
Check: dependencies in R code
Result: NOTE
    Packages in Depends field not imported from:
     ‘MASS’ ‘splus2R’
     These packages need to be imported from (in the NAMESPACE file)
     for when this namespace is loaded but not attached.
    See the information on DESCRIPTION files in the chapter ‘Creating R
    packages’ of the ‘Writing R Extensions’ manual.
Flavors: r-devel-linux-x86_64-debian-clang, r-devel-linux-x86_64-debian-gcc, r-devel-linux-x86_64-fedora-clang, r-devel-linux-x86_64-fedora-gcc, r-devel-osx-x86_64-clang, r-devel-windows-ix86+x86_64, r-patched-linux-x86_64, r-patched-solaris-sparc, r-patched-solaris-x86, r-release-linux-ix86, r-release-linux-x86_64, r-release-osx-x86_64-mavericks, r-release-windows-ix86+x86_64, r-oldrel-windows-ix86+x86_64

Version: 2.0-0
Check: whether package can be installed
Result: WARNING
    Found the following significant warnings:
     ut_debug.c:51:3: warning: zero-length gnu_printf format string [-Wformat-zero-length]
    See ‘/home/hornik/tmp/R.check/r-devel-gcc/Work/PKGS/ifultools.Rcheck/00install.out’ for details.
Flavor: r-devel-linux-x86_64-debian-gcc

Version: 2.0-0
Check: whether package can be installed
Result: WARNING
    Found the following significant warnings:
     ut_debug.c:51:3: warning: zero-length gnu_printf format string [-Wformat-zero-length]
    See ‘/data/gannet/ripley/R/packages/tests-devel/ifultools.Rcheck/00install.out’ for details.
Flavor: r-devel-linux-x86_64-fedora-gcc

Version: 2.0-0
Check: whether package can be installed
Result: WARNING
    Found the following significant warnings:
     ut_debug.c:51:3: warning: zero-length ms_printf format string [-Wformat-zero-length]
    See 'd:/Rcompile/CRANpkg/local/3.2/ifultools.Rcheck/00install.out' for details.
Flavor: r-devel-windows-ix86+x86_64

Version: 2.0-0
Check: whether package can be installed
Result: WARNING
    Found the following significant warnings:
     ut_debug.c:51:3: warning: zero-length gnu_printf format string [-Wformat-zero-length]
    See ‘/home/hornik/tmp/R.check/r-patched-gcc/Work/PKGS/ifultools.Rcheck/00install.out’ for details.
Flavor: r-patched-linux-x86_64

Version: 2.0-0
Check: whether package can be installed
Result: WARNING
    Found the following significant warnings:
     ut_debug.c:51:3: warning: zero-length gnu_printf format string [-Wformat-zero-length]
    See ‘/home/hornik/tmp/R.check/r-release-gcc/Work/PKGS/ifultools.Rcheck/00install.out’ for details.
Flavors: r-release-linux-ix86, r-release-linux-x86_64

Version: 2.0-0
Check: whether package can be installed
Result: WARNING
    Found the following significant warnings:
     ut_debug.c:51:3: warning: zero-length ms_printf format string [-Wformat-zero-length]
    See 'd:/Rcompile/CRANpkg/local/3.1/ifultools.Rcheck/00install.out' for details.
Flavor: r-release-windows-ix86+x86_64