CRAN Package Check Results for Package ifultools

Last updated on 2015-07-02 11:48:20.

Flavor Version Tinstall Tcheck Ttotal Status Flags
r-devel-linux-x86_64-debian-clang 2.0-1 17.54 20.14 37.68 NOTE
r-devel-linux-x86_64-debian-gcc 2.0-1 25.68 19.64 45.32 NOTE
r-devel-linux-x86_64-fedora-clang 2.0-1 75.70 NOTE
r-devel-linux-x86_64-fedora-gcc 2.0-1 76.28 NOTE
r-devel-osx-x86_64-clang 2.0-1 63.96 OK
r-devel-windows-ix86+x86_64 2.0-1 127.00 43.00 170.00 NOTE
r-patched-linux-x86_64 2.0-1 24.69 20.88 45.57 OK
r-patched-solaris-sparc 2.0-1 472.50 OK
r-patched-solaris-x86 2.0-1 112.10 OK
r-release-linux-x86_64 2.0-1 25.33 20.18 45.52 OK
r-release-osx-x86_64-mavericks 2.0-1 OK
r-release-windows-ix86+x86_64 2.0-1 118.00 45.00 163.00 OK
r-oldrel-windows-ix86+x86_64 2.0-1 170.00 57.00 227.00 OK

Check Details

Version: 2.0-1
Check: R code for possible problems
Result: NOTE
    em: no visible global function definition for ‘strwidth’
    em: no visible global function definition for ‘strheight’
    gridOverlay: no visible global function definition for ‘par’
    gridOverlay: no visible global function definition for ‘abline’
    linearFit: no visible global function definition for ‘lm’
    linearSegmentation: no visible global function definition for ‘supsmu’
    linearSegmentation: no visible global function definition for ‘par’
    linearSegmentation: no visible global function definition for ‘abline’
    mutilsSDF: no visible global function definition for ‘is’
    sparsestQuadrant: no visible global function definition for ‘time’
    sparsestQuadrant: no visible global function definition for ‘is’
    sparsestQuadrant: no visible global function definition for ‘approx’
    splitplot: no visible global function definition for ‘frame’
    splitplot: no visible global function definition for ‘par’
    stackPlot: no visible global function definition for ‘frame’
    stackPlot: no visible global function definition for ‘par’
    stackPlot: no visible global function definition for ‘is’
    stackPlot: no visible global function definition for ‘as’
    stackPlot: no visible global function definition for ‘matlines’
    stackPlot: no visible global function definition for ‘title’
    stackPlot: no visible global function definition for ‘text’
    stackPlot: no visible global function definition for ‘abline’
    stackPlot: no visible global function definition for ‘axis’
    stringSize: no visible global function definition for ‘strwidth’
    stringSize: no visible global function definition for ‘strheight’
    stringSize: no visible global function definition for ‘approx’
    variance: no visible global function definition for ‘is’
    variance: no visible global function definition for ‘as’
    variance: no visible global function definition for ‘var’
Flavors: r-devel-linux-x86_64-debian-clang, r-devel-linux-x86_64-debian-gcc, r-devel-linux-x86_64-fedora-gcc, r-devel-windows-ix86+x86_64

Version: 2.0-1
Check: R code for possible problems
Result: NOTE
    em: no visible global function definition for ‘strwidth’
    em: no visible global function definition for ‘strheight’
    gridOverlay: no visible global function definition for ‘par’
    gridOverlay: no visible global function definition for ‘abline’
    linearFit: no visible global function definition for ‘lm’
    linearSegmentation: no visible global function definition for ‘supsmu’
    linearSegmentation: no visible global function definition for ‘par’
    linearSegmentation: no visible global function definition for ‘abline’
    mutilsSDF: no visible global function definition for ‘is’
    sparsestQuadrant: no visible global function definition for ‘time’
    sparsestQuadrant: no visible global function definition for ‘is’
    sparsestQuadrant: no visible global function definition for ‘approx’
    splitplot: no visible global function definition for ‘frame’
    splitplot: no visible global function definition for ‘par’
    stackPlot: no visible global function definition for ‘frame’
    stackPlot: no visible global function definition for ‘par’
    stackPlot: no visible global function definition for ‘is’
    stackPlot: no visible global function definition for ‘as’
    stackPlot: no visible global function definition for ‘matlines’
    stackPlot: no visible global function definition for ‘title’
    stackPlot: no visible global function definition for ‘text’
    stackPlot: no visible global function definition for ‘abline’
    stackPlot: no visible global function definition for ‘axis’
    stringSize: no visible global function definition for ‘strwidth’
    stringSize: no visible global function definition for ‘strheight’
    stringSize: no visible global function definition for ‘approx’
    variance: no visible global function definition for ‘is’
    variance: no visible global function definition for ‘as’
    variance: no visible global function definition for ‘var’
    Undefined global functions or variables:
     abline approx as axis frame is lm matlines par strheight strwidth
     supsmu text time title var
Flavor: r-devel-linux-x86_64-fedora-clang