CRAN Package Check Results for Package ifultools

Last updated on 2014-04-18 09:49:20.

Flavor Version Tinstall Tcheck Ttotal Status Flags
r-devel-linux-x86_64-debian-clang 2.0-0 15.14 27.84 42.97 NOTE
r-devel-linux-x86_64-debian-gcc NOTE
r-devel-linux-x86_64-fedora-clang 2.0-0 83.71 NOTE
r-devel-linux-x86_64-fedora-gcc 2.0-0 90.55 NOTE
r-devel-macosx-x86_64-clang 2.0-0 69.56 NOTE
r-devel-macosx-x86_64-gcc 2.0-0 NOTE
r-devel-windows-ix86+x86_64 2.0-0 119.00 49.00 168.00 NOTE
r-patched-linux-x86_64 2.0-0 23.84 27.97 51.80 NOTE
r-patched-solaris-sparc 2.0-0 519.80 NOTE
r-patched-solaris-x86 2.0-0 126.50 NOTE
r-release-linux-ix86 2.0-0 50.00 47.00 97.00 NOTE
r-release-linux-x86_64 2.0-0 23.76 27.75 51.52 NOTE
r-release-macosx-x86_64 2.0-0 OK
r-release-windows-ix86+x86_64 2.0-0 120.00 47.00 167.00 NOTE
r-oldrel-windows-ix86+x86_64 2.0-0 121.00 49.00 170.00 NOTE

Check Details

Version: 2.0-0
Check: dependencies in R code
Result: NOTE
    Packages in Depends field not imported from:
     ‘MASS’ ‘splus2R’
     These packages need to be imported from (in the NAMESPACE file)
     for when this namespace is loaded but not attached.
    See the information on DESCRIPTION files in the chapter ‘Creating R
    packages’ of the ‘Writing R Extensions’ manual.
Flavors: r-devel-linux-x86_64-debian-clang, r-devel-linux-x86_64-debian-gcc, r-devel-linux-x86_64-fedora-clang, r-devel-linux-x86_64-fedora-gcc, r-devel-macosx-x86_64-clang, r-devel-macosx-x86_64-gcc, r-devel-windows-ix86+x86_64, r-patched-linux-x86_64, r-patched-solaris-sparc, r-patched-solaris-x86, r-release-linux-ix86, r-release-linux-x86_64, r-release-windows-ix86+x86_64, r-oldrel-windows-ix86+x86_64