CRAN Package Check Results for Package igate

Last updated on 2020-02-18 06:47:32 CET.

Flavor Version Tinstall Tcheck Ttotal Status Flags
r-devel-linux-x86_64-debian-clang 0.3.3 7.11 64.27 71.38 OK
r-devel-linux-x86_64-debian-gcc 0.3.3 5.26 50.25 55.51 OK
r-devel-linux-x86_64-fedora-clang 0.3.3 84.14 NOTE
r-devel-linux-x86_64-fedora-gcc 0.3.3 80.66 NOTE
r-devel-windows-ix86+x86_64 0.3.3 15.00 76.00 91.00 OK
r-devel-windows-ix86+x86_64-gcc8 0.3.3 25.00 115.00 140.00 OK
r-patched-linux-x86_64 0.3.3 4.81 55.94 60.75 OK
r-patched-solaris-x86 0.3.3 107.80 NOTE
r-release-linux-x86_64 0.3.3 5.16 55.87 61.03 OK
r-release-windows-ix86+x86_64 0.3.3 11.00 73.00 84.00 OK
r-release-osx-x86_64 0.3.3 NOTE
r-oldrel-windows-ix86+x86_64 0.3.2 8.00 75.00 83.00 OK
r-oldrel-osx-x86_64 0.3.3 ERROR

Check Details

Version: 0.3.3
Check: dependencies in R code
Result: NOTE
    Namespaces in Imports field not imported from:
     ‘kableExtra’ ‘knitr’ ‘xtable’
     All declared Imports should be used.
Flavors: r-devel-linux-x86_64-fedora-clang, r-devel-linux-x86_64-fedora-gcc, r-patched-solaris-x86, r-release-osx-x86_64

Version: 0.3.3
Check: whether package can be installed
Result: ERROR
    Installation failed.
Flavor: r-oldrel-osx-x86_64