CRAN Package Check Results for Package igate

Last updated on 2020-09-23 14:12:32 CEST.

Flavor Version Tinstall Tcheck Ttotal Status Flags
r-devel-linux-x86_64-debian-clang 0.3.3 6.34 63.99 70.33 OK
r-devel-linux-x86_64-debian-gcc 0.3.3 4.39 49.21 53.60 OK
r-devel-linux-x86_64-fedora-clang 0.3.3 92.62 NOTE
r-devel-linux-x86_64-fedora-gcc 0.3.3 82.04 NOTE
r-devel-windows-ix86+x86_64 0.3.3 16.00 87.00 103.00 OK
r-patched-linux-x86_64 0.3.3 5.99 62.14 68.13 OK
r-patched-solaris-x86 0.3.3 123.20 NOTE
r-release-linux-x86_64 0.3.3 6.11 60.34 66.45 OK
r-release-macos-x86_64 0.3.3 NOTE
r-release-windows-ix86+x86_64 0.3.3 24.00 83.00 107.00 OK
r-oldrel-macos-x86_64 0.3.3 NOTE
r-oldrel-windows-ix86+x86_64 0.3.3 7.00 89.00 96.00 OK

Check Details

Version: 0.3.3
Check: dependencies in R code
Result: NOTE
    Namespaces in Imports field not imported from:
     ‘kableExtra’ ‘knitr’ ‘xtable’
     All declared Imports should be used.
Flavors: r-devel-linux-x86_64-fedora-clang, r-devel-linux-x86_64-fedora-gcc, r-patched-solaris-x86, r-release-macos-x86_64, r-oldrel-macos-x86_64