CRAN Package Check Results for Package igoR

Last updated on 2021-04-14 17:47:12 CEST.

Flavor Version Tinstall Tcheck Ttotal Status Flags
r-devel-linux-x86_64-debian-clang 0.1.1 7.77 53.34 61.11 OK
r-devel-linux-x86_64-debian-gcc 0.1.1 7.08 42.38 49.46 OK
r-devel-linux-x86_64-fedora-clang 0.1.1 86.44 NOTE
r-devel-linux-x86_64-fedora-gcc 0.1.1 77.66 NOTE
r-devel-windows-ix86+x86_64 0.1.1 15.00 78.00 93.00 OK
r-devel-windows-x86_64-gcc10-UCRT 0.1.1 NOTE
r-patched-linux-x86_64 0.1.1 8.20 53.60 61.80 OK
r-patched-solaris-x86 0.1.1 118.70 NOTE
r-release-linux-x86_64 0.1.1 7.74 52.70 60.44 OK
r-release-macos-x86_64 0.1.1 NOTE
r-release-windows-ix86+x86_64 0.1.1 13.00 74.00 87.00 OK
r-oldrel-macos-x86_64 0.1.1 NOTE
r-oldrel-windows-ix86+x86_64 0.1.1 13.00 56.00 69.00 OK

Check Details

Version: 0.1.1
Check: data for non-ASCII characters
Result: NOTE
     Note: found 160 marked UTF-8 strings
Flavors: r-devel-linux-x86_64-fedora-clang, r-devel-linux-x86_64-fedora-gcc, r-devel-windows-x86_64-gcc10-UCRT, r-patched-solaris-x86, r-release-macos-x86_64, r-oldrel-macos-x86_64