CRAN Package Check Results for Package igraph

Last updated on 2018-08-14 20:47:32 CEST.

Flavor Version Tinstall Tcheck Ttotal Status Flags
r-devel-linux-x86_64-debian-clang 1.2.2 202.83 247.84 450.67 OK
r-devel-linux-x86_64-debian-gcc 1.2.2 171.44 197.69 369.13 OK
r-devel-linux-x86_64-fedora-clang 1.2.2 581.13 NOTE
r-devel-linux-x86_64-fedora-gcc 1.2.2 584.55 OK
r-devel-windows-ix86+x86_64 1.2.2 780.00 757.00 1537.00 NOTE
r-patched-linux-x86_64 1.2.2 208.43 244.01 452.44 OK
r-patched-solaris-x86 1.2.2 870.10 NOTE
r-release-linux-x86_64 1.2.2 204.57 242.35 446.92 OK
r-release-windows-ix86+x86_64 1.2.2 775.00 628.00 1403.00 NOTE
r-release-osx-x86_64 1.2.2 NOTE
r-oldrel-windows-ix86+x86_64 1.2.2 777.00 749.00 1526.00 NOTE
r-oldrel-osx-x86_64 1.2.2 NOTE

Additional issues

clang-UBSAN gcc-UBSAN rchk

Check Details

Version: 1.2.2
Check: installed package size
Result: NOTE
     installed size is 16.1Mb
     sub-directories of 1Mb or more:
     R 1.4Mb
     help 1.1Mb
     libs 13.2Mb
Flavors: r-devel-linux-x86_64-fedora-clang, r-devel-windows-ix86+x86_64, r-patched-solaris-x86, r-release-windows-ix86+x86_64, r-release-osx-x86_64, r-oldrel-windows-ix86+x86_64, r-oldrel-osx-x86_64