CRAN Package Check Results for Package igraph

Last updated on 2017-11-20 23:49:37 CET.

Flavor Version Tinstall Tcheck Ttotal Status Flags
r-devel-linux-x86_64-debian-clang 1.1.2 153.89 167.32 321.21 OK
r-devel-linux-x86_64-debian-gcc 1.1.2 207.33 338.59 545.92 OK
r-devel-linux-x86_64-fedora-clang 1.1.2 581.34 NOTE
r-devel-linux-x86_64-fedora-gcc 1.1.2 573.23 NOTE
r-devel-windows-ix86+x86_64 1.1.2 829.00 559.00 1388.00 NOTE
r-patched-linux-x86_64 1.1.2 155.69 176.02 331.71 OK
r-patched-solaris-x86 1.1.2 896.50 NOTE
r-release-linux-x86_64 1.1.2 156.15 172.43 328.59 OK
r-release-windows-ix86+x86_64 1.1.2 744.00 431.00 1175.00 NOTE
r-release-osx-x86_64 1.1.2 NOTE
r-oldrel-windows-ix86+x86_64 1.1.2 714.00 724.00 1438.00 NOTE
r-oldrel-osx-x86_64 1.1.2 NOTE

Additional issues

clang-UBSAN gcc-UBSAN rchk valgrind

Check Details

Version: 1.1.2
Check: installed package size
Result: NOTE
     installed size is 17.3Mb
     sub-directories of 1Mb or more:
     help 1.1Mb
     libs 15.2Mb
Flavors: r-devel-linux-x86_64-fedora-clang, r-devel-linux-x86_64-fedora-gcc, r-devel-windows-ix86+x86_64, r-patched-solaris-x86, r-release-windows-ix86+x86_64, r-release-osx-x86_64, r-oldrel-windows-ix86+x86_64, r-oldrel-osx-x86_64

Version: 1.1.2
Check: package dependencies
Result: NOTE
    Package suggested but not available for checking: ‘graph’
Flavor: r-release-osx-x86_64