CRAN Package Check Results for Package igraph

Last updated on 2018-06-24 02:46:30 CEST.

Flavor Version Tinstall Tcheck Ttotal Status Flags
r-devel-linux-x86_64-debian-clang 1.2.1 201.63 259.05 460.68 WARN
r-devel-linux-x86_64-debian-gcc 1.2.1 170.79 199.78 370.57 WARN
r-devel-linux-x86_64-fedora-clang 1.2.1 596.55 WARN
r-devel-linux-x86_64-fedora-gcc 1.2.1 536.91 WARN
r-devel-windows-ix86+x86_64 1.2.1 662.00 590.00 1252.00 NOTE
r-patched-linux-x86_64 1.2.1 206.18 254.11 460.29 OK
r-patched-solaris-x86 1.2.1 874.30 NOTE
r-release-linux-x86_64 1.2.1 207.22 246.79 454.01 OK
r-release-windows-ix86+x86_64 1.2.1 810.00 626.00 1436.00 NOTE
r-release-osx-x86_64 1.2.1 NOTE
r-oldrel-windows-ix86+x86_64 1.2.1 734.00 573.00 1307.00 NOTE
r-oldrel-osx-x86_64 1.2.1 NOTE

Additional issues

clang-UBSAN gcc-UBSAN rchk

Check Details

Version: 1.2.1
Check: for unstated dependencies in ‘tests’
Result: WARN
    'library' or 'require' call not declared from: ‘digest’
Flavors: r-devel-linux-x86_64-debian-clang, r-devel-linux-x86_64-debian-gcc, r-devel-linux-x86_64-fedora-clang, r-devel-linux-x86_64-fedora-gcc

Version: 1.2.1
Check: installed package size
Result: NOTE
     installed size is 16.0Mb
     sub-directories of 1Mb or more:
     R 1.4Mb
     help 1.1Mb
     libs 13.0Mb
Flavors: r-devel-linux-x86_64-fedora-clang, r-devel-windows-ix86+x86_64, r-patched-solaris-x86, r-release-windows-ix86+x86_64, r-release-osx-x86_64, r-oldrel-windows-ix86+x86_64, r-oldrel-osx-x86_64