CRAN Package Check Results for Package igraph

Last updated on 2024-04-16 02:53:42 CEST.

Flavor Version Tinstall Tcheck Ttotal Status Flags
r-devel-linux-x86_64-debian-clang 2.0.3 303.00 480.42 783.42 OK
r-devel-linux-x86_64-debian-gcc 2.0.3 252.55 360.78 613.33 OK
r-devel-linux-x86_64-fedora-clang 2.0.3 1014.90 NOTE
r-devel-linux-x86_64-fedora-gcc 2.0.3 1020.52 OK
r-prerel-macos-arm64 2.0.3 229.00 NOTE
r-prerel-macos-x86_64 2.0.3 518.00 NOTE
r-prerel-windows-x86_64 2.0.3 397.00 474.00 871.00 NOTE
r-patched-linux-x86_64 2.0.3 316.67 473.80 790.47 OK
r-release-linux-x86_64 2.0.3 312.22 466.95 779.17 OK
r-release-macos-arm64 2.0.3 230.00 NOTE
r-release-macos-x86_64 2.0.3 410.00 NOTE
r-release-windows-x86_64 2.0.3 457.00 601.00 1058.00 NOTE
r-oldrel-macos-arm64 2.0.3 239.00 WARN
r-oldrel-windows-x86_64 2.0.3 416.00 447.00 863.00 WARN

Additional issues

rchk

Check Details

Version: 2.0.3
Check: installed package size
Result: NOTE installed size is 8.7Mb sub-directories of 1Mb or more: R 1.4Mb doc 1.2Mb help 2.0Mb libs 3.6Mb Flavors: r-devel-linux-x86_64-fedora-clang, r-prerel-macos-arm64, r-prerel-macos-x86_64, r-prerel-windows-x86_64, r-release-macos-arm64, r-release-macos-x86_64, r-release-windows-x86_64, r-oldrel-macos-arm64, r-oldrel-windows-x86_64

Version: 2.0.3
Check: whether package can be installed
Result: WARN Found the following significant warnings: vendor/cigraph/vendor/glpk/api/mps.c:1297:19: warning: explicitly assigning value of variable of type 'GLPAIJ *' (aka 'struct GLPAIJ *') to itself [-Wself-assign] vendor/cigraph/vendor/glpk/draft/glpapi06.c:565:26: warning: explicitly assigning value of variable of type 'int' to itself [-Wself-assign] vendor/cigraph/vendor/glpk/draft/glpapi06.c:574:20: warning: explicitly assigning value of variable of type 'int' to itself [-Wself-assign] vendor/cigraph/vendor/glpk/draft/glpios01.c:224:17: warning: explicitly assigning value of variable of type 'IOSNPD *' (aka 'struct IOSNPD *') to itself [-Wself-assign] vendor/cigraph/vendor/glpk/misc/ks.c:428:14: warning: explicitly assigning value of variable of type 'int' to itself [-Wself-assign] vendor/cigraph/vendor/glpk/mpl/mpl6.c:687:17: warning: explicitly assigning value of variable of type 'int' to itself [-Wself-assign] vendor/cigraph/vendor/glpk/mpl/mpl6.c:854:20: warning: explicitly assigning value of variable of type 'int' to itself [-Wself-assign] Flavor: r-oldrel-macos-arm64

Version: 2.0.3
Check: compiled code
Result: WARN File ‘igraph/libs/igraph.so’: Found ‘___stdoutp’, possibly from ‘stdout’ (C) Objects: ‘vendor/cigraph/vendor/glpk/env/stdout.o’, ‘vendor/cigraph/vendor/glpk/misc/mygmp.o’, ‘vendor/cigraph/vendor/glpk/mpl/mpl4.o’ Found ‘_exit’, possibly from ‘exit’ (C) Object: ‘vendor/cigraph/vendor/glpk/proxy/main.o’ Found ‘_printf’, possibly from ‘printf’ (C) Object: ‘vendor/cigraph/vendor/glpk/proxy/main.o’ Found ‘_puts’, possibly from ‘printf’ (C), ‘puts’ (C) Object: ‘vendor/cigraph/vendor/glpk/proxy/main.o’ Compiled code should not call entry points which might terminate R nor write to stdout/stderr instead of to the console, nor use Fortran I/O nor system RNGs. See ‘Writing portable packages’ in the ‘Writing R Extensions’ manual. Flavor: r-oldrel-macos-arm64

Version: 2.0.3
Check: whether package can be installed
Result: WARN Found the following significant warnings: rinterface_extra.c:77:19: warning: too many arguments for format [-Wformat-extra-args] rinterface_extra.c:89:19: warning: too many arguments for format [-Wformat-extra-args] rinterface_extra.c:97:19: warning: too many arguments for format [-Wformat-extra-args] rinterface_extra.c:2587:19: warning: too many arguments for format [-Wformat-extra-args] rinterface_extra.c:2620:19: warning: too many arguments for format [-Wformat-extra-args] rinterface_extra.c:2654:19: warning: too many arguments for format [-Wformat-extra-args] vendor/cigraph/src/centrality/eigenvector.c:117:27: warning: too many arguments for format [-Wformat-extra-args] vendor/cigraph/src/centrality/eigenvector.c:299:27: warning: too many arguments for format [-Wformat-extra-args] vendor/cigraph/src/centrality/hub_authority.c:244:21: warning: too many arguments for format [-Wformat-extra-args] vendor/cigraph/src/cliques/cliquer_wrapper.c:218:23: warning: too many arguments for format [-Wformat-extra-args] vendor/cigraph/src/community/community_misc.c:94:23: warning: too many arguments for format [-Wformat-extra-args] vendor/cigraph/src/community/community_misc.c:99:23: warning: too many arguments for format [-Wformat-extra-args] vendor/cigraph/src/community/community_misc.c:103:23: warning: too many arguments for format [-Wformat-extra-args] vendor/cigraph/src/community/community_misc.c:133:27: warning: too many arguments for format [-Wformat-extra-args] vendor/cigraph/src/community/community_misc.c:138:27: warning: too many arguments for format [-Wformat-extra-args] vendor/cigraph/src/community/community_misc.c:253:27: warning: too many arguments for format [-Wformat-extra-args] vendor/cigraph/src/community/community_misc.c:258:27: warning: too many arguments for format [-Wformat-extra-args] vendor/cigraph/src/community/community_misc.c:532:23: warning: too many arguments for format [-Wformat-extra-args] vendor/cigraph/src/community/community_misc.c:837:23: warning: too many arguments for format [-Wformat-extra-args] vendor/cigraph/src/community/edge_betweenness.c:240:27: warning: too many arguments for format [-Wformat-extra-args] vendor/cigraph/src/community/leading_eigenvector.c:792:23: warning: too many arguments for format [-Wformat-extra-args] vendor/cigraph/src/community/leading_eigenvector.c:797:23: warning: too many arguments for format [-Wformat-extra-args] vendor/cigraph/src/community/leading_eigenvector.c:806:27: warning: too many arguments for format [-Wformat-extra-args] vendor/cigraph/src/math/safe_intop.h:61:27: warning: too many arguments for format [-Wformat-extra-args] vendor/cigraph/src/constructors/circulant.c:59:23: warning: too many arguments for format [-Wformat-extra-args] vendor/cigraph/src/constructors/de_bruijn.c:85:27: warning: too many arguments for format [-Wformat-extra-args] vendor/cigraph/src/math/safe_intop.h:51:27: warning: too many arguments for format [-Wformat-extra-args] vendor/cigraph/src/constructors/full.c:295:23: warning: too many arguments for format [-Wformat-extra-args] vendor/cigraph/src/constructors/full.c:299:23: warning: too many arguments for format [-Wformat-extra-args] vendor/cigraph/src/constructors/generalized_petersen.c:65:23: warning: too many arguments for format [-Wformat-extra-args] vendor/cigraph/src/constructors/generalized_petersen.c:73:23: warning: too many arguments for format [-Wformat-extra-args] vendor/cigraph/src/constructors/kautz.c:94:27: warning: too many arguments for format [-Wformat-extra-args] vendor/cigraph/src/constructors/kautz.c:106:27: warning: too many arguments for format [-Wformat-extra-args] vendor/cigraph/src/constructors/lattices.c:98:13: warning: too many arguments for format [-Wformat-extra-args] vendor/cigraph/src/constructors/lattices.c:114:17: warning: too many arguments for format [-Wformat-extra-args] vendor/cigraph/src/constructors/lattices.c:314:13: warning: too many arguments for format [-Wformat-extra-args] vendor/cigraph/src/constructors/lattices.c:363:13: warning: too many arguments for format [-Wformat-extra-args] vendor/cigraph/src/constructors/lattices.c:374:17: warning: too many arguments for format [-Wformat-extra-args] vendor/cigraph/src/constructors/lattices.c:598:13: warning: too many arguments for format [-Wformat-extra-args] vendor/cigraph/src/constructors/regular.c:373:13: warning: too many arguments for format [-Wformat-extra-args] vendor/cigraph/src/constructors/regular.c:519:23: warning: too many arguments for format [-Wformat-extra-args] vendor/cigraph/src/constructors/regular.c:817:23: warning: too many arguments for format [-Wformat-extra-args] vendor/cigraph/src/constructors/regular.c:820:23: warning: too many arguments for format [-Wformat-extra-args] vendor/cigraph/src/core/matrix.c:154:23: warning: too many arguments for format [-Wformat-extra-args] vendor/cigraph/src/core/matrix.c:192:23: warning: too many arguments for format [-Wformat-extra-args] vendor/cigraph/src/games/barabasi.c:709:23: warning: too many arguments for format [-Wformat-extra-args] vendor/cigraph/src/games/barabasi.c:712:23: warning: too many arguments for format [-Wformat-extra-args] vendor/cigraph/src/games/barabasi.c:717:23: warning: too many arguments for format [-Wformat-extra-args] vendor/cigraph/src/games/barabasi.c:722:23: warning: too many arguments for format [-Wformat-extra-args] vendor/cigraph/src/games/callaway_traits.c:91:23: warning: too many arguments for format [-Wformat-extra-args] vendor/cigraph/src/games/citations.c:106:23: warning: too many arguments for format [-Wformat-extra-args] vendor/cigraph/src/games/citations.c:112:23: warning: too many arguments for format [-Wformat-extra-args] vendor/cigraph/src/games/citations.c:117:23: warning: too many arguments for format [-Wformat-extra-args] vendor/cigraph/src/games/citations.c:122:23: warning: too many arguments for format [-Wformat-extra-args] vendor/cigraph/src/games/citations.c:268:23: warning: too many arguments for format [-Wformat-extra-args] vendor/cigraph/src/games/citations.c:272:23: warning: too many arguments for format [-Wformat-extra-args] vendor/cigraph/src/games/citations.c:284:23: warning: too many arguments for format [-Wformat-extra-args] vendor/cigraph/src/games/citations.c:342:19: warning: too many arguments for format [-Wformat-extra-args] vendor/cigraph/src/games/citations.c:415:23: warning: too many arguments for format [-Wformat-extra-args] vendor/cigraph/src/games/citations.c:420:23: warning: too many arguments for format [-Wformat-extra-args] vendor/cigraph/src/games/citations.c:429:23: warning: too many arguments for format [-Wformat-extra-args] vendor/cigraph/src/games/citations.c:436:23: warning: too many arguments for format [-Wformat-extra-args] vendor/cigraph/src/games/degree_sequence_vl/gengraph_graph_molloy_optimized.cpp:369:27: warning: too many arguments for format [-Wformat-extra-args] vendor/cigraph/src/games/degree_sequence_vl/gengraph_graph_molloy_optimized.cpp:718:25: warning: too many arguments for format [-Wformat-extra-args] vendor/cigraph/src/games/dotproduct.c:256:23: warning: too many arguments for format [-Wformat-extra-args] vendor/cigraph/src/games/dotproduct.c:260:23: warning: too many arguments for format [-Wformat-extra-args] vendor/cigraph/src/games/islands.c:78:23: warning: too many arguments for format [-Wformat-extra-args] vendor/cigraph/src/games/islands.c:81:23: warning: too many arguments for format [-Wformat-extra-args] vendor/cigraph/src/games/islands.c:87:23: warning: too many arguments for format [-Wformat-extra-args] vendor/cigraph/src/games/islands.c:93:13: warning: too many arguments for format [-Wformat-extra-args] vendor/cigraph/src/games/recent_degree.c:87:23: warning: too many arguments for format [-Wformat-extra-args] vendor/cigraph/src/games/recent_degree.c:90:23: warning: too many arguments for format [-Wformat-extra-args] vendor/cigraph/src/games/recent_degree.c:94:23: warning: too many arguments for format [-Wformat-extra-args] vendor/cigraph/src/games/recent_degree.c:98:23: warning: too many arguments for format [-Wformat-extra-args] vendor/cigraph/src/games/recent_degree.c:262:23: warning: too many arguments for format [-Wformat-extra-args] vendor/cigraph/src/games/recent_degree.c:265:23: warning: too many arguments for format [-Wformat-extra-args] vendor/cigraph/src/games/recent_degree.c:269:23: warning: too many arguments for format [-Wformat-extra-args] vendor/cigraph/src/games/recent_degree.c:272:23: warning: too many arguments for format [-Wformat-extra-args] vendor/cigraph/src/games/recent_degree.c:275:23: warning: too many arguments for format [-Wformat-extra-args] vendor/cigraph/src/games/sbm.c:106:23: warning: too many arguments for format [-Wformat-extra-args] vendor/cigraph/src/games/sbm.c:113:27: warning: too many arguments for format [-Wformat-extra-args] vendor/cigraph/src/games/sbm.c:119:23: warning: too many arguments for format [-Wformat-extra-args] vendor/cigraph/src/games/static_fitness.c:114:23: warning: too many arguments for format [-Wformat-extra-args] vendor/cigraph/src/games/static_fitness.c:373:23: warning: too many arguments for format [-Wformat-extra-args] vendor/cigraph/src/graph/adjlist.c:396:13: warning: too many arguments for format [-Wformat-extra-args] vendor/cigraph/src/graph/type_indexededgelist.c:267:23: warning: too many arguments for format [-Wformat-extra-args] vendor/cigraph/src/graph/type_indexededgelist.c:393:23: warning: too many arguments for format [-Wformat-extra-args] vendor/cigraph/src/hrg/hrg.cc:293:23: warning: too many arguments for format [-Wformat-extra-args] vendor/cigraph/src/hrg/hrg.cc:961:23: warning: too many arguments for format [-Wformat-extra-args] vendor/cigraph/src/internal/lsap.c:669:23: warning: too many arguments for format [-Wformat-extra-args] vendor/cigraph/src/internal/lsap.c:674:23: warning: too many arguments for format [-Wformat-extra-args] vendor/cigraph/src/io/dimacs.c:244:39: warning: too many arguments for format [-Wformat-extra-args] vendor/cigraph/src/io/dimacs.c:70:27: warning: too many arguments for format [-Wformat-extra-args] vendor/cigraph/src/io/gml.c:205:23: warning: too many arguments for format [-Wformat-extra-args] vendor/cigraph/src/io/gml.c:234:23: warning: too many arguments for format [-Wformat-extra-args] vendor/cigraph/src/io/gml.c:478:25: warning: too many arguments for format [-Wformat-extra-args] vendor/cigraph/src/io/gml.c:490:23: warning: too many arguments for format [-Wformat-extra-args] vendor/cigraph/src/io/gml.c:530:31: warning: too many arguments for format [-Wformat-extra-args] vendor/cigraph/src/io/gml.c:547:39: warning: too many arguments for format [-Wformat-extra-args] vendor/cigraph/src/io/gml.c:552:39: warning: too many arguments for format [-Wformat-extra-args] vendor/cigraph/src/io/gml.c:559:39: warning: too many arguments for format [-Wformat-extra-args] vendor/cigraph/src/io/gml.c:576:31: warning: too many arguments for format [-Wformat-extra-args] vendor/cigraph/src/io/gml.c:589:39: warning: too many arguments for format [-Wformat-extra-args] vendor/cigraph/src/io/gml.c:595:39: warning: too many arguments for format [-Wformat-extra-args] vendor/cigraph/src/io/gml.c:602:39: warning: too many arguments for format [-Wformat-extra-args] vendor/cigraph/src/io/gml.c:608:39: warning: too many arguments for format [-Wformat-extra-args] vendor/cigraph/src/io/gml.c:617:31: warning: too many arguments for format [-Wformat-extra-args] vendor/cigraph/src/io/gml.c:621:31: warning: too many arguments for format [-Wformat-extra-args] vendor/cigraph/src/io/gml.c:628:33: warning: too many arguments for format [-Wformat-extra-args] vendor/cigraph/src/io/gml.c:636:25: warning: too many arguments for format [-Wformat-extra-args] vendor/cigraph/src/io/gml.c:644:33: warning: too many arguments for format [-Wformat-extra-args] vendor/cigraph/src/io/gml.c:754:31: warning: too many arguments for format [-Wformat-extra-args] vendor/cigraph/src/io/gml.c:759:31: warning: too many arguments for format [-Wformat-extra-args] vendor/cigraph/src/isomorphism/bliss.cc:153:27: warning: too many arguments for format [-Wformat-extra-args] vendor/cigraph/src/isomorphism/isoclasses.c:2762:9: warning: too many arguments for format [-Wformat-extra-args] vendor/cigraph/src/isomorphism/isoclasses.c:2923:27: warning: too many arguments for format [-Wformat-extra-args] vendor/cigraph/src/isomorphism/isoclasses.c:2928:27: warning: too many arguments for format [-Wformat-extra-args] vendor/cigraph/src/layout/gem.c:91:23: warning: too many arguments for format [-Wformat-extra-args] vendor/cigraph/src/layout/gem.c:96:23: warning: too many arguments for format [-Wformat-extra-args] vendor/cigraph/src/layout/gem.c:100:23: warning: too many arguments for format [-Wformat-extra-args] vendor/cigraph/src/layout/large_graph.c:125:23: warning: too many arguments for format [-Wformat-extra-args] vendor/cigraph/src/layout/layout_bipartite.c:61:23: warning: too many arguments for format [-Wformat-extra-args] vendor/cigraph/src/layout/umap.c:1051:23: warning: too many arguments for format [-Wformat-extra-args] vendor/cigraph/src/layout/umap.c:1056:23: warning: too many arguments for format [-Wformat-extra-args] vendor/cigraph/src/layout/umap.c:1083:27: warning: too many arguments for format [-Wformat-extra-args] vendor/cigraph/src/linalg/blas.c:122:23: warning: too many arguments for format [-Wformat-extra-args] vendor/cigraph/src/linalg/blas.c:127:23: warning: too many arguments for format [-Wformat-extra-args] vendor/cigraph/src/math/safe_intop.c:87:23: warning: too many arguments for format [-Wformat-extra-args] vendor/cigraph/src/math/safe_intop.c:99:23: warning: too many arguments for format [-Wformat-extra-args] vendor/cigraph/src/misc/bipartite.c:803:23: warning: too many arguments for format [-Wformat-extra-args] vendor/cigraph/src/misc/bipartite.c:834:29: warning: too many arguments for format [-Wformat-extra-args] vendor/cigraph/src/misc/chordality.c:299:23: warning: too many arguments for format [-Wformat-extra-args] vendor/cigraph/src/misc/chordality.c:304:23: warning: too many arguments for format [-Wformat-extra-args] vendor/cigraph/src/misc/mixing.c:488:23: warning: too many arguments for format [-Wformat-extra-args] vendor/cigraph/src/misc/mixing.c:617:23: warning: too many arguments for format [-Wformat-extra-args] vendor/cigraph/src/misc/motifs.c:154:23: warning: too many arguments for format [-Wformat-extra-args] vendor/cigraph/src/misc/motifs.c:307:23: warning: too many arguments for format [-Wformat-extra-args] vendor/cigraph/src/misc/motifs.c:559:23: warning: too many arguments for format [-Wformat-extra-args] vendor/cigraph/src/misc/motifs.c:564:23: warning: too many arguments for format [-Wformat-extra-args] vendor/cigraph/src/misc/motifs.c:764:23: warning: too many arguments for format [-Wformat-extra-args] vendor/cigraph/src/misc/motifs.c:769:23: warning: too many arguments for format [-Wformat-extra-args] vendor/cigraph/src/misc/other.c:59:23: warning: too many arguments for format [-Wformat-extra-args] vendor/cigraph/src/misc/other.c:62:23: warning: too many arguments for format [-Wformat-extra-args] vendor/cigraph/src/misc/scan.c:506:23: warning: too many arguments for format [-Wformat-extra-args] vendor/cigraph/src/misc/scan.c:611:23: warning: too many arguments for format [-Wformat-extra-args] vendor/cigraph/src/misc/scan.c:616:23: warning: too many arguments for format [-Wformat-extra-args] vendor/cigraph/src/operators/connect_neighborhood.c:80:23: warning: too many arguments for format [-Wformat-extra-args] vendor/cigraph/src/operators/connect_neighborhood.c:216:23: warning: too many arguments for format [-Wformat-extra-args] vendor/cigraph/src/operators/contract.c:73:23: warning: too many arguments for format [-Wformat-extra-args] vendor/cigraph/src/paths/astar.c:128:27: warning: too many arguments for format [-Wformat-extra-args] vendor/cigraph/src/paths/bellman_ford.c:101:23: warning: too many arguments for format [-Wformat-extra-args] vendor/cigraph/src/paths/dijkstra.c:118:23: warning: too many arguments for format [-Wformat-extra-args] vendor/cigraph/src/paths/distances.c:328:23: warning: too many arguments for format [-Wformat-extra-args] vendor/cigraph/src/paths/distances.c:765:23: warning: too many arguments for format [-Wformat-extra-args] vendor/cigraph/src/paths/johnson.c:103:23: warning: too many arguments for format [-Wformat-extra-args] vendor/cigraph/src/paths/random_walk.c:314:23: warning: too many arguments for format [-Wformat-extra-args] vendor/cigraph/src/paths/random_walk.c:320:23: warning: too many arguments for format [-Wformat-extra-args] vendor/cigraph/src/paths/shortest_paths.c:181:23: warning: too many arguments for format [-Wformat-extra-args] vendor/cigraph/src/paths/shortest_paths.c:1188:23: warning: too many arguments for format [-Wformat-extra-args] vendor/cigraph/src/paths/voronoi.c:180:23: warning: too many arguments for format [-Wformat-extra-args] vendor/cigraph/src/paths/widest_paths.c:144:23: warning: too many arguments for format [-Wformat-extra-args] vendor/cigraph/src/paths/widest_paths.c:471:23: warning: too many arguments for format [-Wformat-extra-args] vendor/cigraph/src/paths/widest_paths.c:623:23: warning: too many arguments for format [-Wformat-extra-args] vendor/cigraph/src/properties/degrees.c:445:23: warning: too many arguments for format [-Wformat-extra-args] vendor/cigraph/src/properties/ecc.c:390:23: warning: too many arguments for format [-Wformat-extra-args] vendor/cigraph/src/properties/neighborhood.c:83:23: warning: too many arguments for format [-Wformat-extra-args] vendor/cigraph/src/properties/neighborhood.c:88:23: warning: too many arguments for format [-Wformat-extra-args] vendor/cigraph/src/properties/triangles.c:868:23: warning: too many arguments for format [-Wformat-extra-args] src/vendor/cigraph/src/io/dl-parser.y:107:22: warning: too many arguments for format [-Wformat-extra-args] src/vendor/cigraph/src/io/dl-parser.y:110:22: warning: too many arguments for format [-Wformat-extra-args] src/vendor/cigraph/src/io/dl-parser.y:346:23: warning: too many arguments for format [-Wformat-extra-args] src/vendor/cigraph/src/io/dl-parser.y:350:23: warning: too many arguments for format [-Wformat-extra-args] src/vendor/cigraph/src/io/pajek-parser.y:209:22: warning: too many arguments for format [-Wformat-extra-args] src/vendor/cigraph/src/io/pajek-parser.y:212:22: warning: too many arguments for format [-Wformat-extra-args] src/vendor/cigraph/src/io/pajek-parser.y:219:22: warning: too many arguments for format [-Wformat-extra-args] src/vendor/cigraph/src/io/pajek-parser.y:222:22: warning: too many arguments for format [-Wformat-extra-args] src/vendor/cigraph/src/io/pajek-parser.y:225:22: warning: too many arguments for format [-Wformat-extra-args] src/vendor/cigraph/src/io/pajek-parser.y:228:22: warning: too many arguments for format [-Wformat-extra-args] src/vendor/cigraph/src/io/pajek-parser.y:243:19: warning: too many arguments for format [-Wformat-extra-args] Flavor: r-oldrel-windows-x86_64