CRAN Package Check Results for Package igraph

Last updated on 2021-01-16 10:08:50 CET.

Flavor Version Tinstall Tcheck Ttotal Status Flags
r-devel-linux-x86_64-debian-clang 1.2.6 244.26 220.07 464.33 OK
r-devel-linux-x86_64-debian-gcc 1.2.6 166.80 164.65 331.45 OK
r-devel-linux-x86_64-fedora-clang 1.2.6 624.08 NOTE
r-devel-linux-x86_64-fedora-gcc 1.2.6 592.79 OK
r-devel-windows-ix86+x86_64 1.2.6 608.00 368.00 976.00 NOTE
r-patched-linux-x86_64 1.2.6 198.83 199.48 398.31 OK
r-patched-solaris-x86 1.2.6 689.60 NOTE
r-release-linux-x86_64 1.2.6 194.57 202.03 396.60 OK
r-release-macos-x86_64 1.2.6 NOTE
r-release-windows-ix86+x86_64 1.2.6 700.00 345.00 1045.00 NOTE
r-oldrel-macos-x86_64 1.2.6 NOTE
r-oldrel-windows-ix86+x86_64 1.2.6 673.00 397.00 1070.00 NOTE

Check Details

Version: 1.2.6
Check: installed package size
Result: NOTE
     installed size is 17.7Mb
     sub-directories of 1Mb or more:
     R 1.4Mb
     help 1.1Mb
     libs 14.7Mb
Flavors: r-devel-linux-x86_64-fedora-clang, r-devel-windows-ix86+x86_64, r-patched-solaris-x86, r-release-macos-x86_64, r-release-windows-ix86+x86_64, r-oldrel-macos-x86_64, r-oldrel-windows-ix86+x86_64

Version: 1.2.6
Check: dependencies in R code
Result: NOTE
    No protocol specified
    No protocol specified
Flavor: r-oldrel-macos-x86_64