CRAN Package Check Results for Package igraph

Last updated on 2017-07-25 18:46:53.

Flavor Version Tinstall Tcheck Ttotal Status Flags
r-devel-linux-x86_64-debian-clang 1.1.2 166.60 212.71 379.31 OK
r-devel-linux-x86_64-debian-gcc 1.1.2 161.04 203.24 364.28 OK
r-devel-linux-x86_64-fedora-clang 1.1.2 447.39 NOTE
r-devel-linux-x86_64-fedora-gcc 1.1.2 575.73 NOTE
r-devel-windows-ix86+x86_64 1.1.2 748.00 670.00 1418.00 NOTE
r-patched-linux-x86_64 1.1.2 155.47 203.02 358.49 OK
r-patched-solaris-x86 1.1.2 825.40 NOTE
r-release-linux-x86_64 1.1.2 156.85 205.29 362.14 OK
r-release-windows-ix86+x86_64 1.1.2 696.00 602.00 1298.00 NOTE
r-release-osx-x86_64 1.1.2 NOTE
r-oldrel-windows-ix86+x86_64 1.1.2 630.00 664.00 1294.00 NOTE
r-oldrel-osx-x86_64 1.1.2 NOTE

Additional issues

clang-UBSAN gcc-UBSAN rchk valgrind

Check Details

Version: 1.1.2
Check: installed package size
Result: NOTE
     installed size is 17.1Mb
     sub-directories of 1Mb or more:
     help 1.1Mb
     libs 15.0Mb
Flavors: r-devel-linux-x86_64-fedora-clang, r-devel-linux-x86_64-fedora-gcc, r-devel-windows-ix86+x86_64, r-patched-solaris-x86, r-release-windows-ix86+x86_64, r-release-osx-x86_64, r-oldrel-windows-ix86+x86_64, r-oldrel-osx-x86_64

Version: 1.1.2
Check: package dependencies
Result: NOTE
    Package suggested but not available for checking: ‘graph’
Flavor: r-release-osx-x86_64