CRAN Package Check Results for Package igraph

Last updated on 2014-04-19 09:52:21.

Flavor Version Tinstall Tcheck Ttotal Status Flags
r-devel-linux-x86_64-debian-clang 0.7.0 80.37 94.74 175.11 NOTE
r-devel-linux-x86_64-debian-gcc 0.7.0 113.81 96.14 209.96 WARN
r-devel-linux-x86_64-fedora-clang 0.7.0 334.64 NOTE
r-devel-linux-x86_64-fedora-gcc 0.7.0 359.53 WARN
r-devel-macosx-x86_64-clang 0.7.0 291.82 NOTE
r-devel-macosx-x86_64-gcc 0.7.0 ERROR
r-devel-windows-ix86+x86_64 0.7.0 550.00 151.00 701.00 NOTE
r-patched-linux-x86_64 0.7.0 113.32 97.09 210.42 WARN
r-patched-solaris-sparc 0.7.0 1946.20 NOTE
r-patched-solaris-x86 0.7.0 523.20 NOTE
r-release-linux-ix86 0.7.0 271.00 149.00 420.00 WARN
r-release-linux-x86_64 0.7.0 112.88 96.58 209.46 WARN
r-release-macosx-x86_64 0.7.0 ERROR
r-release-windows-ix86+x86_64 0.7.0 282.00 1.00 283.00 NOTE
r-oldrel-windows-ix86+x86_64 0.7.0 229.00 9.00 238.00 NOTE

Memtest notes: UBSAN

Check Details

Version: 0.7.0
Check: installed package size
Result: NOTE
     installed size is 14.3Mb
     sub-directories of 1Mb or more:
     libs 12.2Mb
Flavors: r-devel-linux-x86_64-debian-clang, r-devel-linux-x86_64-debian-gcc, r-devel-linux-x86_64-fedora-clang, r-devel-linux-x86_64-fedora-gcc, r-devel-macosx-x86_64-clang, r-devel-macosx-x86_64-gcc, r-devel-windows-ix86+x86_64, r-patched-linux-x86_64, r-patched-solaris-sparc, r-patched-solaris-x86, r-release-linux-ix86, r-release-linux-x86_64, r-release-macosx-x86_64, r-release-windows-ix86+x86_64, r-oldrel-windows-ix86+x86_64

Version: 0.7.0
Check: whether package can be installed
Result: WARNING
    Found the following significant warnings:
     prpack/prpack_result.h:16:18: warning: ISO C++ 1998 does not support ‘long long’ [-Wlong-long]
     prpack/prpack_result.h:16:18: warning: ISO C++ 1998 does not support ‘long long’ [-Wlong-long]
     prpack/prpack_result.h:16:18: warning: ISO C++ 1998 does not support ‘long long’ [-Wlong-long]
     prpack_solver.cpp:435:10: warning: ISO C++ 1998 does not support ‘long long’ [-Wlong-long]
     prpack_solver.cpp:435:32: warning: ISO C++ 1998 does not support ‘long long’ [-Wlong-long]
    See ‘/home/hornik/tmp/R.check/r-devel-gcc/Work/PKGS/igraph.Rcheck/00install.out’ for details.
Flavor: r-devel-linux-x86_64-debian-gcc

Version: 0.7.0
Check: whether package can be installed
Result: WARNING
    Found the following significant warnings:
     prpack/prpack_result.h:16:18: warning: ISO C++ 1998 does not support ‘long long’ [-Wlong-long]
     prpack/prpack_result.h:16:18: warning: ISO C++ 1998 does not support ‘long long’ [-Wlong-long]
     prpack/prpack_result.h:16:18: warning: ISO C++ 1998 does not support ‘long long’ [-Wlong-long]
     prpack_solver.cpp:435:10: warning: ISO C++ 1998 does not support ‘long long’ [-Wlong-long]
     prpack_solver.cpp:435:32: warning: ISO C++ 1998 does not support ‘long long’ [-Wlong-long]
    See ‘/data/gannet/ripley/R/packages/tests-devel/igraph.Rcheck/00install.out’ for details.
Flavor: r-devel-linux-x86_64-fedora-gcc

Version: 0.7.0
Check: package dependencies
Result: NOTE
    Package suggested but not available for checking: ‘graph’
Flavors: r-devel-macosx-x86_64-gcc, r-release-macosx-x86_64

Version: 0.7.0
Check: R code for possible problems
Result: NOTE
    igraph.from.graphNEL: no visible global function definition for ‘edgeL’
    igraph.from.graphNEL: no visible global function definition for
     ‘edgemode’
    igraph.from.graphNEL: no visible global function definition for ‘nodes’
    igraph.from.graphNEL: no visible global function definition for
     ‘nodeDataDefaults’
    igraph.from.graphNEL: no visible global function definition for
     ‘nodeData’
    igraph.from.graphNEL: no visible global function definition for
     ‘edgeDataDefaults’
    igraph.from.graphNEL: no visible global function definition for
     ‘edgeData’
    igraph.to.graphNEL: no visible global function definition for
     ‘nodeDataDefaults<-’
    igraph.to.graphNEL: no visible global function definition for
     ‘nodeData<-’
    igraph.to.graphNEL: no visible global function definition for
     ‘edgeDataDefaults<-’
Flavors: r-devel-macosx-x86_64-gcc, r-release-macosx-x86_64

Version: 0.7.0
Check: examples
Result: ERROR
    Running examples in ‘igraph-Ex.R’ failed
    The error most likely occurred in:
    
    > ### Name: conversion between igraph and graphNEL graphs
    > ### Title: Convert igraph graphs to graphNEL objects or back
    > ### Aliases: igraph.from.graphNEL igraph.to.graphNEL
    > ### Keywords: graphs
    >
    > ### ** Examples
    >
    > ## Undirected
    > g <- graph.ring(10)
    > V(g)$name <- letters[1:10]
    > GNEL <- igraph.to.graphNEL(g)
    Error in library(graph, pos = "package:base") :
     there is no package called ‘graph’
    Calls: igraph.to.graphNEL -> library
    Execution halted
Flavors: r-devel-macosx-x86_64-gcc, r-release-macosx-x86_64

Version: 0.7.0
Check: whether package can be installed
Result: WARNING
    Found the following significant warnings:
     prpack/prpack_result.h:16:18: warning: ISO C++ 1998 does not support ‘long long’ [-Wlong-long]
     prpack/prpack_result.h:16:18: warning: ISO C++ 1998 does not support ‘long long’ [-Wlong-long]
     prpack/prpack_result.h:16:18: warning: ISO C++ 1998 does not support ‘long long’ [-Wlong-long]
     prpack_solver.cpp:435:10: warning: ISO C++ 1998 does not support ‘long long’ [-Wlong-long]
     prpack_solver.cpp:435:32: warning: ISO C++ 1998 does not support ‘long long’ [-Wlong-long]
    See ‘/home/hornik/tmp/R.check/r-patched-gcc/Work/PKGS/igraph.Rcheck/00install.out’ for details.
Flavor: r-patched-linux-x86_64

Version: 0.7.0
Check: whether package can be installed
Result: WARNING
    Found the following significant warnings:
     prpack/prpack_result.h:16:18: warning: ISO C++ 1998 does not support ‘long long’ [-Wlong-long]
     prpack/prpack_result.h:16:18: warning: ISO C++ 1998 does not support ‘long long’ [-Wlong-long]
     prpack/prpack_result.h:16:18: warning: ISO C++ 1998 does not support ‘long long’ [-Wlong-long]
     prpack_solver.cpp:435:10: warning: ISO C++ 1998 does not support ‘long long’ [-Wlong-long]
     prpack_solver.cpp:435:32: warning: ISO C++ 1998 does not support ‘long long’ [-Wlong-long]
    See ‘/home/hornik/tmp/R.check/r-release-gcc/Work/PKGS/igraph.Rcheck/00install.out’ for details.
Flavors: r-release-linux-ix86, r-release-linux-x86_64