CRAN Package Check Results for Package igraph

Last updated on 2020-08-10 23:49:30 CEST.

Flavor Version Tinstall Tcheck Ttotal Status Flags
r-devel-linux-x86_64-debian-clang 1.2.5 242.76 276.84 519.60 WARN
r-devel-linux-x86_64-debian-gcc 1.2.5 183.77 209.76 393.53 OK
r-devel-linux-x86_64-fedora-clang 1.2.5 691.38 WARN
r-devel-linux-x86_64-fedora-gcc 1.2.5 618.66 OK
r-devel-windows-ix86+x86_64 1.2.5 767.00 777.00 1544.00 NOTE
r-patched-linux-x86_64 1.2.5 194.38 273.11 467.49 OK
r-patched-solaris-x86 1.2.5 944.80 NOTE
r-release-linux-x86_64 1.2.5 199.65 272.33 471.98 OK
r-release-macos-x86_64 1.2.5 NOTE
r-release-windows-ix86+x86_64 1.2.5 755.00 775.00 1530.00 NOTE
r-oldrel-macos-x86_64 1.2.5 NOTE
r-oldrel-windows-ix86+x86_64 1.2.5 601.00 672.00 1273.00 NOTE

Check Details

Version: 1.2.5
Check: whether package can be installed
Result: WARN
    Found the following significant warnings:
     ./vector.pmt:246:16: warning: passing an object that undergoes default argument promotion to 'va_start' has undefined behavior [-Wvarargs]
     ./vector.pmt:259:16: warning: passing an object that undergoes default argument promotion to 'va_start' has undefined behavior [-Wvarargs]
Flavors: r-devel-linux-x86_64-debian-clang, r-devel-linux-x86_64-fedora-clang

Version: 1.2.5
Check: installed package size
Result: NOTE
     installed size is 17.4Mb
     sub-directories of 1Mb or more:
     R 1.4Mb
     help 1.1Mb
     libs 14.4Mb
Flavors: r-devel-linux-x86_64-fedora-clang, r-devel-windows-ix86+x86_64, r-patched-solaris-x86, r-release-macos-x86_64, r-release-windows-ix86+x86_64, r-oldrel-macos-x86_64, r-oldrel-windows-ix86+x86_64

Version: 1.2.5
Check: dependencies in R code
Result: NOTE
    No protocol specified
    No protocol specified
Flavor: r-oldrel-macos-x86_64