CRAN Package Check Results for Package igraph

Last updated on 2014-07-23 08:49:48.

Flavor Version Tinstall Tcheck Ttotal Status Flags
r-devel-linux-x86_64-debian-clang 0.7.1 73.86 85.28 159.14 NOTE
r-devel-linux-x86_64-debian-gcc 0.7.1 118.19 83.96 202.15 WARN
r-devel-linux-x86_64-fedora-clang 0.7.1 327.65 NOTE
r-devel-linux-x86_64-fedora-gcc 0.7.1 352.76 WARN
r-devel-osx-x86_64-clang 0.7.1 320.86 NOTE
r-devel-windows-ix86+x86_64 0.7.1 468.00 181.00 649.00 NOTE
r-patched-linux-x86_64 0.7.1 117.06 83.28 200.34 WARN
r-patched-solaris-sparc 0.7.1 1854.60 NOTE
r-patched-solaris-x86 0.7.1 508.30 NOTE
r-release-linux-ix86 0.7.1 152.60 104.13 256.74 WARN
r-release-linux-x86_64 0.7.1 118.01 83.82 201.84 WARN
r-release-osx-x86_64-mavericks 0.7.1 NOTE
r-release-osx-x86_64-snowleopard 0.7.1 NOTE
r-release-windows-ix86+x86_64 0.7.1 478.00 148.00 626.00 NOTE
r-oldrel-windows-ix86+x86_64 0.7.1 472.00 184.00 656.00 NOTE

Memtest notes: UBSAN

Check Details

Version: 0.7.1
Check: installed package size
Result: NOTE
     installed size is 14.2Mb
     sub-directories of 1Mb or more:
     libs 12.1Mb
Flavors: r-devel-linux-x86_64-debian-clang, r-devel-linux-x86_64-debian-gcc, r-devel-linux-x86_64-fedora-clang, r-devel-linux-x86_64-fedora-gcc, r-devel-osx-x86_64-clang, r-devel-windows-ix86+x86_64, r-patched-linux-x86_64, r-patched-solaris-sparc, r-patched-solaris-x86, r-release-linux-ix86, r-release-linux-x86_64, r-release-osx-x86_64-mavericks, r-release-osx-x86_64-snowleopard, r-release-windows-ix86+x86_64, r-oldrel-windows-ix86+x86_64

Version: 0.7.1
Check: whether package can be installed
Result: WARNING
    Found the following significant warnings:
     prpack_solver.cpp:435:10: warning: ISO C++ 1998 does not support ‘long long’ [-Wlong-long]
     prpack_solver.cpp:435:32: warning: ISO C++ 1998 does not support ‘long long’ [-Wlong-long]
    See ‘/home/hornik/tmp/R.check/r-devel-gcc/Work/PKGS/igraph.Rcheck/00install.out’ for details.
Flavor: r-devel-linux-x86_64-debian-gcc

Version: 0.7.1
Check: whether package can be installed
Result: WARNING
    Found the following significant warnings:
     prpack_solver.cpp:435:10: warning: ISO C++ 1998 does not support ‘long long’ [-Wlong-long]
     prpack_solver.cpp:435:32: warning: ISO C++ 1998 does not support ‘long long’ [-Wlong-long]
    See ‘/data/gannet/ripley/R/packages/tests-devel/igraph.Rcheck/00install.out’ for details.
Flavor: r-devel-linux-x86_64-fedora-gcc

Version: 0.7.1
Check: whether package can be installed
Result: WARNING
    Found the following significant warnings:
     prpack_solver.cpp:435:10: warning: ISO C++ 1998 does not support ‘long long’ [-Wlong-long]
     prpack_solver.cpp:435:32: warning: ISO C++ 1998 does not support ‘long long’ [-Wlong-long]
    See ‘/home/hornik/tmp/R.check/r-patched-gcc/Work/PKGS/igraph.Rcheck/00install.out’ for details.
Flavor: r-patched-linux-x86_64

Version: 0.7.1
Check: whether package can be installed
Result: WARNING
    Found the following significant warnings:
     prpack_solver.cpp:435:10: warning: ISO C++ 1998 does not support ‘long long’ [-Wlong-long]
     prpack_solver.cpp:435:32: warning: ISO C++ 1998 does not support ‘long long’ [-Wlong-long]
    See ‘/home/hornik/tmp/R.check/r-release-gcc/Work/PKGS/igraph.Rcheck/00install.out’ for details.
Flavors: r-release-linux-ix86, r-release-linux-x86_64