CRAN Package Check Results for Package igraph

Last updated on 2018-10-18 07:48:29 CEST.

Flavor Version Tinstall Tcheck Ttotal Status Flags
r-devel-linux-x86_64-debian-clang 1.2.2 231.19 248.46 479.65 OK
r-devel-linux-x86_64-debian-gcc 1.2.2 172.23 197.56 369.79 WARN
r-devel-linux-x86_64-fedora-clang 1.2.2 615.71 NOTE
r-devel-linux-x86_64-fedora-gcc 1.2.2 552.19 WARN
r-devel-windows-ix86+x86_64 1.2.2 792.00 726.00 1518.00 NOTE
r-patched-linux-x86_64 1.2.2 205.47 242.10 447.57 OK
r-patched-solaris-x86 1.2.2 859.80 NOTE
r-release-linux-x86_64 1.2.2 203.35 246.41 449.76 OK
r-release-windows-ix86+x86_64 1.2.2 625.00 670.00 1295.00 NOTE
r-release-osx-x86_64 1.2.2 NOTE
r-oldrel-windows-ix86+x86_64 1.2.2 560.00 704.00 1264.00 NOTE
r-oldrel-osx-x86_64 1.2.2 NOTE

Additional issues

clang-UBSAN gcc-UBSAN rchk

Check Details

Version: 1.2.2
Check: whether package can be installed
Result: WARN
    Found the following significant warnings:
     DensityGrid.cpp:79:20: warning: catching polymorphic type ‘class std::bad_alloc’ by value [-Wcatch-value=]
     DensityGrid_3d.cpp:79:20: warning: catching polymorphic type ‘class std::bad_alloc’ by value [-Wcatch-value=]
Flavors: r-devel-linux-x86_64-debian-gcc, r-devel-linux-x86_64-fedora-gcc

Version: 1.2.2
Check: installed package size
Result: NOTE
     installed size is 16.6Mb
     sub-directories of 1Mb or more:
     R 1.4Mb
     help 1.1Mb
     libs 13.7Mb
Flavors: r-devel-linux-x86_64-fedora-clang, r-devel-windows-ix86+x86_64, r-patched-solaris-x86, r-release-windows-ix86+x86_64, r-release-osx-x86_64, r-oldrel-windows-ix86+x86_64, r-oldrel-osx-x86_64