CRAN Package Check Results for Package igraph

Last updated on 2021-04-22 12:53:59 CEST.

Flavor Version Tinstall Tcheck Ttotal Status Flags
r-devel-linux-x86_64-debian-clang 1.2.6 253.45 221.65 475.10 OK
r-devel-linux-x86_64-debian-gcc 1.2.6 170.10 165.70 335.80 OK
r-devel-linux-x86_64-fedora-clang 1.2.6 670.63 NOTE
r-devel-linux-x86_64-fedora-gcc 1.2.6 558.63 OK
r-devel-windows-ix86+x86_64 1.2.6 707.00 411.00 1118.00 NOTE
r-devel-windows-x86_64-gcc10-UCRT 1.2.6 NOTE
r-patched-linux-x86_64 1.2.6 206.58 199.55 406.13 WARN
r-patched-solaris-x86 1.2.6 716.70 NOTE
r-release-linux-x86_64 1.2.6 200.25 198.86 399.11 OK
r-release-macos-x86_64 1.2.6 NOTE
r-release-windows-ix86+x86_64 1.2.6 700.00 409.00 1109.00 NOTE
r-oldrel-macos-x86_64 1.2.6 NOTE
r-oldrel-windows-ix86+x86_64 1.2.6 580.00 390.00 970.00 NOTE

Check Details

Version: 1.2.6
Check: installed package size
Result: NOTE
     installed size is 17.1Mb
     sub-directories of 1Mb or more:
     R 1.4Mb
     help 1.1Mb
     libs 14.1Mb
Flavors: r-devel-linux-x86_64-fedora-clang, r-devel-windows-ix86+x86_64, r-patched-solaris-x86, r-release-macos-x86_64, r-release-windows-ix86+x86_64, r-oldrel-macos-x86_64, r-oldrel-windows-ix86+x86_64

Version: 1.2.6
Check: package dependencies
Result: NOTE
    Package suggested but not available for checking: 'rgl'
Flavor: r-devel-windows-x86_64-gcc10-UCRT

Version: 1.2.6
Check: whether package can be installed
Result: WARN
    Found the following significant warnings:
     Rd warning: /tmp/RtmpmwWhyG/R.INSTALL401540ea05be/igraph/man/cluster_leading_eigen.Rd:120: file link ‘as.dendrogram’ in package ‘stats’ does not exist and so has been treated as a topic
     Rd warning: /tmp/RtmpmwWhyG/R.INSTALL401540ea05be/igraph/man/plot.common.Rd:13: file link ‘plot’ in package ‘graphics’ does not exist and so has been treated as a topic
     Rd warning: /tmp/RtmpmwWhyG/R.INSTALL401540ea05be/igraph/man/plot.common.Rd:184: file link ‘tkfont.create’ in package ‘tcltk’ does not exist and so has been treated as a topic
     Rd warning: /tmp/RtmpmwWhyG/R.INSTALL401540ea05be/igraph/man/plot.common.Rd:186: file link ‘tkfont.create’ in package ‘tcltk’ does not exist and so has been treated as a topic
     Rd warning: /tmp/RtmpmwWhyG/R.INSTALL401540ea05be/igraph/man/plot.common.Rd:217: file link ‘tkfont.create’ in package ‘tcltk’ does not exist and so has been treated as a topic
Flavor: r-patched-linux-x86_64

Version: 1.2.6
Check: dependencies in R code
Result: NOTE
    No protocol specified
    No protocol specified
Flavor: r-oldrel-macos-x86_64