CRAN Package Check Results for Package igraph

Last updated on 2017-09-22 10:47:21.

Flavor Version Tinstall Tcheck Ttotal Status Flags
r-devel-linux-x86_64-debian-clang 1.1.2 154.27 174.72 329.00 OK
r-devel-linux-x86_64-debian-gcc 1.1.2 159.72 171.64 331.36 OK
r-devel-linux-x86_64-fedora-clang 1.1.2 623.25 NOTE
r-devel-linux-x86_64-fedora-gcc 1.1.2 583.31 NOTE
r-devel-windows-ix86+x86_64 1.1.2 707.00 431.00 1138.00 NOTE
r-patched-linux-x86_64 1.1.2 154.40 176.88 331.28 OK
r-patched-solaris-x86 1.1.2 938.40 NOTE
r-release-linux-x86_64 1.1.2 155.77 172.96 328.74 OK
r-release-windows-ix86+x86_64 1.1.2 767.00 684.00 1451.00 NOTE
r-release-osx-x86_64 1.1.2 NOTE
r-oldrel-windows-ix86+x86_64 1.1.2 706.00 400.00 1106.00 NOTE
r-oldrel-osx-x86_64 1.1.2 NOTE

Additional issues

clang-UBSAN gcc-UBSAN rchk valgrind

Check Details

Version: 1.1.2
Check: installed package size
Result: NOTE
     installed size is 17.3Mb
     sub-directories of 1Mb or more:
     help 1.1Mb
     libs 15.2Mb
Flavors: r-devel-linux-x86_64-fedora-clang, r-devel-linux-x86_64-fedora-gcc, r-devel-windows-ix86+x86_64, r-patched-solaris-x86, r-release-windows-ix86+x86_64, r-release-osx-x86_64, r-oldrel-windows-ix86+x86_64, r-oldrel-osx-x86_64

Version: 1.1.2
Check: package dependencies
Result: NOTE
    Package suggested but not available for checking: ‘graph’
Flavor: r-release-osx-x86_64