CRAN Package Check Results for Package igraphdata

Last updated on 2014-11-25 23:46:48.

Flavor Version Tinstall Tcheck Ttotal Status Flags
r-devel-linux-x86_64-debian-clang 0.2 0.76 5.90 6.66 NOTE
r-devel-linux-x86_64-debian-gcc 0.2 0.72 5.74 6.47 NOTE
r-devel-linux-x86_64-fedora-clang 0.2 14.25 NOTE
r-devel-linux-x86_64-fedora-gcc 0.2 14.24 NOTE
r-devel-osx-x86_64-clang 0.2 17.35 NOTE
r-devel-windows-ix86+x86_64 0.2 2.00 11.00 13.00 OK
r-patched-linux-x86_64 0.2 0.71 5.66 6.37 NOTE
r-patched-solaris-sparc 0.2 72.40 NOTE
r-patched-solaris-x86 0.2 21.10 NOTE
r-release-linux-ix86 0.2 1.06 9.46 10.52 NOTE
r-release-linux-x86_64 0.2 0.72 5.88 6.60 NOTE
r-release-osx-x86_64-mavericks 0.2 OK
r-release-osx-x86_64-snowleopard 0.2 OK
r-release-windows-ix86+x86_64 0.2 2.00 11.00 13.00 OK
r-oldrel-windows-ix86+x86_64 0.2 3.00 11.00 14.00 OK

Check Details

Version: 0.2
Check: DESCRIPTION meta-information
Result: NOTE
    Deprecated license: CC BY-SA 2.0 + file LICENSE
Flavors: r-devel-linux-x86_64-debian-clang, r-devel-linux-x86_64-debian-gcc, r-devel-linux-x86_64-fedora-clang, r-devel-linux-x86_64-fedora-gcc, r-devel-osx-x86_64-clang, r-patched-linux-x86_64, r-patched-solaris-sparc, r-patched-solaris-x86, r-release-linux-ix86, r-release-linux-x86_64