CRAN Package Check Results for Package igraphdata

Last updated on 2015-03-03 05:46:56.

Flavor Version Tinstall Tcheck Ttotal Status Flags
r-devel-linux-x86_64-debian-clang 0.2 0.72 5.74 6.46 NOTE
r-devel-linux-x86_64-debian-gcc 0.2 0.77 5.70 6.47 NOTE
r-devel-linux-x86_64-fedora-clang 0.2 11.82 NOTE
r-devel-linux-x86_64-fedora-gcc 0.2 11.43 NOTE
r-devel-osx-x86_64-clang 0.2 16.35 NOTE
r-devel-windows-ix86+x86_64 0.2 5.00 14.00 19.00 OK
r-patched-linux-x86_64 0.2 0.72 6.02 6.74 NOTE
r-patched-solaris-sparc 0.2 78.60 NOTE
r-patched-solaris-x86 0.2 21.80 NOTE
r-release-linux-ix86 0.2 1.14 9.60 10.74 NOTE
r-release-linux-x86_64 0.2 0.77 5.94 6.71 NOTE
r-release-osx-x86_64-mavericks 0.2 NOTE
r-release-osx-x86_64-snowleopard 0.2 OK
r-release-windows-ix86+x86_64 0.2 6.00 12.00 18.00 OK
r-oldrel-windows-ix86+x86_64 0.2 3.00 12.00 15.00 OK

Check Details

Version: 0.2
Check: DESCRIPTION meta-information
Result: NOTE
    Deprecated license: CC BY-SA 2.0 + file LICENSE
Flavors: r-devel-linux-x86_64-debian-clang, r-devel-linux-x86_64-debian-gcc, r-devel-linux-x86_64-fedora-clang, r-devel-linux-x86_64-fedora-gcc, r-devel-osx-x86_64-clang, r-patched-linux-x86_64, r-patched-solaris-sparc, r-patched-solaris-x86, r-release-linux-ix86, r-release-linux-x86_64, r-release-osx-x86_64-mavericks