CRAN Package Check Results for Package igraphdata

Last updated on 2014-09-22 19:48:29.

Flavor Version Tinstall Tcheck Ttotal Status Flags
r-devel-linux-x86_64-debian-clang 0.2 0.67 5.90 6.57 NOTE
r-devel-linux-x86_64-debian-gcc 0.2 0.63 5.51 6.14 NOTE
r-devel-linux-x86_64-fedora-clang 0.2 12.74 NOTE
r-devel-linux-x86_64-fedora-gcc 0.2 12.33 NOTE
r-devel-osx-x86_64-clang 0.2 16.96 NOTE
r-devel-windows-ix86+x86_64 0.2 2.00 10.00 12.00 OK
r-patched-linux-x86_64 0.2 0.65 5.32 5.98 NOTE
r-patched-solaris-sparc 0.2 72.40 NOTE
r-patched-solaris-x86 0.2 19.60 NOTE
r-release-linux-ix86 0.2 1.10 9.38 10.47 OK
r-release-linux-x86_64 0.2 0.66 5.74 6.41 OK
r-release-osx-x86_64-mavericks 0.2 OK
r-release-osx-x86_64-snowleopard 0.2 OK
r-release-windows-ix86+x86_64 0.2 2.00 10.00 12.00 OK
r-oldrel-windows-ix86+x86_64 0.2 3.00 11.00 14.00 OK

Check Details

Version: 0.2
Check: DESCRIPTION meta-information
Result: NOTE
    Deprecated license: CC BY-SA 2.0 + file LICENSE
Flavors: r-devel-linux-x86_64-debian-clang, r-devel-linux-x86_64-debian-gcc, r-devel-linux-x86_64-fedora-clang, r-devel-linux-x86_64-fedora-gcc, r-devel-osx-x86_64-clang, r-patched-linux-x86_64, r-patched-solaris-sparc, r-patched-solaris-x86