CRAN Package Check Results for Package igraphdata

Last updated on 2015-05-28 19:47:20.

Flavor Version Tinstall Tcheck Ttotal Status Flags
r-devel-linux-x86_64-debian-clang 0.2.2 0.65 5.90 6.56 OK
r-devel-linux-x86_64-debian-gcc 0.2.2 0.65 5.46 6.10 OK
r-devel-linux-x86_64-fedora-clang 0.2.2 11.67 OK
r-devel-linux-x86_64-fedora-gcc 0.2.2 11.62 OK
r-devel-osx-x86_64-clang 0.2.2 16.06 OK
r-devel-windows-ix86+x86_64 0.2.2 2.00 11.00 13.00 OK
r-patched-linux-x86_64 0.2.2 0.64 5.52 6.16 OK
r-patched-solaris-sparc 0.2.2 73.00 OK
r-patched-solaris-x86 0.2.2 18.20 OK
r-release-linux-x86_64 0.2.2 0.68 5.64 6.32 OK
r-release-osx-x86_64-mavericks 0.2.2 OK
r-release-osx-x86_64-snowleopard 0.2.2 NOTE
r-release-windows-ix86+x86_64 0.2.2 3.00 11.00 14.00 OK
r-oldrel-windows-ix86+x86_64 0.2.2 3.00 11.00 14.00 OK

Check Details

Version: 0.2.2
Check: package dependencies
Result: NOTE
    Package suggested but not available for checking: ‘igraph’
Flavor: r-release-osx-x86_64-snowleopard