CRAN Package Check Results for Package igraphdata

Last updated on 2015-07-02 11:48:20.

Flavor Version Tinstall Tcheck Ttotal Status Flags
r-devel-linux-x86_64-debian-clang 1.0.0 1.53 6.12 7.66 NOTE
r-devel-linux-x86_64-debian-gcc 1.0.0 1.01 5.97 6.98 NOTE
r-devel-linux-x86_64-fedora-clang 1.0.0 14.00 NOTE
r-devel-linux-x86_64-fedora-gcc 1.0.0 13.07 NOTE
r-devel-osx-x86_64-clang 1.0.0 16.38 NOTE
r-devel-windows-ix86+x86_64 1.0.0 3.00 12.00 15.00 NOTE
r-patched-linux-x86_64 1.0.0 1.02 6.34 7.36 NOTE
r-patched-solaris-sparc 1.0.0 91.30 NOTE
r-patched-solaris-x86 1.0.0 20.50 NOTE
r-release-linux-x86_64 1.0.0 1.15 6.53 7.68 NOTE
r-release-osx-x86_64-mavericks 1.0.0 NOTE
r-release-windows-ix86+x86_64 1.0.0 4.00 14.00 18.00 NOTE
r-oldrel-windows-ix86+x86_64 1.0.0 4.00 20.00 24.00 NOTE

Check Details

Version: 1.0.0
Check: data for non-ASCII characters
Result: NOTE
     Note: found 3 marked UTF-8 strings
Flavors: r-devel-linux-x86_64-debian-clang, r-devel-linux-x86_64-debian-gcc, r-devel-linux-x86_64-fedora-clang, r-devel-linux-x86_64-fedora-gcc, r-devel-osx-x86_64-clang, r-devel-windows-ix86+x86_64, r-patched-linux-x86_64, r-patched-solaris-sparc, r-patched-solaris-x86, r-release-linux-x86_64, r-release-osx-x86_64-mavericks, r-release-windows-ix86+x86_64, r-oldrel-windows-ix86+x86_64