CRAN Package Check Results for Package igraphdata

Last updated on 2014-04-24 09:49:03.

Flavor Version Tinstall Tcheck Ttotal Status Flags
r-devel-linux-x86_64-debian-clang 0.2 0.70 5.76 6.46 OK
r-devel-linux-x86_64-debian-gcc 0.2 0.68 5.54 6.22 OK
r-devel-linux-x86_64-fedora-clang 0.2 12.57 OK
r-devel-linux-x86_64-fedora-gcc 0.2 12.48 OK
r-devel-osx-x86_64-clang 0.2 14.91 OK
r-devel-osx-x86_64-gcc 0.2 NOTE
r-devel-windows-ix86+x86_64 0.2 2.00 11.00 13.00 OK
r-patched-linux-x86_64 0.2 0.69 5.51 6.20 OK
r-patched-solaris-sparc 0.2 73.00 OK
r-patched-solaris-x86 0.2 19.60 OK
r-release-linux-ix86 0.2 1.00 14.00 15.00 OK
r-release-linux-x86_64 0.2 0.72 5.46 6.18 OK
r-release-osx-x86_64-mavericks 0.2 OK
r-release-osx-x86_64-snowleopard 0.2 OK
r-release-windows-ix86+x86_64 0.2 2.00 11.00 13.00 OK
r-oldrel-windows-ix86+x86_64 0.2 3.00 11.00 14.00 OK

Check Details

Version: 0.2
Check: package dependencies
Result: NOTE
    Package suggested but not available for checking: ‘igraph’
Flavor: r-devel-osx-x86_64-gcc