CRAN Package Check Results for Package igraphdata

Last updated on 2015-04-27 14:46:47.

Flavor Version Tinstall Tcheck Ttotal Status Flags
r-devel-linux-x86_64-debian-clang 0.2.2 0.70 5.90 6.60 OK
r-devel-linux-x86_64-debian-gcc 0.2.2 0.73 5.50 6.23 OK
r-devel-linux-x86_64-fedora-clang 0.2.2 11.84 OK
r-devel-linux-x86_64-fedora-gcc 0.2.2 11.48 OK
r-devel-osx-x86_64-clang 0.2.2 16.41 OK
r-devel-windows-ix86+x86_64 0.2.2 3.00 17.00 20.00 OK
r-patched-linux-x86_64 0.2.2 0.68 5.88 6.56 OK
r-patched-solaris-sparc 0.2.2 62.10 OK
r-patched-solaris-x86 0.2.2 17.90 OK
r-release-linux-x86_64 0.2.2 0.64 5.48 6.12 OK
r-release-osx-x86_64-mavericks 0.2.2 OK
r-release-osx-x86_64-snowleopard 0.2.2 NOTE
r-release-windows-ix86+x86_64 0.2.2 3.00 15.00 18.00 OK
r-oldrel-windows-ix86+x86_64 0.2.2 2.00 15.00 17.00 OK

Check Details

Version: 0.2.2
Check: package dependencies
Result: NOTE
    Package suggested but not available for checking: ‘igraph’
Flavor: r-release-osx-x86_64-snowleopard