CRAN Package Check Results for Package igraphdata

Last updated on 2015-01-31 16:46:55.

Flavor Version Tinstall Tcheck Ttotal Status Flags
r-devel-linux-x86_64-debian-clang 0.2 0.69 5.31 6.00 NOTE
r-devel-linux-x86_64-debian-gcc 0.2 0.66 5.31 5.98 NOTE
r-devel-linux-x86_64-fedora-clang 0.2 14.36 NOTE
r-devel-linux-x86_64-fedora-gcc 0.2 14.05 NOTE
r-devel-osx-x86_64-clang 0.2 17.64 NOTE
r-devel-windows-ix86+x86_64 0.2 3.00 11.00 14.00 OK
r-patched-linux-x86_64 0.2 0.72 6.02 6.74 NOTE
r-patched-solaris-sparc 0.2 78.60 NOTE
r-patched-solaris-x86 0.2 21.40 NOTE
r-release-linux-ix86 0.2 1.04 9.62 10.66 NOTE
r-release-linux-x86_64 0.2 0.72 5.68 6.40 NOTE
r-release-osx-x86_64-mavericks 0.2 NOTE
r-release-osx-x86_64-snowleopard 0.2 OK
r-release-windows-ix86+x86_64 0.2 3.00 12.00 15.00 OK
r-oldrel-windows-ix86+x86_64 0.2 3.00 19.00 22.00 OK

Check Details

Version: 0.2
Check: DESCRIPTION meta-information
Result: NOTE
    Deprecated license: CC BY-SA 2.0 + file LICENSE
Flavors: r-devel-linux-x86_64-debian-clang, r-devel-linux-x86_64-debian-gcc, r-devel-linux-x86_64-fedora-clang, r-devel-linux-x86_64-fedora-gcc, r-devel-osx-x86_64-clang, r-patched-linux-x86_64, r-patched-solaris-sparc, r-patched-solaris-x86, r-release-linux-ix86, r-release-linux-x86_64, r-release-osx-x86_64-mavericks