CRAN Package Check Results for Package igraphdata

Last updated on 2014-08-30 08:50:05.

Flavor Version Tinstall Tcheck Ttotal Status Flags
r-devel-linux-x86_64-debian-clang 0.2 0.64 5.50 6.14 NOTE
r-devel-linux-x86_64-debian-gcc 0.2 0.62 5.24 5.86 NOTE
r-devel-linux-x86_64-fedora-clang 0.2 12.78 NOTE
r-devel-linux-x86_64-fedora-gcc 0.2 12.02 NOTE
r-devel-osx-x86_64-clang 0.2 15.67 NOTE
r-devel-windows-ix86+x86_64 0.2 3.00 10.00 13.00 OK
r-patched-linux-x86_64 0.2 0.66 5.38 6.04 NOTE
r-patched-solaris-sparc 0.2 72.40 NOTE
r-patched-solaris-x86 0.2 19.10 NOTE
r-release-linux-ix86 0.2 1.12 9.23 10.35 OK
r-release-linux-x86_64 0.2 0.68 5.49 6.17 OK
r-release-osx-x86_64-mavericks 0.2 OK
r-release-osx-x86_64-snowleopard 0.2 OK
r-release-windows-ix86+x86_64 0.2 2.00 11.00 13.00 OK
r-oldrel-windows-ix86+x86_64 0.2 3.00 19.00 22.00 OK

Check Details

Version: 0.2
Check: DESCRIPTION meta-information
Result: NOTE
    Deprecated license: CC BY-SA 2.0 + file LICENSE
Flavors: r-devel-linux-x86_64-debian-clang, r-devel-linux-x86_64-debian-gcc, r-devel-linux-x86_64-fedora-clang, r-devel-linux-x86_64-fedora-gcc, r-devel-osx-x86_64-clang, r-patched-linux-x86_64, r-patched-solaris-sparc, r-patched-solaris-x86