CRAN Package Check Results for Package igraphtosonia

Last updated on 2017-02-24 23:52:32.

Flavor Version Tinstall Tcheck Ttotal Status Flags
r-devel-linux-x86_64-debian-clang 1.0 0.63 12.42 13.05 NOTE
r-devel-linux-x86_64-debian-gcc 1.0 0.68 12.28 12.95 NOTE
r-devel-linux-x86_64-fedora-clang 1.0 21.57 NOTE --no-stop-on-test-error
r-devel-linux-x86_64-fedora-gcc 1.0 20.19 NOTE --no-stop-on-test-error
r-devel-macos-x86_64-clang 1.0 19.70 NOTE --no-stop-on-test-error
r-devel-windows-ix86+x86_64 1.0 6.00 30.00 36.00 NOTE
r-patched-linux-x86_64 1.0 0.57 10.06 10.63 NOTE
r-patched-solaris-sparc 1.0 115.70 NOTE
r-patched-solaris-x86 1.0 28.80 NOTE
r-release-linux-x86_64 1.0 0.61 9.84 10.45 NOTE
r-release-osx-x86_64-mavericks 1.0 NOTE
r-release-windows-ix86+x86_64 1.0 5.00 35.00 40.00 NOTE
r-oldrel-windows-ix86+x86_64 1.0 4.00 60.00 64.00 NOTE

Check Details

Version: 1.0
Check: DESCRIPTION meta-information
Result: NOTE
    Malformed Description field: should contain one or more complete sentences.
Flavors: r-devel-linux-x86_64-debian-clang, r-devel-linux-x86_64-debian-gcc, r-devel-windows-ix86+x86_64, r-patched-linux-x86_64, r-patched-solaris-sparc, r-patched-solaris-x86, r-release-linux-x86_64, r-release-osx-x86_64-mavericks, r-release-windows-ix86+x86_64, r-oldrel-windows-ix86+x86_64

Version: 1.0
Flags: --no-stop-on-test-error
Check: DESCRIPTION meta-information
Result: NOTE
    Malformed Description field: should contain one or more complete sentences.
Flavors: r-devel-linux-x86_64-fedora-clang, r-devel-linux-x86_64-fedora-gcc, r-devel-macos-x86_64-clang