CRAN Package Check Results for Package igraphtosonia

Last updated on 2015-02-28 02:48:47.

Flavor Version Tinstall Tcheck Ttotal Status Flags
r-devel-linux-x86_64-debian-clang 1.0 0.61 10.12 10.74 NOTE
r-devel-linux-x86_64-debian-gcc 1.0 0.56 10.00 10.56 NOTE
r-devel-linux-x86_64-fedora-clang 1.0 20.83 NOTE
r-devel-linux-x86_64-fedora-gcc 1.0 20.00 NOTE
r-devel-osx-x86_64-clang 1.0 23.94 NOTE
r-devel-windows-ix86+x86_64 1.0 4.00 18.00 22.00 NOTE
r-patched-linux-x86_64 1.0 0.68 11.33 12.01 OK
r-patched-solaris-sparc 1.0 140.60 OK
r-release-linux-ix86 1.0 0.99 17.18 18.17 OK
r-release-linux-x86_64 1.0 0.68 11.15 11.84 OK
r-release-osx-x86_64-mavericks 1.0 OK
r-release-osx-x86_64-snowleopard 1.0 OK
r-release-windows-ix86+x86_64 1.0 3.00 21.00 24.00 OK
r-oldrel-windows-ix86+x86_64 1.0 3.00 28.00 31.00 OK

Check Details

Version: 1.0
Check: DESCRIPTION meta-information
Result: NOTE
    Malformed Description field: should contain one or more complete sentences.
Flavors: r-devel-linux-x86_64-debian-clang, r-devel-linux-x86_64-debian-gcc, r-devel-linux-x86_64-fedora-clang, r-devel-linux-x86_64-fedora-gcc, r-devel-osx-x86_64-clang, r-devel-windows-ix86+x86_64