CRAN Package Check Results for Package igraphtosonia

Last updated on 2016-02-13 07:49:49.

Flavor Version Tinstall Tcheck Ttotal Status Flags
r-devel-linux-x86_64-debian-gcc 1.0 0.68 9.02 9.69 NOTE
r-devel-linux-x86_64-fedora-clang 1.0 17.47 NOTE
r-devel-linux-x86_64-fedora-gcc 1.0 16.41 NOTE
r-devel-osx-x86_64-clang 1.0 21.30 NOTE
r-devel-windows-ix86+x86_64 1.0 4.00 30.00 34.00 NOTE
r-patched-linux-x86_64 1.0 0.63 10.32 10.95 NOTE
r-patched-solaris-sparc 1.0 128.20 NOTE
r-patched-solaris-x86 1.0 30.20 NOTE
r-release-linux-x86_64 1.0 0.72 10.19 10.90 NOTE
r-release-osx-x86_64-mavericks 1.0 NOTE
r-release-windows-ix86+x86_64 1.0 5.00 20.00 25.00 NOTE
r-oldrel-windows-ix86+x86_64 1.0 6.00 24.00 30.00 OK

Check Details

Version: 1.0
Check: DESCRIPTION meta-information
Result: NOTE
    Malformed Description field: should contain one or more complete sentences.
Flavors: r-devel-linux-x86_64-debian-gcc, r-devel-linux-x86_64-fedora-clang, r-devel-linux-x86_64-fedora-gcc, r-devel-osx-x86_64-clang, r-devel-windows-ix86+x86_64, r-patched-linux-x86_64, r-patched-solaris-sparc, r-patched-solaris-x86, r-release-linux-x86_64, r-release-osx-x86_64-mavericks, r-release-windows-ix86+x86_64