CRAN Package Check Results for Package igraphtosonia

Last updated on 2016-07-26 00:48:16.

Flavor Version Tinstall Tcheck Ttotal Status Flags
r-devel-linux-x86_64-debian-clang 1.0 0.84 10.94 11.78 NOTE
r-devel-linux-x86_64-debian-gcc 1.0 1.01 11.53 12.54 NOTE
r-devel-linux-x86_64-fedora-clang 1.0 17.75 NOTE
r-devel-linux-x86_64-fedora-gcc 1.0 16.62 NOTE
r-devel-osx-x86_64-clang 1.0 16.19 NOTE
r-devel-windows-ix86+x86_64 1.0 4.00 36.00 40.00 NOTE
r-patched-linux-x86_64 1.0 0.84 11.43 12.27 NOTE
r-patched-solaris-sparc 1.0 113.90 NOTE
r-patched-solaris-x86 1.0 26.90 NOTE
r-release-linux-x86_64 1.0 0.87 12.13 13.01 NOTE
r-release-osx-x86_64-mavericks 1.0 NOTE
r-release-windows-ix86+x86_64 1.0 3.00 35.00 38.00 NOTE
r-oldrel-windows-ix86+x86_64 1.0 5.00 31.00 36.00 NOTE

Check Details

Version: 1.0
Check: DESCRIPTION meta-information
Result: NOTE
    Malformed Description field: should contain one or more complete sentences.
Flavors: r-devel-linux-x86_64-debian-clang, r-devel-linux-x86_64-debian-gcc, r-devel-linux-x86_64-fedora-clang, r-devel-linux-x86_64-fedora-gcc, r-devel-osx-x86_64-clang, r-devel-windows-ix86+x86_64, r-patched-linux-x86_64, r-patched-solaris-sparc, r-patched-solaris-x86, r-release-linux-x86_64, r-release-osx-x86_64-mavericks, r-release-windows-ix86+x86_64, r-oldrel-windows-ix86+x86_64