CRAN Package Check Results for Package igraphtosonia

Last updated on 2015-05-24 15:46:52.

Flavor Version Tinstall Tcheck Ttotal Status Flags
r-devel-linux-x86_64-debian-clang 1.0 0.73 10.22 10.95 NOTE
r-devel-linux-x86_64-debian-gcc 1.0 0.57 9.92 10.49 NOTE
r-devel-linux-x86_64-fedora-clang 1.0 20.39 NOTE
r-devel-linux-x86_64-fedora-gcc 1.0 19.41 NOTE
r-devel-osx-x86_64-clang 1.0 23.92 NOTE
r-devel-windows-ix86+x86_64 1.0 2.00 18.00 20.00 NOTE
r-patched-linux-x86_64 1.0 0.55 10.26 10.80 NOTE
r-patched-solaris-sparc 1.0 136.40 NOTE
r-patched-solaris-x86 1.0 33.90 NOTE
r-release-linux-x86_64 1.0 0.58 10.12 10.70 NOTE
r-release-osx-x86_64-mavericks 1.0 NOTE
r-release-osx-x86_64-snowleopard 1.0 ERROR
r-release-windows-ix86+x86_64 1.0 3.00 18.00 21.00 NOTE
r-oldrel-windows-ix86+x86_64 1.0 3.00 19.00 22.00 OK

Check Details

Version: 1.0
Check: DESCRIPTION meta-information
Result: NOTE
    Malformed Description field: should contain one or more complete sentences.
Flavors: r-devel-linux-x86_64-debian-clang, r-devel-linux-x86_64-debian-gcc, r-devel-linux-x86_64-fedora-clang, r-devel-linux-x86_64-fedora-gcc, r-devel-osx-x86_64-clang, r-devel-windows-ix86+x86_64, r-patched-linux-x86_64, r-patched-solaris-sparc, r-patched-solaris-x86, r-release-linux-x86_64, r-release-osx-x86_64-mavericks, r-release-windows-ix86+x86_64

Version: 1.0
Check: package dependencies
Result: ERROR
    Package required but not available: ‘igraph’
    
    See section ‘The DESCRIPTION file’ in the ‘Writing R Extensions’
    manual.
Flavor: r-release-osx-x86_64-snowleopard