CRAN Package Check Results for Package igraphtosonia

Last updated on 2014-04-24 11:48:48.

Flavor Version Tinstall Tcheck Ttotal Status Flags
r-devel-linux-x86_64-debian-clang 1.0 0.72 11.51 12.23 OK
r-devel-linux-x86_64-debian-gcc 1.0 0.72 11.18 11.90 OK
r-devel-linux-x86_64-fedora-clang 1.0 24.44 OK
r-devel-linux-x86_64-fedora-gcc 1.0 23.45 OK
r-devel-osx-x86_64-clang 1.0 26.25 OK
r-devel-osx-x86_64-gcc 1.0 ERROR
r-devel-windows-ix86+x86_64 1.0 3.00 19.00 22.00 OK
r-patched-linux-x86_64 1.0 0.71 11.73 12.44 OK
r-patched-solaris-sparc 1.0 143.80 OK
r-patched-solaris-x86 1.0 38.50 OK
r-release-linux-ix86 1.0 1.00 26.00 27.00 OK
r-release-linux-x86_64 1.0 0.70 11.31 12.02 OK
r-release-osx-x86_64-mavericks 1.0 WARN
r-release-osx-x86_64-snowleopard 1.0 OK
r-release-windows-ix86+x86_64 1.0 2.00 20.00 22.00 OK
r-oldrel-windows-ix86+x86_64 1.0 3.00 20.00 23.00 OK

Check Details

Version: 1.0
Check: package dependencies
Result: ERROR
    Package required but not available: ‘igraph’
    
    See the information on DESCRIPTION files in the chapter ‘Creating R
    packages’ of the ‘Writing R Extensions’ manual.
Flavor: r-devel-osx-x86_64-gcc

Version: 1.0
Check: PDF version of manual
Result: WARNING
    LaTeX errors when creating PDF version.
    This typically indicates Rd problems.
    LaTeX errors found:
    ! LaTeX Error: File `upquote.sty' not found.
    
    Type X to quit or <RETURN> to proceed,
    or enter new name. (Default extension: sty)
    
    5fc911/Rd2.tex:8: ==> Fatal error occurred, no output PDF file produced!
Flavor: r-release-osx-x86_64-mavericks