CRAN Package Check Results for Package igraphtosonia

Last updated on 2017-12-18 05:47:59 CET.

Flavor Version Tinstall Tcheck Ttotal Status Flags
r-devel-linux-x86_64-debian-clang 1.0 0.76 17.17 17.93 NOTE
r-devel-linux-x86_64-debian-gcc NOTE
r-devel-linux-x86_64-fedora-clang 1.0 23.29 NOTE
r-devel-linux-x86_64-fedora-gcc 1.0 22.62 NOTE
r-devel-windows-ix86+x86_64 1.0 2.00 31.00 33.00 NOTE
r-patched-linux-x86_64 1.0 0.67 17.96 18.63 NOTE
r-patched-solaris-x86 1.0 35.20 NOTE
r-release-linux-x86_64 1.0 0.90 17.86 18.76 NOTE
r-release-windows-ix86+x86_64 1.0 2.00 32.00 34.00 NOTE
r-release-osx-x86_64 1.0 NOTE
r-oldrel-windows-ix86+x86_64 1.0 3.00 35.00 38.00 NOTE
r-oldrel-osx-x86_64 1.0 NOTE

Check Details

Version: 1.0
Check: DESCRIPTION meta-information
Result: NOTE
    Malformed Description field: should contain one or more complete sentences.
Flavors: r-devel-linux-x86_64-debian-clang, r-devel-linux-x86_64-debian-gcc, r-devel-linux-x86_64-fedora-clang, r-devel-linux-x86_64-fedora-gcc, r-devel-windows-ix86+x86_64, r-patched-linux-x86_64, r-patched-solaris-x86, r-release-linux-x86_64, r-release-windows-ix86+x86_64, r-release-osx-x86_64, r-oldrel-windows-ix86+x86_64, r-oldrel-osx-x86_64