CRAN Package Check Results for Package igraphtosonia

Last updated on 2017-08-17 18:46:40.

Flavor Version Tinstall Tcheck Ttotal Status Flags
r-devel-linux-x86_64-debian-clang 1.0 0.78 13.30 14.08 NOTE
r-devel-linux-x86_64-debian-gcc 1.0 0.80 12.97 13.77 NOTE
r-devel-linux-x86_64-fedora-clang 1.0 23.13 NOTE
r-devel-linux-x86_64-fedora-gcc 1.0 21.48 NOTE
r-devel-windows-ix86+x86_64 1.0 2.00 30.00 32.00 NOTE
r-patched-linux-x86_64 1.0 0.64 12.70 13.35 NOTE
r-patched-solaris-x86 1.0 34.40 NOTE
r-release-linux-x86_64 1.0 0.68 13.05 13.73 NOTE
r-release-windows-ix86+x86_64 1.0 2.00 31.00 33.00 NOTE
r-release-osx-x86_64 1.0 NOTE
r-oldrel-windows-ix86+x86_64 1.0 2.00 28.00 30.00 NOTE
r-oldrel-osx-x86_64 1.0 NOTE

Check Details

Version: 1.0
Check: DESCRIPTION meta-information
Result: NOTE
    Malformed Description field: should contain one or more complete sentences.
Flavors: r-devel-linux-x86_64-debian-clang, r-devel-linux-x86_64-debian-gcc, r-devel-linux-x86_64-fedora-clang, r-devel-linux-x86_64-fedora-gcc, r-devel-windows-ix86+x86_64, r-patched-linux-x86_64, r-patched-solaris-x86, r-release-linux-x86_64, r-release-windows-ix86+x86_64, r-release-osx-x86_64, r-oldrel-windows-ix86+x86_64, r-oldrel-osx-x86_64