CRAN Package Check Results for Package igraphtosonia

Last updated on 2017-01-22 23:48:26.

Flavor Version Tinstall Tcheck Ttotal Status Flags
r-devel-linux-x86_64-debian-clang 1.0 0.68 12.46 13.13 NOTE
r-devel-linux-x86_64-debian-gcc 1.0 0.60 12.21 12.82 NOTE
r-devel-linux-x86_64-fedora-clang 1.0 20.45 NOTE --no-stop-on-test-error
r-devel-linux-x86_64-fedora-gcc 1.0 20.55 NOTE --no-stop-on-test-error
r-devel-macos-x86_64-clang 1.0 19.14 NOTE --no-stop-on-test-error
r-devel-windows-ix86+x86_64 1.0 3.00 29.00 32.00 NOTE
r-patched-linux-x86_64 1.0 0.60 10.20 10.79 NOTE
r-patched-solaris-sparc 1.0 115.70 NOTE
r-patched-solaris-x86 1.0 28.60 NOTE
r-release-linux-x86_64 1.0 0.60 9.80 10.40 NOTE
r-release-osx-x86_64-mavericks 1.0 NOTE
r-release-windows-ix86+x86_64 1.0 9.00 35.00 44.00 NOTE
r-oldrel-windows-ix86+x86_64 1.0 6.00 61.00 67.00 NOTE

Check Details

Version: 1.0
Check: DESCRIPTION meta-information
Result: NOTE
    Malformed Description field: should contain one or more complete sentences.
Flavors: r-devel-linux-x86_64-debian-clang, r-devel-linux-x86_64-debian-gcc, r-devel-windows-ix86+x86_64, r-patched-linux-x86_64, r-patched-solaris-sparc, r-patched-solaris-x86, r-release-linux-x86_64, r-release-osx-x86_64-mavericks, r-release-windows-ix86+x86_64, r-oldrel-windows-ix86+x86_64

Version: 1.0
Flags: --no-stop-on-test-error
Check: DESCRIPTION meta-information
Result: NOTE
    Malformed Description field: should contain one or more complete sentences.
Flavors: r-devel-linux-x86_64-fedora-clang, r-devel-linux-x86_64-fedora-gcc, r-devel-macos-x86_64-clang