CRAN Package Check Results for Package igraphtosonia

Last updated on 2015-07-04 11:49:47.

Flavor Version Tinstall Tcheck Ttotal Status Flags
r-devel-linux-x86_64-debian-clang 1.0 0.56 9.97 10.52 NOTE
r-devel-linux-x86_64-debian-gcc 1.0 0.56 10.04 10.60 NOTE
r-devel-linux-x86_64-fedora-clang 1.0 20.02 NOTE
r-devel-linux-x86_64-fedora-gcc 1.0 19.35 NOTE
r-devel-osx-x86_64-clang 1.0 21.41 NOTE
r-devel-windows-ix86+x86_64 1.0 5.00 18.00 23.00 NOTE
r-patched-linux-x86_64 1.0 0.58 10.41 10.99 NOTE
r-patched-solaris-sparc 1.0 136.40 NOTE
r-patched-solaris-x86 1.0 35.60 NOTE
r-release-linux-x86_64 1.0 0.58 10.54 11.12 NOTE
r-release-osx-x86_64-mavericks 1.0 NOTE
r-release-windows-ix86+x86_64 1.0 4.00 35.00 39.00 NOTE
r-oldrel-windows-ix86+x86_64 1.0 5.00 24.00 29.00 OK

Check Details

Version: 1.0
Check: DESCRIPTION meta-information
Result: NOTE
    Malformed Description field: should contain one or more complete sentences.
Flavors: r-devel-linux-x86_64-debian-clang, r-devel-linux-x86_64-debian-gcc, r-devel-linux-x86_64-fedora-clang, r-devel-linux-x86_64-fedora-gcc, r-devel-osx-x86_64-clang, r-devel-windows-ix86+x86_64, r-patched-linux-x86_64, r-patched-solaris-sparc, r-patched-solaris-x86, r-release-linux-x86_64, r-release-osx-x86_64-mavericks, r-release-windows-ix86+x86_64