CRAN Package Check Results for Package igraphtosonia

Last updated on 2020-09-19 00:50:07 CEST.

Flavor Version Tinstall Tcheck Ttotal Status Flags
r-devel-linux-x86_64-debian-clang 1.0 2.32 23.10 25.42 NOTE
r-devel-linux-x86_64-debian-gcc 1.0 1.77 19.09 20.86 NOTE
r-devel-linux-x86_64-fedora-clang 1.0 39.90 NOTE
r-devel-linux-x86_64-fedora-gcc 1.0 30.37 NOTE
r-devel-windows-ix86+x86_64 1.0 5.00 33.00 38.00 NOTE
r-patched-linux-x86_64 1.0 2.41 22.51 24.92 NOTE
r-patched-solaris-x86 1.0 48.70 NOTE
r-release-linux-x86_64 1.0 2.30 23.11 25.41 NOTE
r-release-macos-x86_64 1.0 NOTE
r-release-windows-ix86+x86_64 1.0 5.00 31.00 36.00 NOTE
r-oldrel-macos-x86_64 1.0 NOTE
r-oldrel-windows-ix86+x86_64 1.0 3.00 39.00 42.00 NOTE

Check Details

Version: 1.0
Check: DESCRIPTION meta-information
Result: NOTE
    Malformed Description field: should contain one or more complete sentences.
Flavors: r-devel-linux-x86_64-debian-clang, r-devel-linux-x86_64-debian-gcc, r-devel-linux-x86_64-fedora-clang, r-devel-linux-x86_64-fedora-gcc, r-devel-windows-ix86+x86_64, r-patched-linux-x86_64, r-patched-solaris-x86, r-release-linux-x86_64, r-release-macos-x86_64, r-release-windows-ix86+x86_64, r-oldrel-macos-x86_64, r-oldrel-windows-ix86+x86_64