CRAN Package Check Results for Package igraphtosonia

Last updated on 2016-09-26 06:47:16.

Flavor Version Tinstall Tcheck Ttotal Status Flags
r-devel-linux-x86_64-debian-clang 1.0 0.63 10.17 10.80 NOTE
r-devel-linux-x86_64-debian-gcc 1.0 0.65 10.07 10.72 NOTE
r-devel-linux-x86_64-fedora-clang 1.0 17.80 NOTE
r-devel-linux-x86_64-fedora-gcc 1.0 17.12 NOTE
r-devel-macos-x86_64-clang 1.0 16.33 NOTE
r-devel-windows-ix86+x86_64 1.0 7.00 42.00 49.00 NOTE
r-patched-linux-x86_64 1.0 0.62 10.22 10.84 NOTE
r-patched-solaris-sparc 1.0 113.90 NOTE
r-patched-solaris-x86 1.0 26.60 NOTE
r-release-linux-x86_64 1.0 0.70 10.16 10.86 NOTE
r-release-osx-x86_64-mavericks 1.0 NOTE
r-release-windows-ix86+x86_64 1.0 7.00 33.00 40.00 NOTE
r-oldrel-windows-ix86+x86_64 1.0 4.00 33.00 37.00 NOTE

Check Details

Version: 1.0
Check: DESCRIPTION meta-information
Result: NOTE
    Malformed Description field: should contain one or more complete sentences.
Flavors: r-devel-linux-x86_64-debian-clang, r-devel-linux-x86_64-debian-gcc, r-devel-linux-x86_64-fedora-clang, r-devel-linux-x86_64-fedora-gcc, r-devel-macos-x86_64-clang, r-devel-windows-ix86+x86_64, r-patched-linux-x86_64, r-patched-solaris-sparc, r-patched-solaris-x86, r-release-linux-x86_64, r-release-osx-x86_64-mavericks, r-release-windows-ix86+x86_64, r-oldrel-windows-ix86+x86_64