CRAN Package Check Results for Package igraphtosonia

Last updated on 2017-04-27 11:53:38.

Flavor Version Tinstall Tcheck Ttotal Status Flags
r-devel-linux-x86_64-debian-clang 1.0 0.66 12.71 13.38 NOTE
r-devel-linux-x86_64-debian-gcc 1.0 0.76 12.31 13.07 NOTE
r-devel-linux-x86_64-fedora-clang 1.0 23.79 NOTE --no-stop-on-test-error
r-devel-linux-x86_64-fedora-gcc 1.0 20.56 NOTE --no-stop-on-test-error
r-devel-windows-ix86+x86_64 1.0 3.00 35.00 38.00 NOTE
r-patched-linux-x86_64 1.0 0.65 12.69 13.34 NOTE
r-patched-solaris-sparc 1.0 132.50 NOTE
r-patched-solaris-x86 1.0 32.80 NOTE
r-release-linux-x86_64 1.0 0.78 12.42 13.20 NOTE
r-release-windows-ix86+x86_64 1.0 2.00 31.00 33.00 NOTE
r-release-osx-x86_64 1.0 NOTE
r-oldrel-windows-ix86+x86_64 1.0 4.00 27.00 31.00 NOTE
r-oldrel-osx-x86_64 1.0 NOTE

Check Details

Version: 1.0
Check: DESCRIPTION meta-information
Result: NOTE
    Malformed Description field: should contain one or more complete sentences.
Flavors: r-devel-linux-x86_64-debian-clang, r-devel-linux-x86_64-debian-gcc, r-devel-windows-ix86+x86_64, r-patched-linux-x86_64, r-patched-solaris-sparc, r-patched-solaris-x86, r-release-linux-x86_64, r-release-windows-ix86+x86_64, r-release-osx-x86_64, r-oldrel-windows-ix86+x86_64, r-oldrel-osx-x86_64

Version: 1.0
Flags: --no-stop-on-test-error
Check: DESCRIPTION meta-information
Result: NOTE
    Malformed Description field: should contain one or more complete sentences.
Flavors: r-devel-linux-x86_64-fedora-clang, r-devel-linux-x86_64-fedora-gcc