CRAN Package Check Results for Package igraphtosonia

Last updated on 2016-12-10 23:48:43.

Flavor Version Tinstall Tcheck Ttotal Status Flags
r-devel-linux-x86_64-debian-clang 1.0 0.64 12.45 13.09 NOTE
r-devel-linux-x86_64-debian-gcc 1.0 0.72 11.62 12.33 NOTE
r-devel-linux-x86_64-fedora-clang 1.0 21.95 NOTE --no-stop-on-test-error
r-devel-linux-x86_64-fedora-gcc 1.0 20.63 NOTE --no-stop-on-test-error
r-devel-macos-x86_64-clang 1.0 19.34 NOTE --no-stop-on-test-error
r-devel-windows-ix86+x86_64 1.0 3.00 39.00 42.00 NOTE
r-patched-linux-x86_64 1.0 0.84 10.22 11.06 NOTE
r-patched-solaris-sparc 1.0 118.10 NOTE
r-patched-solaris-x86 1.0 27.00 NOTE
r-release-linux-x86_64 1.0 0.61 9.91 10.52 NOTE
r-release-osx-x86_64-mavericks 1.0 NOTE
r-release-windows-ix86+x86_64 1.0 6.00 26.00 32.00 NOTE
r-oldrel-windows-ix86+x86_64 1.0 4.00 27.00 31.00 NOTE

Check Details

Version: 1.0
Check: DESCRIPTION meta-information
Result: NOTE
    Malformed Description field: should contain one or more complete sentences.
Flavors: r-devel-linux-x86_64-debian-clang, r-devel-linux-x86_64-debian-gcc, r-devel-windows-ix86+x86_64, r-patched-linux-x86_64, r-patched-solaris-sparc, r-patched-solaris-x86, r-release-linux-x86_64, r-release-osx-x86_64-mavericks, r-release-windows-ix86+x86_64, r-oldrel-windows-ix86+x86_64

Version: 1.0
Flags: --no-stop-on-test-error
Check: DESCRIPTION meta-information
Result: NOTE
    Malformed Description field: should contain one or more complete sentences.
Flavors: r-devel-linux-x86_64-fedora-clang, r-devel-linux-x86_64-fedora-gcc, r-devel-macos-x86_64-clang