CRAN Package Check Results for Package igraphtosonia

Last updated on 2015-04-19 11:51:10.

Flavor Version Tinstall Tcheck Ttotal Status Flags
r-devel-linux-x86_64-debian-clang 1.0 0.57 9.99 10.56 NOTE
r-devel-linux-x86_64-debian-gcc 1.0 0.60 10.44 11.03 NOTE
r-devel-linux-x86_64-fedora-clang 1.0 20.57 NOTE
r-devel-linux-x86_64-fedora-gcc 1.0 19.94 NOTE
r-devel-osx-x86_64-clang 1.0 24.10 NOTE
r-devel-windows-ix86+x86_64 1.0 3.00 17.00 20.00 NOTE
r-patched-linux-x86_64 1.0 0.57 10.01 10.58 NOTE
r-patched-solaris-sparc 1.0 143.30 NOTE
r-patched-solaris-x86 1.0 34.60 NOTE
r-release-linux-x86_64 1.0 0.57 9.94 10.51 NOTE
r-release-osx-x86_64-mavericks 1.0 NOTE
r-release-osx-x86_64-snowleopard 1.0 ERROR
r-release-windows-ix86+x86_64 1.0 2.00 16.00 18.00 NOTE
r-oldrel-windows-ix86+x86_64 1.0 3.00 19.00 22.00 OK

Check Details

Version: 1.0
Check: DESCRIPTION meta-information
Result: NOTE
    Malformed Description field: should contain one or more complete sentences.
Flavors: r-devel-linux-x86_64-debian-clang, r-devel-linux-x86_64-debian-gcc, r-devel-linux-x86_64-fedora-clang, r-devel-linux-x86_64-fedora-gcc, r-devel-osx-x86_64-clang, r-devel-windows-ix86+x86_64, r-patched-linux-x86_64, r-patched-solaris-sparc, r-patched-solaris-x86, r-release-linux-x86_64, r-release-osx-x86_64-mavericks, r-release-windows-ix86+x86_64

Version: 1.0
Check: package dependencies
Result: ERROR
    Package required but not available: ‘igraph’
    
    See section ‘The DESCRIPTION file’ in the ‘Writing R Extensions’
    manual.
Flavor: r-release-osx-x86_64-snowleopard