CRAN Package Check Results for Package igraphtosonia

Last updated on 2017-10-21 02:48:42.

Flavor Version Tinstall Tcheck Ttotal Status Flags
r-devel-linux-x86_64-debian-clang 1.0 0.69 12.50 13.19 NOTE
r-devel-linux-x86_64-debian-gcc 1.0 0.76 13.76 14.52 NOTE
r-devel-linux-x86_64-fedora-clang 1.0 23.41 NOTE
r-devel-linux-x86_64-fedora-gcc 1.0 23.06 NOTE
r-devel-windows-ix86+x86_64 1.0 2.00 48.00 50.00 NOTE
r-patched-linux-x86_64 1.0 0.66 12.91 13.57 NOTE
r-patched-solaris-x86 1.0 34.90 NOTE
r-release-linux-x86_64 1.0 0.65 13.15 13.80 NOTE
r-release-windows-ix86+x86_64 1.0 4.00 30.00 34.00 NOTE
r-release-osx-x86_64 1.0 NOTE
r-oldrel-windows-ix86+x86_64 1.0 3.00 37.00 40.00 NOTE
r-oldrel-osx-x86_64 1.0 NOTE

Check Details

Version: 1.0
Check: DESCRIPTION meta-information
Result: NOTE
    Malformed Description field: should contain one or more complete sentences.
Flavors: r-devel-linux-x86_64-debian-clang, r-devel-linux-x86_64-debian-gcc, r-devel-linux-x86_64-fedora-clang, r-devel-linux-x86_64-fedora-gcc, r-devel-windows-ix86+x86_64, r-patched-linux-x86_64, r-patched-solaris-x86, r-release-linux-x86_64, r-release-windows-ix86+x86_64, r-release-osx-x86_64, r-oldrel-windows-ix86+x86_64, r-oldrel-osx-x86_64