CRAN Package Check Results for Package igraphtosonia

Last updated on 2016-06-25 21:47:25.

Flavor Version Tinstall Tcheck Ttotal Status Flags
r-devel-linux-x86_64-debian-gcc 1.0 0.64 10.96 11.61 NOTE
r-devel-linux-x86_64-fedora-clang 1.0 17.49 NOTE
r-devel-linux-x86_64-fedora-gcc 1.0 15.92 NOTE
r-devel-osx-x86_64-clang 1.0 16.19 NOTE
r-devel-windows-ix86+x86_64 1.0 4.00 41.00 45.00 NOTE
r-patched-linux-x86_64 1.0 0.73 11.10 11.83 NOTE
r-patched-solaris-sparc 1.0 113.90 NOTE
r-patched-solaris-x86 1.0 27.20 NOTE
r-release-linux-x86_64 1.0 0.74 10.61 11.35 NOTE
r-release-osx-x86_64-mavericks 1.0 NOTE
r-release-windows-ix86+x86_64 1.0 4.00 26.00 30.00 NOTE
r-oldrel-windows-ix86+x86_64 1.0 4.00 37.00 41.00 NOTE

Check Details

Version: 1.0
Check: DESCRIPTION meta-information
Result: NOTE
    Malformed Description field: should contain one or more complete sentences.
Flavors: r-devel-linux-x86_64-debian-gcc, r-devel-linux-x86_64-fedora-clang, r-devel-linux-x86_64-fedora-gcc, r-devel-osx-x86_64-clang, r-devel-windows-ix86+x86_64, r-patched-linux-x86_64, r-patched-solaris-sparc, r-patched-solaris-x86, r-release-linux-x86_64, r-release-osx-x86_64-mavericks, r-release-windows-ix86+x86_64, r-oldrel-windows-ix86+x86_64