CRAN Package Check Results for Package igraphtosonia

Last updated on 2018-05-27 00:46:38 CEST.

Flavor Version Tinstall Tcheck Ttotal Status Flags
r-devel-linux-x86_64-debian-clang 1.0 0.85 20.55 21.40 NOTE
r-devel-linux-x86_64-debian-gcc 1.0 0.89 16.41 17.30 NOTE
r-devel-linux-x86_64-fedora-clang 1.0 25.85 NOTE
r-devel-linux-x86_64-fedora-gcc 1.0 24.44 NOTE
r-devel-windows-ix86+x86_64 1.0 2.00 45.00 47.00 NOTE
r-patched-linux-x86_64 1.0 1.13 19.39 20.52 NOTE
r-patched-solaris-x86 1.0 39.70 NOTE
r-release-linux-x86_64 1.0 0.70 19.24 19.94 NOTE
r-release-windows-ix86+x86_64 1.0 4.00 34.00 38.00 NOTE
r-release-osx-x86_64 1.0 NOTE
r-oldrel-windows-ix86+x86_64 1.0 3.00 30.00 33.00 NOTE
r-oldrel-osx-x86_64 1.0 NOTE

Check Details

Version: 1.0
Check: DESCRIPTION meta-information
Result: NOTE
    Malformed Description field: should contain one or more complete sentences.
Flavors: r-devel-linux-x86_64-debian-clang, r-devel-linux-x86_64-debian-gcc, r-devel-linux-x86_64-fedora-clang, r-devel-linux-x86_64-fedora-gcc, r-devel-windows-ix86+x86_64, r-patched-linux-x86_64, r-patched-solaris-x86, r-release-linux-x86_64, r-release-windows-ix86+x86_64, r-release-osx-x86_64, r-oldrel-windows-ix86+x86_64, r-oldrel-osx-x86_64