CRAN Package Check Results for Package igraphtosonia

Last updated on 2016-05-31 15:46:54.

Flavor Version Tinstall Tcheck Ttotal Status Flags
r-devel-linux-x86_64-debian-gcc 1.0 0.67 10.17 10.83 NOTE
r-devel-linux-x86_64-fedora-clang 1.0 18.84 NOTE
r-devel-linux-x86_64-fedora-gcc 1.0 16.50 NOTE
r-devel-osx-x86_64-clang 1.0 21.13 NOTE
r-devel-windows-ix86+x86_64 1.0 2.00 27.00 29.00 NOTE
r-patched-linux-x86_64 1.0 0.70 11.09 11.79 NOTE
r-patched-solaris-sparc 1.0 112.80 NOTE
r-patched-solaris-x86 1.0 27.40 NOTE
r-release-linux-x86_64 1.0 0.63 10.24 10.87 NOTE
r-release-osx-x86_64-mavericks 1.0 NOTE
r-release-windows-ix86+x86_64 1.0 4.00 28.00 32.00 NOTE
r-oldrel-windows-ix86+x86_64 1.0 3.00 39.00 42.00 NOTE

Check Details

Version: 1.0
Check: DESCRIPTION meta-information
Result: NOTE
    Malformed Description field: should contain one or more complete sentences.
Flavors: r-devel-linux-x86_64-debian-gcc, r-devel-linux-x86_64-fedora-clang, r-devel-linux-x86_64-fedora-gcc, r-devel-osx-x86_64-clang, r-devel-windows-ix86+x86_64, r-patched-linux-x86_64, r-patched-solaris-sparc, r-patched-solaris-x86, r-release-linux-x86_64, r-release-osx-x86_64-mavericks, r-release-windows-ix86+x86_64, r-oldrel-windows-ix86+x86_64