CRAN Package Check Results for Package iki.dataclim

Last updated on 2018-09-18 19:49:29 CEST.

Flavor Version Tinstall Tcheck Ttotal Status Flags
r-devel-linux-x86_64-debian-clang 1.0 4.44 60.53 64.97 NOTE
r-devel-linux-x86_64-debian-gcc 1.0 3.37 48.21 51.58 NOTE
r-devel-linux-x86_64-fedora-clang 1.0 85.69 NOTE
r-devel-linux-x86_64-fedora-gcc 1.0 73.53 NOTE
r-devel-windows-ix86+x86_64 1.0 8.00 117.00 125.00 NOTE
r-patched-linux-x86_64 1.0 3.11 54.03 57.14 NOTE
r-patched-solaris-x86 1.0 109.60 NOTE
r-release-linux-x86_64 1.0 3.35 55.17 58.52 NOTE
r-release-windows-ix86+x86_64 1.0 10.00 79.00 89.00 NOTE
r-release-osx-x86_64 1.0 NOTE
r-oldrel-windows-ix86+x86_64 1.0 6.00 81.00 87.00 NOTE
r-oldrel-osx-x86_64 1.0 NOTE

Check Details

Version: 1.0
Check: R code for possible problems
Result: NOTE
    .myCoef: no visible global function definition for ‘coef’
    .qcDailyPrec: no visible global function definition for ‘sd’
    .qcDailyTemp : <anonymous>: no visible global function definition for
     ‘sd’
    BHRtest: no visible global function definition for ‘sd’
    SNHtest: no visible global function definition for ‘sd’
    createClimdex: no visible global function definition for ‘time’
    evalHomogeneity,dataclim: no visible global function definition for
     ‘time’
    evalHomogeneity,dataclim: no visible global function definition for
     ‘aggregate’
    initialize,dataclim: no visible global function definition for
     ‘aggregate’
    initialize,dataclim: no visible global function definition for ‘time’
    plotWalterLieth,matrix: no visible global function definition for ‘par’
    plotWalterLieth,matrix: no visible global function definition for
     ‘plot’
    plotWalterLieth,matrix: no visible global function definition for
     ‘axis’
    plotWalterLieth,matrix: no visible global function definition for
     ‘mtext’
    plotWalterLieth,matrix: no visible global function definition for
     ‘abline’
    plotWalterLieth,matrix: no visible global function definition for
     ‘polygon’
    plotWalterLieth,matrix: no visible global function definition for
     ‘approx’
    plotWalterLieth,matrix: no visible global function definition for
     ‘segments’
    plotWalterLieth,matrix: no visible global function definition for
     ‘rect’
    plotWalterLieth,matrix: no visible global function definition for
     ‘lines’
    summary,dataclim: no visible binding for global variable ‘sd’
    summary,dataclim: no visible binding for global variable ‘aggregate’
    summary,dataclim: no visible global function definition for ‘time’
    summary,dataclim : <anonymous>: no visible global function definition
     for ‘lm’
    Undefined global functions or variables:
     abline aggregate approx axis coef lines lm mtext par plot polygon
     rect sd segments time
    Consider adding
     importFrom("graphics", "abline", "axis", "lines", "mtext", "par",
     "plot", "polygon", "rect", "segments")
     importFrom("stats", "aggregate", "approx", "coef", "lm", "sd", "time")
    to your NAMESPACE file.
Flavors: r-devel-linux-x86_64-debian-clang, r-devel-linux-x86_64-debian-gcc, r-devel-linux-x86_64-fedora-clang, r-devel-linux-x86_64-fedora-gcc, r-devel-windows-ix86+x86_64, r-patched-linux-x86_64, r-patched-solaris-x86, r-release-linux-x86_64, r-release-windows-ix86+x86_64, r-release-osx-x86_64, r-oldrel-windows-ix86+x86_64, r-oldrel-osx-x86_64