CRAN Package Check Results for Package imageviewer

Last updated on 2024-03-01 13:54:25 CET.

Flavor Version Tinstall Tcheck Ttotal Status Flags
r-devel-linux-x86_64-debian-clang 0.1.0 3.03 28.33 31.36 NOTE
r-devel-linux-x86_64-debian-gcc 0.1.0 2.66 22.35 25.01 NOTE
r-devel-linux-x86_64-fedora-clang 0.1.0 38.73 NOTE
r-devel-linux-x86_64-fedora-gcc 0.1.0 37.14 NOTE
r-devel-windows-x86_64 0.1.0 6.00 42.00 48.00 NOTE
r-patched-linux-x86_64 0.1.0 2.18 27.93 30.11 NOTE
r-release-linux-x86_64 0.1.0 2.13 27.60 29.73 NOTE
r-release-macos-arm64 0.1.0 21.00 NOTE
r-release-macos-x86_64 0.1.0 24.00 NOTE
r-release-windows-x86_64 0.1.0 7.00 41.00 48.00 NOTE
r-oldrel-macos-arm64 0.1.0 16.00 NOTE
r-oldrel-windows-x86_64 0.1.0 6.00 49.00 55.00 NOTE

Check Details

Version: 0.1.0
Check: LazyData
Result: NOTE 'LazyData' is specified without a 'data' directory Flavors: r-devel-linux-x86_64-debian-clang, r-devel-linux-x86_64-debian-gcc, r-devel-linux-x86_64-fedora-clang, r-devel-linux-x86_64-fedora-gcc, r-devel-windows-x86_64, r-patched-linux-x86_64, r-release-linux-x86_64, r-release-macos-arm64, r-release-macos-x86_64, r-release-windows-x86_64, r-oldrel-macos-arm64, r-oldrel-windows-x86_64