CRAN Package Check Results for Package imbalance

Last updated on 2019-03-23 19:50:30 CET.

Flavor Version Tinstall Tcheck Ttotal Status Flags
r-devel-linux-x86_64-debian-clang 1.0.0 41.31 92.24 133.55 WARN
r-devel-linux-x86_64-debian-gcc 1.0.0 36.50 68.15 104.65 NOTE
r-devel-linux-x86_64-fedora-clang 1.0.0 180.31 NOTE
r-devel-linux-x86_64-fedora-gcc 1.0.0 167.00 NOTE
r-devel-windows-ix86+x86_64 1.0.0 121.00 213.00 334.00 OK
r-patched-linux-x86_64 1.0.0 45.26 87.80 133.06 OK
r-patched-solaris-x86 1.0.0 183.00 OK
r-release-linux-x86_64 1.0.0 0.47 2.47 2.94 ERROR
r-release-windows-ix86+x86_64 1.0.0 89.00 165.00 254.00 OK
r-release-osx-x86_64 1.0.0 OK
r-oldrel-windows-ix86+x86_64 1.0.0 104.00 225.00 329.00 OK
r-oldrel-osx-x86_64 1.0.0 OK

Check Details

Version: 1.0.0
Check: whether package can be installed
Result: WARN
    Found the following significant warnings:
     Warning: unable to re-encode 'mwmote.R' lines 40, 43
     Warning: unable to re-encode 'neater.R' line 31
     Warning: unable to re-encode 'pdfos.R' lines 22, 25
     Warning: unable to re-encode 'racog.R' lines 33, 121
     Warning: unable to re-encode 'rwo.R' line 26
Flavor: r-devel-linux-x86_64-debian-clang

Version: 1.0.0
Check: use of SHLIB_OPENMP_*FLAGS in Makefiles
Result: NOTE
     src/Makevars: SHLIB_OPENMP_CXXFLAGS is included in PKG_CXXFLAGS but not in PKG_LIBS
     src/Makevars: SHLIB_OPENMP_CFLAGS is included in PKG_LIBS but linking is by C++
     src/Makevars.win: SHLIB_OPENMP_CXXFLAGS is included in PKG_CXXFLAGS but not in PKG_LIBS
     src/Makevars.win: SHLIB_OPENMP_CFLAGS is included in PKG_LIBS but linking is by C++
    Use of these macros is discussed in sect 1.2.1.1 of 'Writing R
    Extensions'. The macros for different languages may differ so the
    matching macro must be used in PKG_CXXFLAGS (etc) and match that used
    in PKG_LIBS (except for Fortran: see the manual).
Flavors: r-devel-linux-x86_64-debian-clang, r-devel-linux-x86_64-debian-gcc, r-devel-linux-x86_64-fedora-clang, r-devel-linux-x86_64-fedora-gcc

Version: 1.0.0
Check: whether package can be installed
Result: ERROR
    Installation failed.
Flavor: r-release-linux-x86_64