CRAN Package Check Results for Package imbalance

Last updated on 2019-01-17 16:52:37 CET.

Flavor Version Tinstall Tcheck Ttotal Status Flags
r-devel-linux-x86_64-debian-clang 1.0.0 43.33 92.70 136.03 NOTE
r-devel-linux-x86_64-debian-gcc 1.0.0 40.74 74.29 115.03 NOTE
r-devel-linux-x86_64-fedora-clang 1.0.0 178.29 NOTE
r-devel-linux-x86_64-fedora-gcc 1.0.0 166.16 NOTE
r-devel-windows-ix86+x86_64 1.0.0 111.00 204.00 315.00 OK
r-patched-linux-x86_64 1.0.0 46.37 84.64 131.01 OK
r-patched-solaris-x86 1.0.0 179.10 OK
r-release-linux-x86_64 1.0.0 51.33 87.02 138.35 OK
r-release-windows-ix86+x86_64 1.0.0 104.00 201.00 305.00 OK
r-release-osx-x86_64 1.0.0 OK
r-oldrel-windows-ix86+x86_64 1.0.0 95.00 219.00 314.00 OK
r-oldrel-osx-x86_64 1.0.0 OK

Check Details

Version: 1.0.0
Check: use of SHLIB_OPENMP_*FLAGS in Makefiles
Result: NOTE
     src/Makevars: SHLIB_OPENMP_CXXFLAGS is included in PKG_CXXFLAGS but not in PKG_LIBS
     src/Makevars: SHLIB_OPENMP_CFLAGS is included in PKG_LIBS but linking is by C++
     src/Makevars.win: SHLIB_OPENMP_CXXFLAGS is included in PKG_CXXFLAGS but not in PKG_LIBS
     src/Makevars.win: SHLIB_OPENMP_CFLAGS is included in PKG_LIBS but linking is by C++
    Use of these macros is discussed in sect 1.2.1.1 of ‘Writing R
    Extensions’. The macros for different languages may differ so the
    matching macro must be used in PKG_CXXFLAGS (etc) and match that used
    in PKG_LIBS (except for Fortran: see the manual).
Flavors: r-devel-linux-x86_64-debian-clang, r-devel-linux-x86_64-debian-gcc, r-devel-linux-x86_64-fedora-clang, r-devel-linux-x86_64-fedora-gcc