CRAN Package Check Results for Package imbibe

Last updated on 2022-10-07 23:08:37 CEST.

Flavor Version Tinstall Tcheck Ttotal Status Flags
r-devel-linux-x86_64-debian-clang 0.1.0 34.44 34.32 68.76 WARN
r-devel-linux-x86_64-debian-gcc 0.1.0 29.83 26.73 56.56 WARN
r-devel-linux-x86_64-fedora-clang 0.1.0 100.93 WARN
r-devel-linux-x86_64-fedora-gcc 0.1.0 100.43 WARN
r-devel-windows-x86_64 0.1.0 41.00 86.00 127.00 OK
r-patched-linux-x86_64 0.1.0 27.61 24.71 52.32 OK
r-release-linux-x86_64 0.1.0 30.11 32.06 62.17 OK
r-release-macos-arm64 0.1.0 30.00 OK
r-release-macos-x86_64 0.1.0 40.00 OK
r-release-windows-x86_64 0.1.0 37.00 85.00 122.00 OK
r-oldrel-macos-arm64 0.1.0 36.00 OK
r-oldrel-macos-x86_64 0.1.0 60.00 OK
r-oldrel-windows-ix86+x86_64 0.1.0 79.00 99.00 178.00 OK

Check Details

Version: 0.1.0
Check: whether package can be installed
Result: WARN
    Found the following significant warnings:
     /home/hornik/tmp/R.check/r-devel-clang/Work/build/Packages/RNifti/include/RNifti.h:58:35: warning: a function declaration without a prototype is deprecated in all versions of C [-Wstrict-prototypes]
     ./RNifti_shim.h:19:30: warning: a function declaration without a prototype is deprecated in all versions of C [-Wstrict-prototypes]
     /home/hornik/tmp/R.check/r-devel-clang/Work/build/Packages/RNifti/include/RNiftiAPI.h:268:28: warning: a function declaration without a prototype is deprecated in all versions of C [-Wstrict-prototypes]
     /home/hornik/tmp/R.check/r-devel-clang/Work/build/Packages/RNifti/include/RNiftiAPI.h:669:29: warning: a function declaration without a prototype is deprecated in all versions of C [-Wstrict-prototypes]
     /home/hornik/tmp/R.check/r-devel-clang/Work/build/Packages/RNifti/include/RNiftiAPI.h:687:27: warning: a function declaration without a prototype is deprecated in all versions of C [-Wstrict-prototypes]
     /home/hornik/tmp/R.check/r-devel-clang/Work/build/Packages/RNifti/include/RNiftiAPI.h:706:23: warning: a function declaration without a prototype is deprecated in all versions of C [-Wstrict-prototypes]
     /home/hornik/tmp/R.check/r-devel-clang/Work/build/Packages/RNifti/include/RNiftiAPI.h:722:38: warning: a function declaration without a prototype is deprecated in all versions of C [-Wstrict-prototypes]
     /home/hornik/tmp/R.check/r-devel-clang/Work/build/Packages/RNifti/include/RNiftiAPI.h:739:30: warning: a function declaration without a prototype is deprecated in all versions of C [-Wstrict-prototypes]
     RNifti_shim.c:39:30: warning: a function declaration without a prototype is deprecated in all versions of C [-Wstrict-prototypes]
     ./print.h:15:18: warning: a function declaration without a prototype is deprecated in all versions of C [-Wstrict-prototypes]
     core.c:717:19: warning: a function declaration without a prototype is deprecated in all versions of C [-Wstrict-prototypes]
Flavor: r-devel-linux-x86_64-debian-clang

Version: 0.1.0
Check: whether package can be installed
Result: WARN
    Found the following significant warnings:
     /home/hornik/tmp/R.check/r-devel-gcc/Work/build/Packages/RNifti/include/RNifti.h:58:1: warning: function declaration isn’t a prototype [-Wstrict-prototypes]
     RNifti_shim.h:19:1: warning: function declaration isn’t a prototype [-Wstrict-prototypes]
     /home/hornik/tmp/R.check/r-devel-gcc/Work/build/Packages/RNifti/include/RNiftiAPI.h:268:6: warning: function declaration isn’t a prototype [-Wstrict-prototypes]
     RNifti_shim.c:39:15: warning: function declaration isn’t a prototype [-Wstrict-prototypes]
     print.h:15:1: warning: function declaration isn’t a prototype [-Wstrict-prototypes]
     core.c:717:9: warning: function declaration isn’t a prototype [-Wstrict-prototypes]
Flavor: r-devel-linux-x86_64-debian-gcc

Version: 0.1.0
Check: compilation flags used
Result: NOTE
    Compilation used the following non-portable flag(s):
     ‘-Wstrict-prototypes’
Flavor: r-devel-linux-x86_64-debian-gcc

Version: 0.1.0
Check: whether package can be installed
Result: WARN
    Found the following significant warnings:
     /data/gannet/ripley/R/test-clang/RNifti/include/RNifti.h:58:35: warning: a function declaration without a prototype is deprecated in all versions of C [-Wstrict-prototypes]
     ./RNifti_shim.h:19:30: warning: a function declaration without a prototype is deprecated in all versions of C [-Wstrict-prototypes]
     /data/gannet/ripley/R/test-clang/RNifti/include/RNiftiAPI.h:268:28: warning: a function declaration without a prototype is deprecated in all versions of C [-Wstrict-prototypes]
     /data/gannet/ripley/R/test-clang/RNifti/include/RNiftiAPI.h:669:29: warning: a function declaration without a prototype is deprecated in all versions of C [-Wstrict-prototypes]
     /data/gannet/ripley/R/test-clang/RNifti/include/RNiftiAPI.h:687:27: warning: a function declaration without a prototype is deprecated in all versions of C [-Wstrict-prototypes]
     /data/gannet/ripley/R/test-clang/RNifti/include/RNiftiAPI.h:706:23: warning: a function declaration without a prototype is deprecated in all versions of C [-Wstrict-prototypes]
     /data/gannet/ripley/R/test-clang/RNifti/include/RNiftiAPI.h:722:38: warning: a function declaration without a prototype is deprecated in all versions of C [-Wstrict-prototypes]
     /data/gannet/ripley/R/test-clang/RNifti/include/RNiftiAPI.h:739:30: warning: a function declaration without a prototype is deprecated in all versions of C [-Wstrict-prototypes]
     RNifti_shim.c:39:30: warning: a function declaration without a prototype is deprecated in all versions of C [-Wstrict-prototypes]
     ./print.h:15:18: warning: a function declaration without a prototype is deprecated in all versions of C [-Wstrict-prototypes]
     core.c:717:19: warning: a function declaration without a prototype is deprecated in all versions of C [-Wstrict-prototypes]
Flavor: r-devel-linux-x86_64-fedora-clang

Version: 0.1.0
Check: whether package can be installed
Result: WARN
    Found the following significant warnings:
     /data/gannet/ripley/R/test-dev/RNifti/include/RNifti.h:58:1: warning: function declaration isn’t a prototype [-Wstrict-prototypes]
     RNifti_shim.h:19:1: warning: function declaration isn’t a prototype [-Wstrict-prototypes]
     /data/gannet/ripley/R/test-dev/RNifti/include/RNiftiAPI.h:268:6: warning: function declaration isn’t a prototype [-Wstrict-prototypes]
     RNifti_shim.c:39:15: warning: function declaration isn’t a prototype [-Wstrict-prototypes]
     print.h:15:1: warning: function declaration isn’t a prototype [-Wstrict-prototypes]
     core.c:717:9: warning: function declaration isn’t a prototype [-Wstrict-prototypes]
Flavor: r-devel-linux-x86_64-fedora-gcc