CRAN Package Check Results for Package imguR

Last updated on 2024-07-18 12:50:52 CEST.

Flavor Version Tinstall Tcheck Ttotal Status Flags
r-devel-linux-x86_64-debian-clang 1.0.3 2.77 32.28 35.05 OK
r-devel-linux-x86_64-debian-gcc 1.0.3 2.26 24.48 26.74 OK
r-devel-linux-x86_64-fedora-clang 1.0.3 47.50 OK
r-devel-linux-x86_64-fedora-gcc 1.0.3 43.41 OK
r-devel-windows-x86_64 1.0.3 5.00 55.00 60.00 NOTE
r-patched-linux-x86_64 1.0.3 6.15 30.50 36.65 OK
r-release-linux-x86_64 1.0.3 3.48 31.08 34.56 OK
r-release-macos-arm64 1.0.3 19.00 OK
r-release-macos-x86_64 1.0.3 35.00 OK
r-release-windows-x86_64 1.0.3 4.00 54.00 58.00 OK
r-oldrel-macos-arm64 1.0.3 20.00 OK
r-oldrel-macos-x86_64 1.0.3 23.00 OK
r-oldrel-windows-x86_64 1.0.3 6.00 57.00 63.00 OK

Check Details

Version: 1.0.3
Check: Rd cross-references
Result: NOTE Found the following Rd file(s) with Rd \link{} targets missing package anchors: imgur_login.Rd: oauth2.0_token Please provide package anchors for all Rd \link{} targets not in the package itself and the base packages. Flavor: r-devel-windows-x86_64