CRAN Package Check Results for Package imguR

Last updated on 2015-05-23 11:51:23.

Flavor Version Tinstall Tcheck Ttotal Status Flags
r-devel-linux-x86_64-debian-clang 1.0.0 1.26 17.48 18.74 NOTE
r-devel-linux-x86_64-debian-gcc 1.0.0 1.22 17.62 18.84 NOTE
r-devel-linux-x86_64-fedora-clang 1.0.0 36.16 NOTE
r-devel-linux-x86_64-fedora-gcc 1.0.0 33.84 NOTE
r-devel-osx-x86_64-clang 1.0.0 36.58 NOTE
r-devel-windows-ix86+x86_64 1.0.0 5.00 28.00 33.00 NOTE
r-patched-linux-x86_64 1.0.0 1.20 17.19 18.40 NOTE
r-patched-solaris-sparc 1.0.0 229.90 NOTE
r-patched-solaris-x86 1.0.0 51.60 NOTE
r-release-linux-x86_64 1.0.0 1.26 17.53 18.80 NOTE
r-release-osx-x86_64-mavericks 1.0.0 NOTE
r-release-osx-x86_64-snowleopard 1.0.0 NOTE
r-release-windows-ix86+x86_64 1.0.0 6.00 27.00 33.00 NOTE
r-oldrel-windows-ix86+x86_64 1.0.0 7.00 40.00 47.00 OK

Check Details

Version: 1.0.0
Check: DESCRIPTION meta-information
Result: NOTE
    Malformed Description field: should contain one or more complete sentences.
Flavors: r-devel-linux-x86_64-debian-clang, r-devel-linux-x86_64-debian-gcc, r-devel-linux-x86_64-fedora-clang, r-devel-linux-x86_64-fedora-gcc, r-devel-osx-x86_64-clang, r-devel-windows-ix86+x86_64, r-patched-linux-x86_64, r-patched-solaris-sparc, r-patched-solaris-x86, r-release-linux-x86_64, r-release-osx-x86_64-mavericks, r-release-osx-x86_64-snowleopard, r-release-windows-ix86+x86_64

Version: 1.0.0
Check: S3 generic/method consistency
Result: NOTE
    Found the following apparent S3 methods exported but not registered:
     plot.imgur_gallery_image
    See section ‘Registering S3 methods’ in the ‘Writing R Extensions’
    manual.
Flavors: r-devel-linux-x86_64-debian-clang, r-devel-linux-x86_64-debian-gcc, r-devel-linux-x86_64-fedora-clang, r-devel-linux-x86_64-fedora-gcc, r-devel-osx-x86_64-clang, r-patched-linux-x86_64, r-patched-solaris-sparc, r-patched-solaris-x86, r-release-linux-x86_64