CRAN Package Check Results for Package imguR

Last updated on 2015-04-01 03:49:18.

Flavor Version Tinstall Tcheck Ttotal Status Flags
r-devel-linux-x86_64-debian-clang 1.0.0 1.85 18.04 19.88 NOTE
r-devel-linux-x86_64-debian-gcc 1.0.0 1.30 16.40 17.70 NOTE
r-devel-linux-x86_64-fedora-clang 1.0.0 35.87 NOTE
r-devel-linux-x86_64-fedora-gcc 1.0.0 36.55 NOTE
r-devel-osx-x86_64-clang 1.0.0 40.23 NOTE
r-prerel-windows-ix86+x86_64 1.0.0 5.00 27.00 32.00 NOTE
r-prerel-linux-x86_64 1.0.0 1.22 17.33 18.54 NOTE
r-prerel-solaris-sparc 1.0.0 233.40 NOTE
r-prerel-solaris-x86 1.0.0 47.20 NOTE
r-release-linux-x86_64 1.0.0 1.52 21.56 23.08 OK
r-release-osx-x86_64-mavericks 1.0.0 OK
r-release-osx-x86_64-snowleopard 1.0.0 OK
r-release-windows-ix86+x86_64 1.0.0 7.00 38.00 45.00 OK
r-oldrel-windows-ix86+x86_64 1.0.0 7.00 39.00 46.00 OK

Check Details

Version: 1.0.0
Check: DESCRIPTION meta-information
Result: NOTE
    Malformed Description field: should contain one or more complete sentences.
Flavors: r-devel-linux-x86_64-debian-clang, r-devel-linux-x86_64-debian-gcc, r-devel-linux-x86_64-fedora-clang, r-devel-linux-x86_64-fedora-gcc, r-devel-osx-x86_64-clang, r-prerel-windows-ix86+x86_64, r-prerel-linux-x86_64, r-prerel-solaris-sparc, r-prerel-solaris-x86

Version: 1.0.0
Check: S3 generic/method consistency
Result: NOTE
    Found the following apparent S3 methods exported but not registered:
     plot.imgur_gallery_image
    See section ‘Registering S3 methods’ in the ‘Writing R Extensions’
    manual.
Flavors: r-devel-linux-x86_64-debian-clang, r-devel-linux-x86_64-debian-gcc, r-devel-linux-x86_64-fedora-clang, r-devel-linux-x86_64-fedora-gcc, r-devel-osx-x86_64-clang, r-prerel-linux-x86_64