CRAN Package Check Results for Package imguR

Last updated on 2015-07-30 13:47:29.

Flavor Version Tinstall Tcheck Ttotal Status Flags
r-devel-linux-x86_64-debian-clang 1.0.0 1.48 17.56 19.04 NOTE
r-devel-linux-x86_64-debian-gcc 1.0.0 1.23 17.44 18.66 NOTE
r-devel-linux-x86_64-fedora-clang 1.0.0 37.03 NOTE
r-devel-linux-x86_64-fedora-gcc 1.0.0 33.84 NOTE
r-devel-osx-x86_64-clang 1.0.0 31.42 NOTE
r-devel-windows-ix86+x86_64 1.0.0 10.00 32.00 42.00 NOTE
r-patched-linux-x86_64 1.0.0 1.26 17.60 18.86 NOTE
r-patched-solaris-sparc 1.0.0 229.50 NOTE
r-patched-solaris-x86 1.0.0 53.00 NOTE
r-release-linux-x86_64 1.0.0 1.24 17.17 18.41 NOTE
r-release-osx-x86_64-mavericks 1.0.0 NOTE
r-release-windows-ix86+x86_64 1.0.0 8.00 30.00 38.00 NOTE
r-oldrel-windows-ix86+x86_64 1.0.0 12.00 62.00 74.00 OK

Check Details

Version: 1.0.0
Check: DESCRIPTION meta-information
Result: NOTE
    Malformed Description field: should contain one or more complete sentences.
Flavors: r-devel-linux-x86_64-debian-clang, r-devel-linux-x86_64-debian-gcc, r-devel-linux-x86_64-fedora-clang, r-devel-linux-x86_64-fedora-gcc, r-devel-osx-x86_64-clang, r-devel-windows-ix86+x86_64, r-patched-linux-x86_64, r-patched-solaris-sparc, r-patched-solaris-x86, r-release-linux-x86_64, r-release-osx-x86_64-mavericks, r-release-windows-ix86+x86_64

Version: 1.0.0
Check: S3 generic/method consistency
Result: NOTE
    Found the following apparent S3 methods exported but not registered:
     plot.imgur_gallery_image
    See section ‘Registering S3 methods’ in the ‘Writing R Extensions’
    manual.
Flavors: r-devel-linux-x86_64-debian-clang, r-devel-linux-x86_64-debian-gcc, r-devel-linux-x86_64-fedora-clang, r-devel-linux-x86_64-fedora-gcc, r-devel-osx-x86_64-clang, r-patched-linux-x86_64, r-patched-solaris-sparc, r-patched-solaris-x86, r-release-linux-x86_64

Version: 1.0.0
Check: R code for possible problems
Result: NOTE
    add_gallery_images: no visible binding for global variable ‘image’
    imguR: no visible binding for global variable ‘png’
    imguR: no visible global function definition for ‘dev.cur’
    imgur: no visible binding for global variable ‘png’
    imgur: no visible global function definition for ‘dev.cur’
    imgur_off: no visible global function definition for ‘dev.list’
    imgur_off: no visible global function definition for ‘dev.off’
    plot.imgur_gallery_image: no visible global function definition for
     ‘plot’
    plot.imgur_gallery_image: no visible global function definition for
     ‘rasterImage’
    plot.imgur_image: no visible global function definition for ‘plot’
    plot.imgur_image: no visible global function definition for
     ‘rasterImage’
    Undefined global functions or variables:
     dev.cur dev.list dev.off image plot png rasterImage
    Consider adding
     importFrom("grDevices", "dev.cur", "dev.list", "dev.off", "png")
     importFrom("graphics", "image", "plot", "rasterImage")
    to your NAMESPACE.
Flavors: r-devel-linux-x86_64-debian-clang, r-devel-linux-x86_64-debian-gcc, r-devel-linux-x86_64-fedora-clang, r-devel-linux-x86_64-fedora-gcc, r-devel-windows-ix86+x86_64