CRAN Package Check Results for Package imguR

Last updated on 2015-03-05 08:49:12.

Flavor Version Tinstall Tcheck Ttotal Status Flags
r-devel-linux-x86_64-debian-clang 1.0.0 1.27 17.26 18.52 NOTE
r-devel-linux-x86_64-debian-gcc 1.0.0 1.21 16.62 17.83 NOTE
r-devel-linux-x86_64-fedora-clang 1.0.0 35.61 NOTE
r-devel-linux-x86_64-fedora-gcc 1.0.0 34.09 NOTE
r-devel-osx-x86_64-clang 1.0.0 36.96 NOTE
r-devel-windows-ix86+x86_64 1.0.0 6.00 29.00 35.00 NOTE
r-patched-linux-x86_64 1.0.0 1.55 21.28 22.83 OK
r-patched-solaris-sparc 1.0.0 277.40 OK
r-patched-solaris-x86 1.0.0 60.30 OK
r-release-linux-ix86 1.0.0 2.31 27.44 29.76 OK
r-release-linux-x86_64 1.0.0 1.60 21.46 23.06 OK
r-release-osx-x86_64-mavericks 1.0.0 OK
r-release-osx-x86_64-snowleopard 1.0.0 OK
r-release-windows-ix86+x86_64 1.0.0 6.00 36.00 42.00 OK
r-oldrel-windows-ix86+x86_64 1.0.0 6.00 33.00 39.00 OK

Check Details

Version: 1.0.0
Check: DESCRIPTION meta-information
Result: NOTE
    Malformed Description field: should contain one or more complete sentences.
Flavors: r-devel-linux-x86_64-debian-clang, r-devel-linux-x86_64-debian-gcc, r-devel-linux-x86_64-fedora-clang, r-devel-linux-x86_64-fedora-gcc, r-devel-osx-x86_64-clang, r-devel-windows-ix86+x86_64

Version: 1.0.0
Check: S3 generic/method consistency
Result: NOTE
    Found the following apparent S3 methods exported but not registered:
     plot.imgur_gallery_image
    See section ‘Registering S3 methods’ in the ‘Writing R Extensions’
    manual.
Flavors: r-devel-linux-x86_64-debian-clang, r-devel-linux-x86_64-debian-gcc, r-devel-linux-x86_64-fedora-clang, r-devel-linux-x86_64-fedora-gcc, r-devel-osx-x86_64-clang