CRAN Package Check Results for Package imguR

Last updated on 2015-01-31 11:51:47.

Flavor Version Tinstall Tcheck Ttotal Status Flags
r-devel-linux-x86_64-debian-clang 1.0.0 1.26 17.07 18.33 NOTE
r-devel-linux-x86_64-debian-gcc 1.0.0 1.24 16.25 17.48 NOTE
r-devel-linux-x86_64-fedora-clang 1.0.0 40.75 NOTE
r-devel-linux-x86_64-fedora-gcc 1.0.0 38.69 NOTE
r-devel-osx-x86_64-clang 1.0.0 43.10 NOTE
r-devel-windows-ix86+x86_64 1.0.0 8.00 29.00 37.00 OK
r-patched-linux-x86_64 1.0.0 1.60 20.84 22.44 OK
r-patched-solaris-sparc 1.0.0 248.40 OK
r-patched-solaris-x86 1.0.0 60.00 OK
r-release-linux-ix86 1.0.0 1.94 27.72 29.66 OK
r-release-linux-x86_64 1.0.0 2.38 21.39 23.77 OK
r-release-osx-x86_64-mavericks 1.0.0 OK
r-release-osx-x86_64-snowleopard 1.0.0 OK
r-release-windows-ix86+x86_64 1.0.0 6.00 35.00 41.00 OK
r-oldrel-windows-ix86+x86_64 1.0.0 6.00 58.00 64.00 OK

Check Details

Version: 1.0.0
Check: S3 generic/method consistency
Result: NOTE
    Found the following apparent S3 methods exported but not registered:
     plot.imgur_gallery_image
    See section ‘Registering S3 methods’ in the ‘Writing R Extensions’
    manual.
Flavors: r-devel-linux-x86_64-debian-clang, r-devel-linux-x86_64-debian-gcc, r-devel-linux-x86_64-fedora-clang, r-devel-linux-x86_64-fedora-gcc, r-devel-osx-x86_64-clang