CRAN Package Check Results for Package imguR

Last updated on 2015-06-30 18:47:18.

Flavor Version Tinstall Tcheck Ttotal Status Flags
r-devel-linux-x86_64-debian-clang 1.0.0 1.38 17.71 19.09 NOTE
r-devel-linux-x86_64-debian-gcc 1.0.0 1.24 17.40 18.65 NOTE
r-devel-linux-x86_64-fedora-clang 1.0.0 36.14 NOTE
r-devel-linux-x86_64-fedora-gcc 1.0.0 33.37 NOTE
r-devel-osx-x86_64-clang 1.0.0 34.95 NOTE
r-devel-windows-ix86+x86_64 1.0.0 5.00 30.00 35.00 NOTE
r-patched-linux-x86_64 1.0.0 1.26 17.56 18.82 NOTE
r-patched-solaris-sparc 1.0.0 229.90 NOTE
r-patched-solaris-x86 1.0.0 53.70 NOTE
r-release-linux-x86_64 1.0.0 1.25 17.80 19.05 NOTE
r-release-osx-x86_64-mavericks 1.0.0 NOTE
r-release-windows-ix86+x86_64 1.0.0 6.00 32.00 38.00 NOTE
r-oldrel-windows-ix86+x86_64 1.0.0 7.00 61.00 68.00 OK

Check Details

Version: 1.0.0
Check: DESCRIPTION meta-information
Result: NOTE
    Malformed Description field: should contain one or more complete sentences.
Flavors: r-devel-linux-x86_64-debian-clang, r-devel-linux-x86_64-debian-gcc, r-devel-linux-x86_64-fedora-clang, r-devel-linux-x86_64-fedora-gcc, r-devel-osx-x86_64-clang, r-devel-windows-ix86+x86_64, r-patched-linux-x86_64, r-patched-solaris-sparc, r-patched-solaris-x86, r-release-linux-x86_64, r-release-osx-x86_64-mavericks, r-release-windows-ix86+x86_64

Version: 1.0.0
Check: S3 generic/method consistency
Result: NOTE
    Found the following apparent S3 methods exported but not registered:
     plot.imgur_gallery_image
    See section ‘Registering S3 methods’ in the ‘Writing R Extensions’
    manual.
Flavors: r-devel-linux-x86_64-debian-clang, r-devel-linux-x86_64-debian-gcc, r-devel-linux-x86_64-fedora-clang, r-devel-linux-x86_64-fedora-gcc, r-devel-osx-x86_64-clang, r-patched-linux-x86_64, r-patched-solaris-sparc, r-patched-solaris-x86, r-release-linux-x86_64

Version: 1.0.0
Check: R code for possible problems
Result: NOTE
    add_gallery_images: no visible binding for global variable ‘image’
    imguR: no visible binding for global variable ‘png’
    imguR: no visible global function definition for ‘dev.cur’
    imgur: no visible binding for global variable ‘png’
    imgur: no visible global function definition for ‘dev.cur’
    imgur_off: no visible global function definition for ‘dev.list’
    imgur_off: no visible global function definition for ‘dev.off’
    plot.imgur_gallery_image: no visible global function definition for
     ‘plot’
    plot.imgur_gallery_image: no visible global function definition for
     ‘rasterImage’
    plot.imgur_image: no visible global function definition for ‘plot’
    plot.imgur_image: no visible global function definition for
     ‘rasterImage’
Flavors: r-devel-linux-x86_64-debian-clang, r-devel-linux-x86_64-debian-gcc, r-devel-linux-x86_64-fedora-clang, r-devel-windows-ix86+x86_64