CRAN Package Check Results for Package imguR

Last updated on 2014-07-26 16:48:38.

Flavor Version Tinstall Tcheck Ttotal Status Flags
r-devel-linux-x86_64-debian-clang 1.0.0 1.61 20.37 21.98 OK
r-devel-linux-x86_64-debian-gcc 1.0.0 1.59 19.52 21.12 OK
r-devel-linux-x86_64-fedora-clang 1.0.0 43.96 OK
r-devel-linux-x86_64-fedora-gcc 1.0.0 40.11 OK
r-devel-osx-x86_64-clang 1.0.0 40.08 OK
r-devel-windows-ix86+x86_64 1.0.0 4.00 30.00 34.00 OK
r-patched-linux-x86_64 1.0.0 1.56 19.66 21.22 OK
r-patched-solaris-sparc 1.0.0 230.70 OK
r-patched-solaris-x86 1.0.0 51.00 OK
r-release-linux-ix86 0.1.5 0.36 1.77 2.13 ERROR
r-release-linux-x86_64 1.0.0 1.59 20.53 22.12 OK
r-release-osx-x86_64-mavericks 0.1.5 NOTE
r-release-osx-x86_64-snowleopard 1.0.0 OK
r-release-windows-ix86+x86_64 1.0.0 5.00 32.00 37.00 OK
r-oldrel-windows-ix86+x86_64 1.0.0 6.00 30.00 36.00 OK

Check Details

Version: 0.1.5
Check: whether package can be installed
Result: ERROR
    Installation failed.
    See ‘/home/hornik/tmp/R.check/r-release-gcc/Work/PKGS/imguR.Rcheck/00install.out’ for details.
Flavor: r-release-linux-ix86

Version: 0.1.5
Check: dependencies in R code
Result: NOTE
    'library' or 'require' calls to packages already attached by Depends:
     ‘RCurl’ ‘XML’ ‘httr’
     Please remove these calls from your code.
    See the information on DESCRIPTION files in the chapter ‘Creating R
    packages’ of the ‘Writing R Extensions’ manual.
Flavor: r-release-osx-x86_64-mavericks