CRAN Package Check Results for Package immcp

Last updated on 2020-09-30 20:46:45 CEST.

Flavor Version Tinstall Tcheck Ttotal Status Flags
r-devel-linux-x86_64-debian-clang 0.9.1 40.91 371.00 411.91 OK
r-devel-linux-x86_64-debian-gcc 0.9.1 32.76 286.33 319.09 OK
r-devel-linux-x86_64-fedora-clang 0.9.1 542.08 NOTE
r-devel-linux-x86_64-fedora-gcc 0.9.1 495.82 NOTE
r-devel-windows-ix86+x86_64 0.9.1 92.00 406.00 498.00 OK
r-patched-linux-x86_64 0.9.1 35.68 346.75 382.43 OK
r-patched-solaris-x86 0.9.1 722.30 NOTE
r-release-linux-x86_64 0.9.1 37.73 348.40 386.13 OK
r-release-macos-x86_64 0.9.1 ERROR
r-release-windows-ix86+x86_64 0.9.1 99.00 426.00 525.00 OK
r-oldrel-macos-x86_64 0.9.1 ERROR
r-oldrel-windows-ix86+x86_64 0.9.1 71.00 288.00 359.00 OK

Check Details

Version: 0.9.1
Check: dependencies in R code
Result: NOTE
    Namespaces in Imports field not imported from:
     ‘methods’ ‘reshape2’
     All declared Imports should be used.
Flavors: r-devel-linux-x86_64-fedora-clang, r-devel-linux-x86_64-fedora-gcc, r-patched-solaris-x86

Version: 0.9.1
Check: package dependencies
Result: ERROR
    Package required but not available: ‘clusterProfiler’
    
    See section ‘The DESCRIPTION file’ in the ‘Writing R Extensions’
    manual.
Flavors: r-release-macos-x86_64, r-oldrel-macos-x86_64