CRAN Package Check Results for Package immer

Last updated on 2022-10-04 21:53:42 CEST.

Flavor Version Tinstall Tcheck Ttotal Status Flags
r-devel-linux-x86_64-debian-clang 1.4-15 99.79 85.69 185.48 OK
r-devel-linux-x86_64-debian-gcc 1.4-15 86.27 62.41 148.68 OK
r-devel-linux-x86_64-fedora-clang 1.4-15 281.21 OK
r-devel-linux-x86_64-fedora-gcc 1.4-15 251.70 OK
r-devel-windows-x86_64 1.4-15 104.00 136.00 240.00 OK
r-patched-linux-x86_64 1.4-15 89.51 69.66 159.17 OK
r-release-linux-x86_64 1.4-15 88.87 79.02 167.89 OK
r-release-macos-arm64 1.4-15 70.00 NOTE
r-release-macos-x86_64 1.4-15 85.00 NOTE
r-release-windows-x86_64 1.4-15 106.00 130.00 236.00 OK
r-oldrel-macos-arm64 1.4-15 67.00 NOTE
r-oldrel-macos-x86_64 1.4-15 91.00 NOTE
r-oldrel-windows-ix86+x86_64 1.4-15 250.00 138.00 388.00 OK

Check Details

Version: 1.4-15
Check: installed package size
Result: NOTE
     installed size is 5.0Mb
     sub-directories of 1Mb or more:
     libs 4.2Mb
Flavors: r-release-macos-arm64, r-release-macos-x86_64, r-oldrel-macos-arm64, r-oldrel-macos-x86_64