CRAN Package Check Results for Package impactr

Last updated on 2021-12-06 09:53:30 CET.

Flavor Version Tinstall Tcheck Ttotal Status Flags
r-devel-linux-x86_64-debian-clang 0.3.0 32.05 58.83 90.88 OK
r-devel-linux-x86_64-debian-gcc 0.3.0 23.08 44.94 68.02 OK
r-devel-linux-x86_64-fedora-clang 0.3.0 125.89 OK
r-devel-linux-x86_64-fedora-gcc 0.3.0 102.44 OK
r-devel-windows-x86_64-new-UL 0.3.0 48.00 127.00 175.00 OK
r-devel-windows-x86_64-new-TK 0.3.0 OK
r-devel-windows-x86_64-old 0.3.0 45.00 60.00 105.00 OK
r-patched-linux-x86_64 0.3.0 27.54 47.97 75.51 OK
r-release-linux-x86_64 0.3.0 23.21 55.36 78.57 OK
r-release-macos-arm64 0.3.0 OK
r-release-macos-x86_64 0.3.0 OK
r-release-windows-ix86+x86_64 0.3.0 85.00 110.00 195.00 OK
r-oldrel-macos-x86_64 0.3.0 ERROR
r-oldrel-windows-ix86+x86_64 0.3.0 82.00 109.00 191.00 ERROR

Check Details

Version: 0.3.0
Check: tests
Result: ERROR
     Running ‘testthat.R’ [2s/2s]
    Running the tests in ‘tests/testthat.R’ failed.
    Complete output:
     > library(testthat)
     > library(impactr)
     >
     > test_check("impactr")
     Error in parse(con, n = -1, srcfile = srcfile, encoding = "UTF-8") :
     test-signal_processing.R:25:11: unexpected '>'
     24: expect_error(
     25: data |>
     ^
     Calls: test_check ... doTryCatch -> lapply -> FUN -> source_file -> parse
     Execution halted
Flavor: r-oldrel-macos-x86_64

Version: 0.3.0
Check: for unstated dependencies in ‘tests’
Result: WARN
    Warning: parse error in file 'testthat/test-signal_processing.R':
    25:11: unexpected '>'
    24: expect_error(
    25: data |>
     ^
    Warning: parse error in file 'testthat/test-utils.R':
    22:11: unexpected '>'
    21: expect_error(
    22: data |>
     ^
Flavor: r-oldrel-windows-ix86+x86_64

Version: 0.3.0
Check: running tests for arch ‘i386’
Result: ERROR
     Running 'testthat.R' [6s]
    Running the tests in 'tests/testthat.R' failed.
    Complete output:
     > library(testthat)
     > library(impactr)
     >
     > test_check("impactr")
     Error in parse(con, n = -1, srcfile = srcfile, encoding = "UTF-8") :
     test-signal_processing.R:25:11: unexpected '>'
     24: expect_error(
     25: data |>
     ^
     Calls: test_check ... doTryCatch -> lapply -> FUN -> source_file -> parse
     Execution halted
Flavor: r-oldrel-windows-ix86+x86_64

Version: 0.3.0
Check: running tests for arch ‘x64’
Result: ERROR
     Running 'testthat.R' [5s]
    Running the tests in 'tests/testthat.R' failed.
    Complete output:
     > library(testthat)
     > library(impactr)
     >
     > test_check("impactr")
     Error in parse(con, n = -1, srcfile = srcfile, encoding = "UTF-8") :
     test-signal_processing.R:25:11: unexpected '>'
     24: expect_error(
     25: data |>
     ^
     Calls: test_check ... doTryCatch -> lapply -> FUN -> source_file -> parse
     Execution halted
Flavor: r-oldrel-windows-ix86+x86_64