CRAN Package Check Results for Package importinegi

Last updated on 2020-07-13 11:48:14 CEST.

Flavor Version Tinstall Tcheck Ttotal Status Flags
r-devel-linux-x86_64-debian-clang 1.1.2 3.23 27.87 31.10 OK
r-devel-linux-x86_64-debian-gcc 1.1.2 2.42 21.62 24.04 OK
r-devel-linux-x86_64-fedora-clang 1.1.2 46.41 NOTE
r-devel-linux-x86_64-fedora-gcc 1.1.2 39.21 NOTE
r-devel-windows-ix86+x86_64 1.1.2 7.00 52.00 59.00 OK
r-patched-linux-x86_64 1.1.2 3.72 27.13 30.85 OK
r-patched-solaris-x86 1.1.2 56.40 NOTE
r-release-linux-x86_64 1.1.2 3.44 27.21 30.65 OK
r-release-macos-x86_64 1.1.2 ERROR
r-release-windows-ix86+x86_64 1.1.2 14.00 39.00 53.00 OK
r-oldrel-macos-x86_64 1.1.2 NOTE
r-oldrel-windows-ix86+x86_64 1.1.2 9.00 40.00 49.00 OK

Check Details

Version: 1.1.2
Check: dependencies in R code
Result: NOTE
    Namespaces in Imports field not imported from:
     ‘data.table’ ‘dplyr’ ‘haven’
     All declared Imports should be used.
Flavors: r-devel-linux-x86_64-fedora-clang, r-devel-linux-x86_64-fedora-gcc, r-patched-solaris-x86, r-oldrel-macos-x86_64

Version: 1.1.2
Check: whether package can be installed
Result: ERROR
    Installation failed.
Flavor: r-release-macos-x86_64