CRAN Package Check Results for Package importinegi

Last updated on 2020-01-26 01:47:10 CET.

Flavor Version Tinstall Tcheck Ttotal Status Flags
r-devel-linux-x86_64-debian-clang 1.0.0 2.97 28.59 31.56 OK
r-devel-linux-x86_64-debian-gcc 1.0.0 3.05 23.34 26.39 OK
r-devel-linux-x86_64-fedora-clang 1.0.0 40.46 NOTE
r-devel-linux-x86_64-fedora-gcc 1.0.0 39.29 NOTE
r-devel-windows-ix86+x86_64 1.0.0 8.00 56.00 64.00 OK
r-devel-windows-ix86+x86_64-gcc8 1.0.0 13.00 43.00 56.00 OK
r-patched-linux-x86_64 1.0.0 2.33 26.71 29.04 OK
r-patched-solaris-x86 1.0.0 54.00 NOTE
r-release-linux-x86_64 1.0.0 3.70 27.22 30.92 OK
r-release-windows-ix86+x86_64 1.0.0 7.00 43.00 50.00 OK
r-release-osx-x86_64 1.0.0 NOTE
r-oldrel-windows-ix86+x86_64 1.0.0 5.00 40.00 45.00 OK
r-oldrel-osx-x86_64 1.0.0 NOTE

Check Details

Version: 1.0.0
Check: dependencies in R code
Result: NOTE
    Namespace in Imports field not imported from: ‘haven’
     All declared Imports should be used.
Flavors: r-devel-linux-x86_64-fedora-clang, r-devel-linux-x86_64-fedora-gcc, r-patched-solaris-x86, r-release-osx-x86_64, r-oldrel-osx-x86_64