CRAN Package Check Results for Package imputeLCMD

Last updated on 2019-04-23 02:47:13 CEST.

Flavor Version Tinstall Tcheck Ttotal Status Flags
r-devel-linux-x86_64-debian-clang 2.0 9.40 75.97 85.37 NOTE
r-devel-linux-x86_64-debian-gcc 2.0 7.02 60.49 67.51 NOTE
r-devel-linux-x86_64-fedora-clang 2.0 98.80 NOTE
r-devel-linux-x86_64-fedora-gcc 2.0 102.42 NOTE
r-devel-windows-ix86+x86_64 2.0 27.00 92.00 119.00 NOTE
r-patched-linux-x86_64 2.0 8.71 74.30 83.01 NOTE
r-patched-solaris-x86 2.0 161.80 NOTE
r-release-linux-x86_64 2.0 6.05 71.01 77.06 NOTE
r-release-windows-ix86+x86_64 2.0 9.00 124.00 133.00 NOTE
r-release-osx-x86_64 2.0 NOTE
r-oldrel-windows-ix86+x86_64 2.0 9.00 117.00 126.00 NOTE
r-oldrel-osx-x86_64 2.0 NOTE

Check Details

Version: 2.0
Check: R code for possible problems
Result: NOTE
    generate.ExpressionData: no visible global function definition for
     'rnorm'
    impute.MinDet: no visible binding for global variable 'quantile'
    impute.MinProb: no visible binding for global variable 'quantile'
    impute.MinProb: no visible binding for global variable 'sd'
    impute.MinProb: no visible global function definition for 'median'
    impute.MinProb: no visible global function definition for 'rnorm'
    impute.QRILC: no visible global function definition for 'qnorm'
    impute.QRILC: no visible global function definition for 'quantile'
    impute.QRILC: no visible global function definition for 'lm'
    insertMVs: no visible global function definition for 'rnorm'
    model.Selector: no visible global function definition for 'qnorm'
    model.Selector: no visible global function definition for 'quantile'
    model.Selector: no visible global function definition for 'lm'
    model.Selector: no visible global function definition for 'ecdf'
    model.Selector: no visible global function definition for 'pnorm'
    pep2prot: no visible binding for global variable 'median'
    Undefined global functions or variables:
     ecdf lm median pnorm qnorm quantile rnorm sd
    Consider adding
     importFrom("stats", "ecdf", "lm", "median", "pnorm", "qnorm",
     "quantile", "rnorm", "sd")
    to your NAMESPACE file.
Flavors: r-devel-linux-x86_64-debian-clang, r-devel-linux-x86_64-debian-gcc, r-devel-linux-x86_64-fedora-clang, r-devel-linux-x86_64-fedora-gcc, r-devel-windows-ix86+x86_64, r-patched-linux-x86_64, r-patched-solaris-x86, r-release-linux-x86_64, r-release-windows-ix86+x86_64, r-release-osx-x86_64, r-oldrel-windows-ix86+x86_64, r-oldrel-osx-x86_64