CRAN Package Check Results for Package imputeLCMD

Last updated on 2019-07-16 07:50:49 CEST.

Flavor Version Tinstall Tcheck Ttotal Status Flags
r-devel-linux-x86_64-debian-clang 2.0 8.43 75.78 84.21 NOTE
r-devel-linux-x86_64-debian-gcc 2.0 7.84 61.61 69.45 NOTE
r-devel-linux-x86_64-fedora-clang 2.0 102.62 NOTE
r-devel-linux-x86_64-fedora-gcc 2.0 116.75 NOTE
r-devel-windows-ix86+x86_64 2.0 26.00 86.00 112.00 NOTE
r-patched-linux-x86_64 2.0 7.68 74.21 81.89 NOTE
r-patched-solaris-x86 2.0 163.50 NOTE
r-release-linux-x86_64 2.0 9.08 74.20 83.28 NOTE
r-release-windows-ix86+x86_64 2.0 18.00 119.00 137.00 NOTE
r-release-osx-x86_64 2.0 ERROR
r-oldrel-windows-ix86+x86_64 2.0 15.00 88.00 103.00 NOTE
r-oldrel-osx-x86_64 2.0 NOTE

Check Details

Version: 2.0
Check: R code for possible problems
Result: NOTE
    generate.ExpressionData: no visible global function definition for
     'rnorm'
    impute.MinDet: no visible binding for global variable 'quantile'
    impute.MinProb: no visible binding for global variable 'quantile'
    impute.MinProb: no visible binding for global variable 'sd'
    impute.MinProb: no visible global function definition for 'median'
    impute.MinProb: no visible global function definition for 'rnorm'
    impute.QRILC: no visible global function definition for 'qnorm'
    impute.QRILC: no visible global function definition for 'quantile'
    impute.QRILC: no visible global function definition for 'lm'
    insertMVs: no visible global function definition for 'rnorm'
    model.Selector: no visible global function definition for 'qnorm'
    model.Selector: no visible global function definition for 'quantile'
    model.Selector: no visible global function definition for 'lm'
    model.Selector: no visible global function definition for 'ecdf'
    model.Selector: no visible global function definition for 'pnorm'
    pep2prot: no visible binding for global variable 'median'
    Undefined global functions or variables:
     ecdf lm median pnorm qnorm quantile rnorm sd
    Consider adding
     importFrom("stats", "ecdf", "lm", "median", "pnorm", "qnorm",
     "quantile", "rnorm", "sd")
    to your NAMESPACE file.
Flavors: r-devel-linux-x86_64-debian-clang, r-devel-linux-x86_64-debian-gcc, r-devel-linux-x86_64-fedora-clang, r-devel-linux-x86_64-fedora-gcc, r-devel-windows-ix86+x86_64, r-patched-linux-x86_64, r-patched-solaris-x86, r-release-linux-x86_64, r-release-windows-ix86+x86_64, r-oldrel-windows-ix86+x86_64, r-oldrel-osx-x86_64

Version: 2.0
Check: package dependencies
Result: ERROR
    Packages required but not available: 'pcaMethods', 'impute'
    
    See section ‘The DESCRIPTION file’ in the ‘Writing R Extensions’
    manual.
Flavor: r-release-osx-x86_64